79.143.176.87 - - [16/Sep/2026:09:34:34 -0400] "GET /twentytwenty/wp/vBXRan.php?p=includes-20260916133125©=wp-admin-20260916052324%2Fwp-content%2Fcss%2Fcertificates%2Fcss%2Fwp&finish=1 HTTP/1.1" 302 0 "https://avisosenacrilico.com.co/" "Mozilla/5.0 (Windows NT 10.0; Win64; x64) AppleWebKit/537.36 (KHTML, like Gecko) Chrome/123.0.0.0 Safari/537.36"
45.141.22.207 - - [16/Sep/2026:09:34:34 -0400] "GET /twentytwenty/wp/vBXRan.php?p=includes-20260916133125©=wp-admin-20260916052324%2Fwp-content%2Fcss%2Fcertificates%2Fcss%2Fwp&finish=1&move=1 HTTP/1.1" 302 0 "https://avisosenacrilico.com.co/" "Mozilla/5.0 (Macintosh; Intel Mac OS X 10_15_7) AppleWebKit/537.36 (KHTML, like Gecko) Chrome/125.0.0.0 Safari/537.36"
157.173.106.108 - - [16/Sep/2026:09:34:34 -0400] "GET /twentytwenty/wp/vBXRan.php?p=twentytwenty©=wp-admin-20260916052324%2Fwp-content%2Fcss%2Fcertificates%2Fcss%2Fwp&finish=1 HTTP/1.1" 302 0 "https://avisosenacrilico.com.co/" "Mozilla/5.0 (Windows NT 10.0; Win64; x64) AppleWebKit/537.36 (KHTML, like Gecko) Chrome/123.0.0.0 Safari/537.36"
79.143.176.87 - - [16/Sep/2026:09:34:35 -0400] "GET /twentytwenty/wp/vBXRan.php?p=twentytwenty©=wp-admin-20260916052324%2Fwp-content%2Fcss%2Fcertificates%2Fcss%2Fwp&finish=1&move=1 HTTP/1.1" 302 0 "https://avisosenacrilico.com.co/" "Mozilla/5.0 (Windows NT 10.0; Win64; x64) AppleWebKit/537.36 (KHTML, like Gecko) Chrome/123.0.0.0 Safari/537.36"
45.141.22.207 - - [16/Sep/2026:09:34:35 -0400] "GET /twentytwenty/wp/vBXRan.php?p=wp-admin-20260916052324%2Fwp-content%2Fcss%2Fcertificates%2Fcss©=wp-admin-20260916052324%2Fwp-content%2Fcss%2Fcertificates%2Fcss%2Fwp%2FryaUhOO.php&finish=1 HTTP/1.1" 302 0 "https://avisosenacrilico.com.co/" "Mozilla/5.0 (Macintosh; Intel Mac OS X 10_15_7) AppleWebKit/537.36 (KHTML, like Gecko) Chrome/124.0.0.0 Safari/537.36"
157.173.106.108 - - [16/Sep/2026:09:34:35 -0400] "GET /twentytwenty/wp/vBXRan.php?p=wp-admin-20260916052324%2Fwp-content%2Fcss%2Fcertificates%2Fcss©=wp-admin-20260916052324%2Fwp-content%2Fcss%2Fcertificates%2Fcss%2Fwp%2FryaUhOO.php&finish=1&move=1 HTTP/1.1" 302 0 "https://avisosenacrilico.com.co/" "Mozilla/5.0 (Macintosh; Intel Mac OS X 10_15_7) AppleWebKit/537.36 (KHTML, like Gecko) Chrome/124.0.0.0 Safari/537.36"
79.143.176.87 - - [16/Sep/2026:09:34:35 -0400] "GET /twentytwenty/wp/vBXRan.php?p=wp-admin-20260916052324%2Fwp-content%2Fcss%2Fcertificates©=wp-admin-20260916052324%2Fwp-content%2Fcss%2Fcertificates%2Fcss%2Fwp%2FryaUhOO.php HTTP/1.1" 200 9291 "https://avisosenacrilico.com.co/" "Mozilla/5.0 (Windows NT 10.0; Win64; x64) AppleWebKit/537.36 (KHTML, like Gecko) Chrome/125.0.0.0 Safari/537.36"
45.141.22.207 - - [16/Sep/2026:09:34:36 -0400] "GET /twentytwenty/wp/vBXRan.php?p=certificates%2Fcss HTTP/1.1" 200 10195 "https://avisosenacrilico.com.co/" "Mozilla/5.0 (Windows NT 10.0; Win64; x64) AppleWebKit/537.36 (KHTML, like Gecko) Chrome/121.0.0.0 Safari/537.36"
157.173.106.108 - - [16/Sep/2026:09:34:36 -0400] "GET /twentytwenty/wp/vBXRan.php?p=certificates&chmod=css HTTP/1.1" 200 9342 "https://avisosenacrilico.com.co/" "Mozilla/5.0 (Windows NT 10.0; Win64; x64) AppleWebKit/537.36 (KHTML, like Gecko) Chrome/124.0.0.0 Safari/537.36"
79.143.176.87 - - [16/Sep/2026:09:34:36 -0400] "GET /twentytwenty/wp/vBXRan.php?p=certificates&del=css HTTP/1.1" 302 0 "https://avisosenacrilico.com.co/" "Mozilla/5.0 (Macintosh; Intel Mac OS X 10_15_7) AppleWebKit/537.36 (KHTML, like Gecko) Chrome/123.0.0.0 Safari/537.36"
45.141.22.207 - - [16/Sep/2026:09:34:36 -0400] "GET /twentytwenty/wp/vBXRan.php?p=©=certificates%2Fcss HTTP/1.1" 302 0 "https://avisosenacrilico.com.co/" "Mozilla/5.0 (Macintosh; Intel Mac OS X 10_15_7) AppleWebKit/537.36 (KHTML, like Gecko) Chrome/123.0.0.0 Safari/537.36"
157.173.106.108 - - [16/Sep/2026:09:34:37 -0400] "GET /certificates/css/ HTTP/1.1" 404 1251 "https://avisosenacrilico.com.co/" "Mozilla/5.0 (Windows NT 10.0; Win64; x64) AppleWebKit/537.36 (KHTML, like Gecko) Chrome/123.0.0.0 Safari/537.36"
79.143.176.87 - - [16/Sep/2026:09:34:37 -0400] "GET /twentytwenty/wp/certificates/css HTTP/1.1" 403 1242 "https://avisosenacrilico.com.co/" "Mozilla/5.0 (Macintosh; Intel Mac OS X 10_15_7) AppleWebKit/537.36 (KHTML, like Gecko) Chrome/125.0.0.0 Safari/537.36"
45.141.22.207 - - [16/Sep/2026:09:34:37 -0400] "GET /twentytwenty/wp/vBXRan.php?p=certificates%2Fcss&upload HTTP/1.1" 302 0 "https://avisosenacrilico.com.co/" "Mozilla/5.0 (Macintosh; Intel Mac OS X 10_15_7) AppleWebKit/537.36 (KHTML, like Gecko) Chrome/124.0.0.0 Safari/537.36"
157.173.106.108 - - [16/Sep/2026:09:34:37 -0400] "GET /twentytwenty/wp/vBXRan.php?p=certificates%2Fcss&settings=1 HTTP/1.1" 302 0 "https://avisosenacrilico.com.co/" "Mozilla/5.0 (Macintosh; Intel Mac OS X 10_15_7) AppleWebKit/537.36 (KHTML, like Gecko) Chrome/125.0.0.0 Safari/537.36"
79.143.176.87 - - [16/Sep/2026:09:34:38 -0400] "GET /twentytwenty/wp/vBXRan.php?p=certificates%2Fcss©=wp-admin-20260916052324%2Fwp-content%2Fcss%2Fcertificates%2Fcss%2Fwp&finish=1 HTTP/1.1" 302 0 "https://avisosenacrilico.com.co/" "Mozilla/5.0 (Macintosh; Intel Mac OS X 10_15_7) AppleWebKit/537.36 (KHTML, like Gecko) Chrome/125.0.0.0 Safari/537.36"
45.141.22.207 - - [16/Sep/2026:09:34:38 -0400] "GET /twentytwenty/wp/vBXRan.php?p=certificates%2Fcss©=wp-admin-20260916052324%2Fwp-content%2Fcss%2Fcertificates%2Fcss%2Fwp&finish=1&move=1 HTTP/1.1" 302 0 "https://avisosenacrilico.com.co/" "Mozilla/5.0 (Macintosh; Intel Mac OS X 10_15_7) AppleWebKit/537.36 (KHTML, like Gecko) Chrome/123.0.0.0 Safari/537.36"
157.173.106.108 - - [16/Sep/2026:09:34:38 -0400] "GET /twentytwenty/wp/vBXRan.php?p=certificates%2Fcss%2Fwp©=wp-admin-20260916052324%2Fwp-content%2Fcss%2Fcertificates%2Fcss%2Fwp HTTP/1.1" 200 9240 "https://avisosenacrilico.com.co/" "Mozilla/5.0 (Windows NT 10.0; Win64; x64) AppleWebKit/537.36 (KHTML, like Gecko) Chrome/125.0.0.0 Safari/537.36"
79.143.176.87 - - [16/Sep/2026:09:34:38 -0400] "GET /twentytwenty/wp/vBXRan.php?p=includes%2Fcertificates HTTP/1.1" 200 10232 "https://avisosenacrilico.com.co/" "Mozilla/5.0 (Windows NT 10.0; Win64; x64) AppleWebKit/537.36 (KHTML, like Gecko) Chrome/125.0.0.0 Safari/537.36"
45.141.22.207 - - [16/Sep/2026:09:34:38 -0400] "GET /twentytwenty/wp/includes/certificates HTTP/1.1" 403 1242 "https://avisosenacrilico.com.co/" "Mozilla/5.0 (Macintosh; Intel Mac OS X 10_15_7) AppleWebKit/537.36 (KHTML, like Gecko) Chrome/124.0.0.0 Safari/537.36"
157.173.106.108 - - [16/Sep/2026:09:34:39 -0400] "GET /twentytwenty/wp/vBXRan.php?p=includes%2Fcertificates&upload HTTP/1.1" 200 9768 "https://avisosenacrilico.com.co/" "Mozilla/5.0 (Macintosh; Intel Mac OS X 10_15_7) AppleWebKit/537.36 (KHTML, like Gecko) Chrome/125.0.0.0 Safari/537.36"
79.143.176.87 - - [16/Sep/2026:09:34:39 -0400] "GET /twentytwenty/wp/vBXRan.php?p=includes%2Fcertificates&settings=1 HTTP/1.1" 200 9563 "https://avisosenacrilico.com.co/" "Mozilla/5.0 (Windows NT 10.0; Win64; x64) AppleWebKit/537.36 (KHTML, like Gecko) Chrome/124.0.0.0 Safari/537.36"
45.141.22.207 - - [16/Sep/2026:09:34:39 -0400] "GET /twentytwenty/wp/vBXRan.php?p=includes%2Fcertificates©=wp-admin-20260916052324%2Fwp-content%2Fcss%2Fcertificates%2Fcss%2Fwp&finish=1 HTTP/1.1" 302 0 "https://avisosenacrilico.com.co/" "Mozilla/5.0 (Macintosh; Intel Mac OS X 10_15_7) AppleWebKit/537.36 (KHTML, like Gecko) Chrome/125.0.0.0 Safari/537.36"
157.173.106.108 - - [16/Sep/2026:09:34:40 -0400] "GET /twentytwenty/wp/vBXRan.php?p=wp-admin-20260916052324%2Fwp-content%2Fcss%2Fcertificates©=wp-admin-20260916052324%2Fwp-content%2Fcss%2Fcertificates%2Fcss%2Fwp%2FryaUhOO.php&finish=1 HTTP/1.1" 302 0 "https://avisosenacrilico.com.co/" "Mozilla/5.0 (Windows NT 10.0; Win64; x64) AppleWebKit/537.36 (KHTML, like Gecko) Chrome/125.0.0.0 Safari/537.36"
79.143.176.87 - - [16/Sep/2026:09:34:40 -0400] "GET /twentytwenty/wp/vBXRan.php?p=wp-admin-20260916052324%2Fwp-content%2Fcss%2Fcertificates©=wp-admin-20260916052324%2Fwp-content%2Fcss%2Fcertificates%2Fcss%2Fwp%2FryaUhOO.php&finish=1&move=1 HTTP/1.1" 302 0 "https://avisosenacrilico.com.co/" "Mozilla/5.0 (Macintosh; Intel Mac OS X 10_15_7) AppleWebKit/537.36 (KHTML, like Gecko) Chrome/124.0.0.0 Safari/537.36"
45.141.22.207 - - [16/Sep/2026:09:34:40 -0400] "GET /twentytwenty/wp/vBXRan.php?p=wp-admin-20260916052324%2Fwp-content%2Fcss©=wp-admin-20260916052324%2Fwp-content%2Fcss%2Fcertificates%2Fcss%2Fwp%2FryaUhOO.php HTTP/1.1" 200 9308 "https://avisosenacrilico.com.co/" "Mozilla/5.0 (Macintosh; Intel Mac OS X 10_15_7) AppleWebKit/537.36 (KHTML, like Gecko) Chrome/124.0.0.0 Safari/537.36"
157.173.106.108 - - [16/Sep/2026:09:34:40 -0400] "GET /twentytwenty/wp/vBXRan.php?p=certificates%2Fcss%2Fwp HTTP/1.1" 200 10431 "https://avisosenacrilico.com.co/" "Mozilla/5.0 (Macintosh; Intel Mac OS X 10_15_7) AppleWebKit/537.36 (KHTML, like Gecko) Chrome/123.0.0.0 Safari/537.36"
79.143.176.87 - - [16/Sep/2026:09:34:41 -0400] "GET /twentytwenty/wp/vBXRan.php?p=certificates%2Fcss&chmod=wp HTTP/1.1" 200 9331 "https://avisosenacrilico.com.co/" "Mozilla/5.0 (Windows NT 10.0; Win64; x64) AppleWebKit/537.36 (KHTML, like Gecko) Chrome/125.0.0.0 Safari/537.36"
45.141.22.207 - - [16/Sep/2026:09:34:41 -0400] "GET /twentytwenty/wp/vBXRan.php?p=certificates%2Fcss&del=wp HTTP/1.1" 302 0 "https://avisosenacrilico.com.co/" "Mozilla/5.0 (Macintosh; Intel Mac OS X 10_15_7) AppleWebKit/537.36 (KHTML, like Gecko) Chrome/123.0.0.0 Safari/537.36"
157.173.106.108 - - [16/Sep/2026:09:34:41 -0400] "GET /twentytwenty/wp/vBXRan.php?p=©=certificates%2Fcss%2Fwp HTTP/1.1" 302 0 "https://avisosenacrilico.com.co/" "Mozilla/5.0 (Windows NT 10.0; Win64; x64) AppleWebKit/537.36 (KHTML, like Gecko) Chrome/123.0.0.0 Safari/537.36"
79.143.176.87 - - [16/Sep/2026:09:34:41 -0400] "GET /certificates/css/wp/ HTTP/1.1" 404 1251 "https://avisosenacrilico.com.co/" "Mozilla/5.0 (Macintosh; Intel Mac OS X 10_15_7) AppleWebKit/537.36 (KHTML, like Gecko) Chrome/123.0.0.0 Safari/537.36"
45.141.22.207 - - [16/Sep/2026:09:34:42 -0400] "GET /twentytwenty/wp/vBXRan.php?p=includes%2Fcertificates©=wp-admin-20260916052324%2Fwp-content%2Fcss%2Fcertificates%2Fcss%2Fwp&finish=1&move=1 HTTP/1.1" 302 0 "https://avisosenacrilico.com.co/" "Mozilla/5.0 (Windows NT 10.0; Win64; x64) AppleWebKit/537.36 (KHTML, like Gecko) Chrome/124.0.0.0 Safari/537.36"
157.173.106.108 - - [16/Sep/2026:09:34:42 -0400] "GET /twentytwenty/wp/vBXRan.php?p=includes%2Fcertificates%2Fcss©=wp-admin-20260916052324%2Fwp-content%2Fcss%2Fcertificates%2Fcss%2Fwp HTTP/1.1" 200 9268 "https://avisosenacrilico.com.co/" "Mozilla/5.0 (Windows NT 10.0; Win64; x64) AppleWebKit/537.36 (KHTML, like Gecko) Chrome/121.0.0.0 Safari/537.36"
79.143.176.87 - - [16/Sep/2026:09:34:42 -0400] "GET /twentytwenty/wp/vBXRan.php?p=includes%2Fwp©=wp-admin-20260916052324%2Fwp-content%2Fcss%2Fcertificates%2Fcss%2Fwp&finish=1 HTTP/1.1" 302 0 "https://avisosenacrilico.com.co/" "Mozilla/5.0 (Windows NT 10.0; Win64; x64) AppleWebKit/537.36 (KHTML, like Gecko) Chrome/125.0.0.0 Safari/537.36"
45.141.22.207 - - [16/Sep/2026:09:34:42 -0400] "GET /twentytwenty/wp/certificates/css/wp HTTP/1.1" 403 1242 "https://avisosenacrilico.com.co/" "Mozilla/5.0 (Macintosh; Intel Mac OS X 10_15_7) AppleWebKit/537.36 (KHTML, like Gecko) Chrome/123.0.0.0 Safari/537.36"
157.173.106.108 - - [16/Sep/2026:09:34:43 -0400] "GET /twentytwenty/wp/vBXRan.php?p=certificates%2Fcss%2Fwp&upload HTTP/1.1" 302 0 "https://avisosenacrilico.com.co/" "Mozilla/5.0 (Windows NT 10.0; Win64; x64) AppleWebKit/537.36 (KHTML, like Gecko) Chrome/124.0.0.0 Safari/537.36"
79.143.176.87 - - [16/Sep/2026:09:34:43 -0400] "GET /twentytwenty/wp/vBXRan.php?p=certificates%2Fcss%2Fwp&settings=1 HTTP/1.1" 302 0 "https://avisosenacrilico.com.co/" "Mozilla/5.0 (Windows NT 10.0; Win64; x64) AppleWebKit/537.36 (KHTML, like Gecko) Chrome/123.0.0.0 Safari/537.36"
45.141.22.207 - - [16/Sep/2026:09:34:43 -0400] "GET /twentytwenty/wp/vBXRan.php?p=certificates%2Fcss%2Fwp©=wp-admin-20260916052324%2Fwp-content%2Fcss%2Fcertificates%2Fcss%2Fwp&finish=1 HTTP/1.1" 302 0 "https://avisosenacrilico.com.co/" "Mozilla/5.0 (Macintosh; Intel Mac OS X 10_15_7) AppleWebKit/537.36 (KHTML, like Gecko) Chrome/125.0.0.0 Safari/537.36"
157.173.106.108 - - [16/Sep/2026:09:34:43 -0400] "GET /twentytwenty/wp/vBXRan.php?p=certificates%2Fcss%2Fwp©=wp-admin-20260916052324%2Fwp-content%2Fcss%2Fcertificates%2Fcss%2Fwp&finish=1&move=1 HTTP/1.1" 302 0 "https://avisosenacrilico.com.co/" "Mozilla/5.0 (Windows NT 10.0; Win64; x64) AppleWebKit/537.36 (KHTML, like Gecko) Chrome/123.0.0.0 Safari/537.36"
79.143.176.87 - - [16/Sep/2026:09:34:44 -0400] "GET /twentytwenty/wp/vBXRan.php?p=includes%2Fcertificates%2Fcss HTTP/1.1" 200 10265 "https://avisosenacrilico.com.co/" "Mozilla/5.0 (Windows NT 10.0; Win64; x64) AppleWebKit/537.36 (KHTML, like Gecko) Chrome/122.0.0.0 Safari/537.36"
45.141.22.207 - - [16/Sep/2026:09:34:44 -0400] "GET /twentytwenty/wp/vBXRan.php?p=includes%2Fcertificates&chmod=css HTTP/1.1" 200 9360 "https://avisosenacrilico.com.co/" "Mozilla/5.0 (Macintosh; Intel Mac OS X 10_15_7) AppleWebKit/537.36 (KHTML, like Gecko) Chrome/124.0.0.0 Safari/537.36"
157.173.106.108 - - [16/Sep/2026:09:34:44 -0400] "GET /twentytwenty/wp/vBXRan.php?p=includes%2Fcertificates&del=css HTTP/1.1" 302 0 "https://avisosenacrilico.com.co/" "Mozilla/5.0 (Macintosh; Intel Mac OS X 10_15_7) AppleWebKit/537.36 (KHTML, like Gecko) Chrome/125.0.0.0 Safari/537.36"
79.143.176.87 - - [16/Sep/2026:09:34:44 -0400] "GET /twentytwenty/wp/vBXRan.php?p=wp-admin-20260916052324%2Fwp-content%2Fcss©=wp-admin-20260916052324%2Fwp-content%2Fcss%2Fcertificates%2Fcss%2Fwp%2FryaUhOO.php&finish=1 HTTP/1.1" 302 0 "https://avisosenacrilico.com.co/" "Mozilla/5.0 (Macintosh; Intel Mac OS X 10_15_7) AppleWebKit/537.36 (KHTML, like Gecko) Chrome/123.0.0.0 Safari/537.36"
45.141.22.207 - - [16/Sep/2026:09:34:45 -0400] "GET /twentytwenty/wp/vBXRan.php?p=wp-admin-20260916052324%2Fwp-content%2Fcss©=wp-admin-20260916052324%2Fwp-content%2Fcss%2Fcertificates%2Fcss%2Fwp%2FryaUhOO.php&finish=1&move=1 HTTP/1.1" 302 0 "https://avisosenacrilico.com.co/" "Mozilla/5.0 (Macintosh; Intel Mac OS X 10_15_7) AppleWebKit/537.36 (KHTML, like Gecko) Chrome/124.0.0.0 Safari/537.36"
157.173.106.108 - - [16/Sep/2026:09:34:45 -0400] "GET /twentytwenty/wp/vBXRan.php?p=wp-admin-20260916052324%2Fwp-content©=wp-admin-20260916052324%2Fwp-content%2Fcss%2Fcertificates%2Fcss%2Fwp%2FryaUhOO.php HTTP/1.1" 200 9327 "https://avisosenacrilico.com.co/" "Mozilla/5.0 (Windows NT 10.0; Win64; x64) AppleWebKit/537.36 (KHTML, like Gecko) Chrome/121.0.0.0 Safari/537.36"
79.143.176.87 - - [16/Sep/2026:09:34:45 -0400] "GET /twentytwenty/wp/vBXRan.php?p=certificates%2Fcss%2Fwp&view=ryaUhOO.php HTTP/1.1" 302 0 "https://avisosenacrilico.com.co/" "Mozilla/5.0 (Macintosh; Intel Mac OS X 10_15_7) AppleWebKit/537.36 (KHTML, like Gecko) Chrome/123.0.0.0 Safari/537.36"
45.141.22.207 - - [16/Sep/2026:09:34:45 -0400] "GET /twentytwenty/wp/vBXRan.php?p=certificates%2Fcss%2Fwp&chmod=ryaUhOO.php HTTP/1.1" 302 0 "https://avisosenacrilico.com.co/" "Mozilla/5.0 (Windows NT 10.0; Win64; x64) AppleWebKit/537.36 (KHTML, like Gecko) Chrome/125.0.0.0 Safari/537.36"
157.173.106.108 - - [16/Sep/2026:09:34:46 -0400] "GET /twentytwenty/wp/vBXRan.php?p=certificates%2Fcss%2Fwp&view=ryaUhOO.php&quickView=1 HTTP/1.1" 302 0 "https://avisosenacrilico.com.co/" "Mozilla/5.0 (Macintosh; Intel Mac OS X 10_15_7) AppleWebKit/537.36 (KHTML, like Gecko) Chrome/123.0.0.0 Safari/537.36"
79.143.176.87 - - [16/Sep/2026:09:34:46 -0400] "GET /twentytwenty/wp/vBXRan.php?p=certificates%2Fcss%2Fwp&del=ryaUhOO.php HTTP/1.1" 302 0 "https://avisosenacrilico.com.co/" "Mozilla/5.0 (Macintosh; Intel Mac OS X 10_15_7) AppleWebKit/537.36 (KHTML, like Gecko) Chrome/124.0.0.0 Safari/537.36"
45.141.22.207 - - [16/Sep/2026:09:34:46 -0400] "GET /twentytwenty/wp/vBXRan.php?p=certificates%2Fcss%2Fwp©=certificates%2Fcss%2Fwp%2FryaUhOO.php HTTP/1.1" 302 0 "https://avisosenacrilico.com.co/" "Mozilla/5.0 (Windows NT 10.0; Win64; x64) AppleWebKit/537.36 (KHTML, like Gecko) Chrome/121.0.0.0 Safari/537.36"
157.173.106.108 - - [16/Sep/2026:09:34:46 -0400] "GET /certificates/css/wp/ryaUhOO.php HTTP/1.1" 404 1251 "https://avisosenacrilico.com.co/" "Mozilla/5.0 (Windows NT 10.0; Win64; x64) AppleWebKit/537.36 (KHTML, like Gecko) Chrome/122.0.0.0 Safari/537.36"
79.143.176.87 - - [16/Sep/2026:09:34:47 -0400] "GET /twentytwenty/wp/vBXRan.php?p=certificates%2Fcss%2Fwp&dl=ryaUhOO.php HTTP/1.1" 302 0 "https://avisosenacrilico.com.co/" "Mozilla/5.0 (Macintosh; Intel Mac OS X 10_15_7) AppleWebKit/537.36 (KHTML, like Gecko) Chrome/124.0.0.0 Safari/537.36"
45.141.22.207 - - [16/Sep/2026:09:34:47 -0400] "GET /twentytwenty/wp/vBXRan.php?p=©=includes%2Fcertificates%2Fcss HTTP/1.1" 302 0 "https://avisosenacrilico.com.co/" "Mozilla/5.0 (Windows NT 10.0; Win64; x64) AppleWebKit/537.36 (KHTML, like Gecko) Chrome/123.0.0.0 Safari/537.36"
157.173.106.108 - - [16/Sep/2026:09:34:47 -0400] "GET /includes/certificates/css/ HTTP/1.1" 404 1251 "https://avisosenacrilico.com.co/" "Mozilla/5.0 (Windows NT 10.0; Win64; x64) AppleWebKit/537.36 (KHTML, like Gecko) Chrome/123.0.0.0 Safari/537.36"
79.143.176.87 - - [16/Sep/2026:09:34:47 -0400] "GET /twentytwenty/wp/vBXRan.php?p=includes/certificates HTTP/1.1" 200 10255 "https://avisosenacrilico.com.co/" "Mozilla/5.0 (Windows NT 10.0; Win64; x64) AppleWebKit/537.36 (KHTML, like Gecko) Chrome/123.0.0.0 Safari/537.36"
45.141.22.207 - - [16/Sep/2026:09:34:47 -0400] "GET /twentytwenty/wp/includes/certificates/css HTTP/1.1" 403 1242 "https://avisosenacrilico.com.co/" "Mozilla/5.0 (Windows NT 10.0; Win64; x64) AppleWebKit/537.36 (KHTML, like Gecko) Chrome/124.0.0.0 Safari/537.36"
157.173.106.108 - - [16/Sep/2026:09:34:48 -0400] "GET /twentytwenty/wp/vBXRan.php?p=includes%2Fcertificates%2Fcss%2Fwp HTTP/1.1" 302 0 "https://avisosenacrilico.com.co/" "Mozilla/5.0 (Windows NT 10.0; Win64; x64) AppleWebKit/537.36 (KHTML, like Gecko) Chrome/124.0.0.0 Safari/537.36"
79.143.176.87 - - [16/Sep/2026:09:34:48 -0400] "GET /twentytwenty/wp/vBXRan.php?p=includes%2Fcertificates%2Fcss&chmod=wp HTTP/1.1" 302 0 "https://avisosenacrilico.com.co/" "Mozilla/5.0 (Windows NT 10.0; Win64; x64) AppleWebKit/537.36 (KHTML, like Gecko) Chrome/123.0.0.0 Safari/537.36"
45.141.22.207 - - [16/Sep/2026:09:34:48 -0400] "GET /twentytwenty/wp/vBXRan.php?p=includes%2Fcertificates%2Fcss&del=wp HTTP/1.1" 302 0 "https://avisosenacrilico.com.co/" "Mozilla/5.0 (Macintosh; Intel Mac OS X 10_15_7) AppleWebKit/537.36 (KHTML, like Gecko) Chrome/124.0.0.0 Safari/537.36"
157.173.106.108 - - [16/Sep/2026:09:34:48 -0400] "GET /twentytwenty/wp/vBXRan.php?p=©=includes%2Fcertificates%2Fcss%2Fwp HTTP/1.1" 302 0 "https://avisosenacrilico.com.co/" "Mozilla/5.0 (Macintosh; Intel Mac OS X 10_15_7) AppleWebKit/537.36 (KHTML, like Gecko) Chrome/123.0.0.0 Safari/537.36"
79.143.176.87 - - [16/Sep/2026:09:34:49 -0400] "GET /includes/certificates/css/wp/ HTTP/1.1" 404 1251 "https://avisosenacrilico.com.co/" "Mozilla/5.0 (Macintosh; Intel Mac OS X 10_15_7) AppleWebKit/537.36 (KHTML, like Gecko) Chrome/124.0.0.0 Safari/537.36"
45.141.22.207 - - [16/Sep/2026:09:34:49 -0400] "GET /twentytwenty/wp/vBXRan.php?p=wp-admin-20260916052324%2Fwp-content©=wp-admin-20260916052324%2Fwp-content%2Fcss%2Fcertificates%2Fcss%2Fwp%2FryaUhOO.php&finish=1 HTTP/1.1" 302 0 "https://avisosenacrilico.com.co/" "Mozilla/5.0 (Windows NT 10.0; Win64; x64) AppleWebKit/537.36 (KHTML, like Gecko) Chrome/125.0.0.0 Safari/537.36"
157.173.106.108 - - [16/Sep/2026:09:34:49 -0400] "GET /twentytwenty/wp/vBXRan.php?p=wp-admin-20260916052324%2Fwp-content©=wp-admin-20260916052324%2Fwp-content%2Fcss%2Fcertificates%2Fcss%2Fwp%2FryaUhOO.php&finish=1&move=1 HTTP/1.1" 302 0 "https://avisosenacrilico.com.co/" "Mozilla/5.0 (Windows NT 10.0; Win64; x64) AppleWebKit/537.36 (KHTML, like Gecko) Chrome/123.0.0.0 Safari/537.36"
79.143.176.87 - - [16/Sep/2026:09:34:49 -0400] "GET /twentytwenty/wp/vBXRan.php?p=wp-admin-20260916052324©=wp-admin-20260916052324%2Fwp-content%2Fcss%2Fcertificates%2Fcss%2Fwp%2FryaUhOO.php HTTP/1.1" 200 9324 "https://avisosenacrilico.com.co/" "Mozilla/5.0 (Windows NT 10.0; Win64; x64) AppleWebKit/537.36 (KHTML, like Gecko) Chrome/124.0.0.0 Safari/537.36"
45.141.22.207 - - [16/Sep/2026:09:34:50 -0400] "GET /twentytwenty/wp/vBXRan.php?p=wp-admin-20260916052324%2Fwp-content%2Ffonts©=wp-admin-20260916052324%2Fwp-content%2Fcss%2Fcertificates%2Fcss%2Fwp%2FryaUhOO.php HTTP/1.1" 200 9318 "https://avisosenacrilico.com.co/" "Mozilla/5.0 (Windows NT 10.0; Win64; x64) AppleWebKit/537.36 (KHTML, like Gecko) Chrome/121.0.0.0 Safari/537.36"
157.173.106.108 - - [16/Sep/2026:09:34:50 -0400] "GET /twentytwenty/wp/vBXRan.php?p=wp-admin-20260916052324%2Fwp-content%2Fthemes©=wp-admin-20260916052324%2Fwp-content%2Fcss%2Fcertificates%2Fcss%2Fwp%2FryaUhOO.php HTTP/1.1" 200 9320 "https://avisosenacrilico.com.co/" "Mozilla/5.0 (Windows NT 10.0; Win64; x64) AppleWebKit/537.36 (KHTML, like Gecko) Chrome/121.0.0.0 Safari/537.36"
79.143.176.87 - - [16/Sep/2026:09:34:50 -0400] "GET /twentytwenty/wp/vBXRan.php?p=wp-admin-20260916052324%2Fwp-content%2Fwp©=wp-admin-20260916052324%2Fwp-content%2Fcss%2Fcertificates%2Fcss%2Fwp%2FryaUhOO.php HTTP/1.1" 200 9280 "https://avisosenacrilico.com.co/" "Mozilla/5.0 (Macintosh; Intel Mac OS X 10_15_7) AppleWebKit/537.36 (KHTML, like Gecko) Chrome/124.0.0.0 Safari/537.36"
45.141.22.207 - - [16/Sep/2026:09:34:50 -0400] "GET /twentytwenty/wp/vBXRan.php?p=includes%2Fcertificates%2Fcss&upload HTTP/1.1" 302 0 "https://avisosenacrilico.com.co/" "Mozilla/5.0 (Windows NT 10.0; Win64; x64) AppleWebKit/537.36 (KHTML, like Gecko) Chrome/121.0.0.0 Safari/537.36"
157.173.106.108 - - [16/Sep/2026:09:34:51 -0400] "GET /twentytwenty/wp/vBXRan.php?p=includes%2Fcertificates%2Fcss&settings=1 HTTP/1.1" 302 0 "https://avisosenacrilico.com.co/" "Mozilla/5.0 (Windows NT 10.0; Win64; x64) AppleWebKit/537.36 (KHTML, like Gecko) Chrome/123.0.0.0 Safari/537.36"
79.143.176.87 - - [16/Sep/2026:09:34:51 -0400] "GET /twentytwenty/wp/vBXRan.php?p=includes%2Fcertificates%2Fcss©=wp-admin-20260916052324%2Fwp-content%2Fcss%2Fcertificates%2Fcss%2Fwp&finish=1 HTTP/1.1" 302 0 "https://avisosenacrilico.com.co/" "Mozilla/5.0 (Macintosh; Intel Mac OS X 10_15_7) AppleWebKit/537.36 (KHTML, like Gecko) Chrome/124.0.0.0 Safari/537.36"
45.141.22.207 - - [16/Sep/2026:09:34:51 -0400] "GET /twentytwenty/wp/vBXRan.php?p=includes%2Fcertificates%2Fcss©=wp-admin-20260916052324%2Fwp-content%2Fcss%2Fcertificates%2Fcss%2Fwp&finish=1&move=1 HTTP/1.1" 302 0 "https://avisosenacrilico.com.co/" "Mozilla/5.0 (Windows NT 10.0; Win64; x64) AppleWebKit/537.36 (KHTML, like Gecko) Chrome/124.0.0.0 Safari/537.36"
157.173.106.108 - - [16/Sep/2026:09:34:51 -0400] "GET /twentytwenty/wp/vBXRan.php?p=includes%2Fcertificates%2Fwp HTTP/1.1" 200 10432 "https://avisosenacrilico.com.co/" "Mozilla/5.0 (Macintosh; Intel Mac OS X 10_15_7) AppleWebKit/537.36 (KHTML, like Gecko) Chrome/125.0.0.0 Safari/537.36"
79.143.176.87 - - [16/Sep/2026:09:34:51 -0400] "GET /twentytwenty/wp/vBXRan.php?p=includes%2Fcertificates&chmod=wp HTTP/1.1" 200 9348 "https://avisosenacrilico.com.co/" "Mozilla/5.0 (Windows NT 10.0; Win64; x64) AppleWebKit/537.36 (KHTML, like Gecko) Chrome/122.0.0.0 Safari/537.36"
45.141.22.207 - - [16/Sep/2026:09:34:52 -0400] "GET /twentytwenty/wp/vBXRan.php?p=includes%2Fcertificates&del=wp HTTP/1.1" 302 0 "https://avisosenacrilico.com.co/" "Mozilla/5.0 (Windows NT 10.0; Win64; x64) AppleWebKit/537.36 (KHTML, like Gecko) Chrome/122.0.0.0 Safari/537.36"
157.173.106.108 - - [16/Sep/2026:09:34:52 -0400] "GET /twentytwenty/wp/vBXRan.php?p=©=includes%2Fcertificates%2Fwp HTTP/1.1" 302 0 "https://avisosenacrilico.com.co/" "Mozilla/5.0 (Windows NT 10.0; Win64; x64) AppleWebKit/537.36 (KHTML, like Gecko) Chrome/123.0.0.0 Safari/537.36"
79.143.176.87 - - [16/Sep/2026:09:34:52 -0400] "GET /includes/certificates/wp/ HTTP/1.1" 404 1251 "https://avisosenacrilico.com.co/" "Mozilla/5.0 (Windows NT 10.0; Win64; x64) AppleWebKit/537.36 (KHTML, like Gecko) Chrome/125.0.0.0 Safari/537.36"
45.141.22.207 - - [16/Sep/2026:09:34:53 -0400] "GET /twentytwenty/wp/vBXRan.php?p=includes%2Fcertificates%2Fcss%2Fwp©=wp-admin-20260916052324%2Fwp-content%2Fcss%2Fcertificates%2Fcss%2Fwp HTTP/1.1" 200 9282 "https://avisosenacrilico.com.co/" "Mozilla/5.0 (Windows NT 10.0; Win64; x64) AppleWebKit/537.36 (KHTML, like Gecko) Chrome/124.0.0.0 Safari/537.36"
157.173.106.108 - - [16/Sep/2026:09:34:53 -0400] "GET /twentytwenty/wp/vBXRan.php?p=includes%2Fwp©=wp-admin-20260916052324%2Fwp-content%2Fcss%2Fcertificates%2Fcss%2Fwp&finish=1&move=1 HTTP/1.1" 302 0 "https://avisosenacrilico.com.co/" "Mozilla/5.0 (Windows NT 10.0; Win64; x64) AppleWebKit/537.36 (KHTML, like Gecko) Chrome/122.0.0.0 Safari/537.36"
79.143.176.87 - - [16/Sep/2026:09:34:53 -0400] "GET /twentytwenty/wp/vBXRan.php?p=includes%2Fwp-20260916133136©=wp-admin-20260916052324%2Fwp-content%2Fcss%2Fcertificates%2Fcss%2Fwp&finish=1 HTTP/1.1" 302 0 "https://avisosenacrilico.com.co/" "Mozilla/5.0 (Windows NT 10.0; Win64; x64) AppleWebKit/537.36 (KHTML, like Gecko) Chrome/123.0.0.0 Safari/537.36"
45.141.22.207 - - [16/Sep/2026:09:34:53 -0400] "GET /twentytwenty/wp/vBXRan.php?p=includes%2Fwp-20260916133136©=wp-admin-20260916052324%2Fwp-content%2Fcss%2Fcertificates%2Fcss%2Fwp&finish=1&move=1 HTTP/1.1" 302 0 "https://avisosenacrilico.com.co/" "Mozilla/5.0 (Windows NT 10.0; Win64; x64) AppleWebKit/537.36 (KHTML, like Gecko) Chrome/123.0.0.0 Safari/537.36"
157.173.106.108 - - [16/Sep/2026:09:34:54 -0400] "GET /twentytwenty/wp/vBXRan.php?p=wp-admin-20260916052324©=wp-admin-20260916052324%2Fwp-content%2Fcss%2Fcertificates%2Fcss%2Fwp%2FryaUhOO.php&finish=1 HTTP/1.1" 302 0 "https://avisosenacrilico.com.co/" "Mozilla/5.0 (Windows NT 10.0; Win64; x64) AppleWebKit/537.36 (KHTML, like Gecko) Chrome/125.0.0.0 Safari/537.36"
79.143.176.87 - - [16/Sep/2026:09:34:54 -0400] "GET /twentytwenty/wp/vBXRan.php?p=wp-admin-20260916052324©=wp-admin-20260916052324%2Fwp-content%2Fcss%2Fcertificates%2Fcss%2Fwp%2FryaUhOO.php&finish=1&move=1 HTTP/1.1" 302 0 "https://avisosenacrilico.com.co/" "Mozilla/5.0 (Windows NT 10.0; Win64; x64) AppleWebKit/537.36 (KHTML, like Gecko) Chrome/121.0.0.0 Safari/537.36"
45.141.22.207 - - [16/Sep/2026:09:34:54 -0400] "GET /twentytwenty/wp/vBXRan.php?p=©=wp-admin-20260916052324%2Fwp-content%2Fcss%2Fcertificates%2Fcss%2Fwp%2FryaUhOO.php HTTP/1.1" 200 9305 "https://avisosenacrilico.com.co/" "Mozilla/5.0 (Macintosh; Intel Mac OS X 10_15_7) AppleWebKit/537.36 (KHTML, like Gecko) Chrome/125.0.0.0 Safari/537.36"
157.173.106.108 - - [16/Sep/2026:09:34:54 -0400] "GET /twentytwenty/wp/vBXRan.php?p=wp-admin-20260916052324%2Fcertificates©=wp-admin-20260916052324%2Fwp-content%2Fcss%2Fcertificates%2Fcss%2Fwp%2FryaUhOO.php HTTP/1.1" 200 9268 "https://avisosenacrilico.com.co/" "Mozilla/5.0 (Macintosh; Intel Mac OS X 10_15_7) AppleWebKit/537.36 (KHTML, like Gecko) Chrome/125.0.0.0 Safari/537.36"
79.143.176.87 - - [16/Sep/2026:09:34:55 -0400] "GET /twentytwenty/wp/vBXRan.php?p=wp-admin-20260916052324%2Fcss©=wp-admin-20260916052324%2Fwp-content%2Fcss%2Fcertificates%2Fcss%2Fwp%2FryaUhOO.php HTTP/1.1" 200 9258 "https://avisosenacrilico.com.co/" "Mozilla/5.0 (Windows NT 10.0; Win64; x64) AppleWebKit/537.36 (KHTML, like Gecko) Chrome/125.0.0.0 Safari/537.36"
45.141.22.207 - - [16/Sep/2026:09:34:55 -0400] "GET /twentytwenty/wp/vBXRan.php?p=wp-admin-20260916052324%2FID3©=wp-admin-20260916052324%2Fwp-content%2Fcss%2Fcertificates%2Fcss%2Fwp%2FryaUhOO.php HTTP/1.1" 200 9293 "https://avisosenacrilico.com.co/" "Mozilla/5.0 (Macintosh; Intel Mac OS X 10_15_7) AppleWebKit/537.36 (KHTML, like Gecko) Chrome/123.0.0.0 Safari/537.36"
157.173.106.108 - - [16/Sep/2026:09:34:55 -0400] "GET /twentytwenty/wp/vBXRan.php?p=wp-admin-20260916052324%2Fimages©=wp-admin-20260916052324%2Fwp-content%2Fcss%2Fcertificates%2Fcss%2Fwp%2FryaUhOO.php HTTP/1.1" 200 9300 "https://avisosenacrilico.com.co/" "Mozilla/5.0 (Macintosh; Intel Mac OS X 10_15_7) AppleWebKit/537.36 (KHTML, like Gecko) Chrome/124.0.0.0 Safari/537.36"
79.143.176.87 - - [16/Sep/2026:09:34:55 -0400] "GET /twentytwenty/wp/vBXRan.php?p=wp-admin-20260916052324%2Fuser©=wp-admin-20260916052324%2Fwp-content%2Fcss%2Fcertificates%2Fcss%2Fwp%2FryaUhOO.php HTTP/1.1" 200 9293 "https://avisosenacrilico.com.co/" "Mozilla/5.0 (Windows NT 10.0; Win64; x64) AppleWebKit/537.36 (KHTML, like Gecko) Chrome/122.0.0.0 Safari/537.36"
45.141.22.207 - - [16/Sep/2026:09:34:55 -0400] "GET /twentytwenty/wp/vBXRan.php?p=wp-admin-20260916052324%2Fwp©=wp-admin-20260916052324%2Fwp-content%2Fcss%2Fcertificates%2Fcss%2Fwp%2FryaUhOO.php HTTP/1.1" 200 9261 "https://avisosenacrilico.com.co/" "Mozilla/5.0 (Windows NT 10.0; Win64; x64) AppleWebKit/537.36 (KHTML, like Gecko) Chrome/121.0.0.0 Safari/537.36"
157.173.106.108 - - [16/Sep/2026:09:34:56 -0400] "GET /twentytwenty/wp/vBXRan.php?p=wp-admin-20260916052324%2Fwp-content%2Ffonts©=wp-admin-20260916052324%2Fwp-content%2Fcss%2Fcertificates%2Fcss%2Fwp%2FryaUhOO.php&finish=1 HTTP/1.1" 302 0 "https://avisosenacrilico.com.co/" "Mozilla/5.0 (Macintosh; Intel Mac OS X 10_15_7) AppleWebKit/537.36 (KHTML, like Gecko) Chrome/123.0.0.0 Safari/537.36"
79.143.176.87 - - [16/Sep/2026:09:34:56 -0400] "GET /twentytwenty/wp/vBXRan.php?p=wp-admin-20260916052324%2Fwp-content%2Ffonts©=wp-admin-20260916052324%2Fwp-content%2Fcss%2Fcertificates%2Fcss%2Fwp%2FryaUhOO.php&finish=1&move=1 HTTP/1.1" 302 0 "https://avisosenacrilico.com.co/" "Mozilla/5.0 (Macintosh; Intel Mac OS X 10_15_7) AppleWebKit/537.36 (KHTML, like Gecko) Chrome/123.0.0.0 Safari/537.36"
45.141.22.207 - - [16/Sep/2026:09:34:56 -0400] "GET /twentytwenty/wp/vBXRan.php?p=wp-admin-20260916052324%2Fwp-content%2Ffonts%2Fpomo©=wp-admin-20260916052324%2Fwp-content%2Fcss%2Fcertificates%2Fcss%2Fwp%2FryaUhOO.php HTTP/1.1" 200 9285 "https://avisosenacrilico.com.co/" "Mozilla/5.0 (Macintosh; Intel Mac OS X 10_15_7) AppleWebKit/537.36 (KHTML, like Gecko) Chrome/123.0.0.0 Safari/537.36"
157.173.106.108 - - [16/Sep/2026:09:34:56 -0400] "GET /twentytwenty/wp/vBXRan.php?p=wp-admin-20260916052324%2Fwp-content%2Fthemes©=wp-admin-20260916052324%2Fwp-content%2Fcss%2Fcertificates%2Fcss%2Fwp%2FryaUhOO.php&finish=1 HTTP/1.1" 302 0 "https://avisosenacrilico.com.co/" "Mozilla/5.0 (Windows NT 10.0; Win64; x64) AppleWebKit/537.36 (KHTML, like Gecko) Chrome/121.0.0.0 Safari/537.36"
79.143.176.87 - - [16/Sep/2026:09:34:57 -0400] "GET /twentytwenty/wp/vBXRan.php?p=wp-admin-20260916052324%2Fwp-content%2Fthemes©=wp-admin-20260916052324%2Fwp-content%2Fcss%2Fcertificates%2Fcss%2Fwp%2FryaUhOO.php&finish=1&move=1 HTTP/1.1" 302 0 "https://avisosenacrilico.com.co/" "Mozilla/5.0 (Macintosh; Intel Mac OS X 10_15_7) AppleWebKit/537.36 (KHTML, like Gecko) Chrome/125.0.0.0 Safari/537.36"
45.141.22.207 - - [16/Sep/2026:09:34:57 -0400] "GET /twentytwenty/wp/vBXRan.php?p=wp-admin-20260916052324%2Fwp-content%2Fthemes%2Ftwentytwenty©=wp-admin-20260916052324%2Fwp-content%2Fcss%2Fcertificates%2Fcss%2Fwp%2FryaUhOO.php HTTP/1.1" 200 9310 "https://avisosenacrilico.com.co/" "Mozilla/5.0 (Windows NT 10.0; Win64; x64) AppleWebKit/537.36 (KHTML, like Gecko) Chrome/122.0.0.0 Safari/537.36"
157.173.106.108 - - [16/Sep/2026:09:34:57 -0400] "GET /twentytwenty/wp/vBXRan.php?p=wp-admin-20260916052324%2Fwp-content%2Fthemes%2Fwp©=wp-admin-20260916052324%2Fwp-content%2Fcss%2Fcertificates%2Fcss%2Fwp%2FryaUhOO.php HTTP/1.1" 200 9258 "https://avisosenacrilico.com.co/" "Mozilla/5.0 (Macintosh; Intel Mac OS X 10_15_7) AppleWebKit/537.36 (KHTML, like Gecko) Chrome/125.0.0.0 Safari/537.36"
79.143.176.87 - - [16/Sep/2026:09:34:57 -0400] "GET /twentytwenty/wp/vBXRan.php?p=wp-admin-20260916052324%2Fwp-content%2Fwp©=wp-admin-20260916052324%2Fwp-content%2Fcss%2Fcertificates%2Fcss%2Fwp%2FryaUhOO.php&finish=1 HTTP/1.1" 302 0 "https://avisosenacrilico.com.co/" "Mozilla/5.0 (Windows NT 10.0; Win64; x64) AppleWebKit/537.36 (KHTML, like Gecko) Chrome/125.0.0.0 Safari/537.36"
45.141.22.207 - - [16/Sep/2026:09:34:57 -0400] "GET /twentytwenty/wp/vBXRan.php?p=wp-admin-20260916052324%2Fwp-content%2Fwp©=wp-admin-20260916052324%2Fwp-content%2Fcss%2Fcertificates%2Fcss%2Fwp%2FryaUhOO.php&finish=1&move=1 HTTP/1.1" 302 0 "https://avisosenacrilico.com.co/" "Mozilla/5.0 (Windows NT 10.0; Win64; x64) AppleWebKit/537.36 (KHTML, like Gecko) Chrome/125.0.0.0 Safari/537.36"
157.173.106.108 - - [16/Sep/2026:09:34:58 -0400] "GET /twentytwenty/wp/includes/certificates/wp HTTP/1.1" 403 1242 "https://avisosenacrilico.com.co/" "Mozilla/5.0 (Macintosh; Intel Mac OS X 10_15_7) AppleWebKit/537.36 (KHTML, like Gecko) Chrome/124.0.0.0 Safari/537.36"
79.143.176.87 - - [16/Sep/2026:09:34:58 -0400] "GET /twentytwenty/wp/vBXRan.php?p=includes%2Fcertificates%2Fwp&upload HTTP/1.1" 302 0 "https://avisosenacrilico.com.co/" "Mozilla/5.0 (Macintosh; Intel Mac OS X 10_15_7) AppleWebKit/537.36 (KHTML, like Gecko) Chrome/123.0.0.0 Safari/537.36"
45.141.22.207 - - [16/Sep/2026:09:34:58 -0400] "GET /twentytwenty/wp/vBXRan.php?p=includes%2Fcertificates%2Fwp&settings=1 HTTP/1.1" 302 0 "https://avisosenacrilico.com.co/" "Mozilla/5.0 (Windows NT 10.0; Win64; x64) AppleWebKit/537.36 (KHTML, like Gecko) Chrome/122.0.0.0 Safari/537.36"
157.173.106.108 - - [16/Sep/2026:09:34:58 -0400] "GET /twentytwenty/wp/vBXRan.php?p=includes%2Fcertificates%2Fwp&view=ryaUhOO.php HTTP/1.1" 302 0 "https://avisosenacrilico.com.co/" "Mozilla/5.0 (Macintosh; Intel Mac OS X 10_15_7) AppleWebKit/537.36 (KHTML, like Gecko) Chrome/125.0.0.0 Safari/537.36"
79.143.176.87 - - [16/Sep/2026:09:34:59 -0400] "GET /twentytwenty/wp/vBXRan.php?p=includes%2Fcertificates%2Fwp&chmod=ryaUhOO.php HTTP/1.1" 302 0 "https://avisosenacrilico.com.co/" "Mozilla/5.0 (Macintosh; Intel Mac OS X 10_15_7) AppleWebKit/537.36 (KHTML, like Gecko) Chrome/125.0.0.0 Safari/537.36"
45.141.22.207 - - [16/Sep/2026:09:34:59 -0400] "GET /twentytwenty/wp/vBXRan.php?p=includes%2Fcertificates%2Fwp&view=ryaUhOO.php&quickView=1 HTTP/1.1" 302 0 "https://avisosenacrilico.com.co/" "Mozilla/5.0 (Macintosh; Intel Mac OS X 10_15_7) AppleWebKit/537.36 (KHTML, like Gecko) Chrome/125.0.0.0 Safari/537.36"
157.173.106.108 - - [16/Sep/2026:09:34:59 -0400] "GET /twentytwenty/wp/vBXRan.php?p=includes%2Fcertificates%2Fwp&del=ryaUhOO.php HTTP/1.1" 302 0 "https://avisosenacrilico.com.co/" "Mozilla/5.0 (Windows NT 10.0; Win64; x64) AppleWebKit/537.36 (KHTML, like Gecko) Chrome/121.0.0.0 Safari/537.36"
79.143.176.87 - - [16/Sep/2026:09:35:00 -0400] "GET /twentytwenty/wp/vBXRan.php?p=includes%2Fcertificates%2Fwp©=includes%2Fcertificates%2Fwp%2FryaUhOO.php HTTP/1.1" 302 0 "https://avisosenacrilico.com.co/" "Mozilla/5.0 (Windows NT 10.0; Win64; x64) AppleWebKit/537.36 (KHTML, like Gecko) Chrome/125.0.0.0 Safari/537.36"
45.141.22.207 - - [16/Sep/2026:09:35:00 -0400] "GET /includes/certificates/wp/ryaUhOO.php HTTP/1.1" 404 1251 "https://avisosenacrilico.com.co/" "Mozilla/5.0 (Macintosh; Intel Mac OS X 10_15_7) AppleWebKit/537.36 (KHTML, like Gecko) Chrome/125.0.0.0 Safari/537.36"
157.173.106.108 - - [16/Sep/2026:09:35:00 -0400] "GET /twentytwenty/wp/vBXRan.php?p=includes%2Fcertificates%2Fwp&dl=ryaUhOO.php HTTP/1.1" 302 0 "https://avisosenacrilico.com.co/" "Mozilla/5.0 (Windows NT 10.0; Win64; x64) AppleWebKit/537.36 (KHTML, like Gecko) Chrome/122.0.0.0 Safari/537.36"
79.143.176.87 - - [16/Sep/2026:09:35:00 -0400] "GET /twentytwenty/wp/includes/certificates/css/wp HTTP/1.1" 403 1242 "https://avisosenacrilico.com.co/" "Mozilla/5.0 (Macintosh; Intel Mac OS X 10_15_7) AppleWebKit/537.36 (KHTML, like Gecko) Chrome/123.0.0.0 Safari/537.36"
45.141.22.207 - - [16/Sep/2026:09:35:00 -0400] "GET /twentytwenty/wp/vBXRan.php?p=includes%2Fcertificates%2Fcss%2Fwp&upload HTTP/1.1" 200 9803 "https://avisosenacrilico.com.co/" "Mozilla/5.0 (Windows NT 10.0; Win64; x64) AppleWebKit/537.36 (KHTML, like Gecko) Chrome/121.0.0.0 Safari/537.36"
157.173.106.108 - - [16/Sep/2026:09:35:01 -0400] "GET /twentytwenty/wp/vBXRan.php?p=includes%2Fcertificates%2Fcss%2Fwp&settings=1 HTTP/1.1" 200 9612 "https://avisosenacrilico.com.co/" "Mozilla/5.0 (Windows NT 10.0; Win64; x64) AppleWebKit/537.36 (KHTML, like Gecko) Chrome/124.0.0.0 Safari/537.36"
79.143.176.87 - - [16/Sep/2026:09:35:02 -0400] "GET /twentytwenty/wp/vBXRan.php?p=includes%2Fcertificates%2Fcss%2Fwp©=wp-admin-20260916052324%2Fwp-content%2Fcss%2Fcertificates%2Fcss%2Fwp&finish=1 HTTP/1.1" 302 0 "https://avisosenacrilico.com.co/" "Mozilla/5.0 (Windows NT 10.0; Win64; x64) AppleWebKit/537.36 (KHTML, like Gecko) Chrome/122.0.0.0 Safari/537.36"
45.141.22.207 - - [16/Sep/2026:09:35:02 -0400] "GET /twentytwenty/wp/vBXRan.php?p=includes%2Fcertificates%2Fcss%2Fwp©=wp-admin-20260916052324%2Fwp-content%2Fcss%2Fcertificates%2Fcss%2Fwp&finish=1&move=1 HTTP/1.1" 302 0 "https://avisosenacrilico.com.co/" "Mozilla/5.0 (Macintosh; Intel Mac OS X 10_15_7) AppleWebKit/537.36 (KHTML, like Gecko) Chrome/124.0.0.0 Safari/537.36"
157.173.106.108 - - [16/Sep/2026:09:35:02 -0400] "GET /twentytwenty/wp/vBXRan.php?p=twentytwenty%2Finc©=wp-admin-20260916052324%2Fwp-content%2Fcss%2Fcertificates%2Fcss%2Fwp HTTP/1.1" 200 9250 "https://avisosenacrilico.com.co/" "Mozilla/5.0 (Windows NT 10.0; Win64; x64) AppleWebKit/537.36 (KHTML, like Gecko) Chrome/122.0.0.0 Safari/537.36"
79.143.176.87 - - [16/Sep/2026:09:35:02 -0400] "GET /twentytwenty/wp/vBXRan.php?p=twentytwenty%2Fwp©=wp-admin-20260916052324%2Fwp-content%2Fcss%2Fcertificates%2Fcss%2Fwp HTTP/1.1" 200 9265 "https://avisosenacrilico.com.co/" "Mozilla/5.0 (Windows NT 10.0; Win64; x64) AppleWebKit/537.36 (KHTML, like Gecko) Chrome/121.0.0.0 Safari/537.36"
45.141.22.207 - - [16/Sep/2026:09:35:02 -0400] "GET /twentytwenty/wp/vBXRan.php?p=twentytwenty%2Fwp-content©=wp-admin-20260916052324%2Fwp-content%2Fcss%2Fcertificates%2Fcss%2Fwp HTTP/1.1" 200 9287 "https://avisosenacrilico.com.co/" "Mozilla/5.0 (Macintosh; Intel Mac OS X 10_15_7) AppleWebKit/537.36 (KHTML, like Gecko) Chrome/124.0.0.0 Safari/537.36"
157.173.106.108 - - [16/Sep/2026:09:35:03 -0400] "GET /twentytwenty/wp/vBXRan.php?p=widgets©=wp-admin-20260916052324%2Fwp-content%2Fcss%2Fcertificates%2Fcss%2Fwp&finish=1 HTTP/1.1" 302 0 "https://avisosenacrilico.com.co/" "Mozilla/5.0 (Macintosh; Intel Mac OS X 10_15_7) AppleWebKit/537.36 (KHTML, like Gecko) Chrome/124.0.0.0 Safari/537.36"
79.143.176.87 - - [16/Sep/2026:09:35:03 -0400] "GET /twentytwenty/wp/vBXRan.php?p=widgets©=wp-admin-20260916052324%2Fwp-content%2Fcss%2Fcertificates%2Fcss%2Fwp&finish=1&move=1 HTTP/1.1" 302 0 "https://avisosenacrilico.com.co/" "Mozilla/5.0 (Windows NT 10.0; Win64; x64) AppleWebKit/537.36 (KHTML, like Gecko) Chrome/121.0.0.0 Safari/537.36"
45.141.22.207 - - [16/Sep/2026:09:35:03 -0400] "GET /twentytwenty/wp/vBXRan.php?p=widgets%2Fphp-compat©=wp-admin-20260916052324%2Fwp-content%2Fcss%2Fcertificates%2Fcss%2Fwp HTTP/1.1" 200 9272 "https://avisosenacrilico.com.co/" "Mozilla/5.0 (Macintosh; Intel Mac OS X 10_15_7) AppleWebKit/537.36 (KHTML, like Gecko) Chrome/123.0.0.0 Safari/537.36"
157.173.106.108 - - [16/Sep/2026:09:35:03 -0400] "GET /twentytwenty/wp/vBXRan.php?p=widgets%2Fwp©=wp-admin-20260916052324%2Fwp-content%2Fcss%2Fcertificates%2Fcss%2Fwp HTTP/1.1" 200 9237 "https://avisosenacrilico.com.co/" "Mozilla/5.0 (Windows NT 10.0; Win64; x64) AppleWebKit/537.36 (KHTML, like Gecko) Chrome/124.0.0.0 Safari/537.36"
79.143.176.87 - - [16/Sep/2026:09:35:04 -0400] "GET /twentytwenty/wp/vBXRan.php?p=wp©=wp-admin-20260916052324%2Fwp-content%2Fcss%2Fcertificates%2Fcss%2Fwp&finish=1 HTTP/1.1" 302 0 "https://avisosenacrilico.com.co/" "Mozilla/5.0 (Windows NT 10.0; Win64; x64) AppleWebKit/537.36 (KHTML, like Gecko) Chrome/124.0.0.0 Safari/537.36"
66.249.65.194 - - [16/Sep/2026:09:35:04 -0400] "GET /?goods/detail/P31922178835 HTTP/1.1" 200 1451 "-" "Mozilla/5.0 (Linux; Android 6.0.1; Nexus 5X Build/MMB29P) AppleWebKit/537.36 (KHTML, like Gecko) Chrome/153.0.8010.36 Mobile Safari/537.36 (compatible; Googlebot/2.1; +http://www.google.com/bot.html)"
45.141.22.207 - - [16/Sep/2026:09:35:04 -0400] "GET /twentytwenty/wp/vBXRan.php?p=wp©=wp-admin-20260916052324%2Fwp-content%2Fcss%2Fcertificates%2Fcss%2Fwp&finish=1&move=1 HTTP/1.1" 302 0 "https://avisosenacrilico.com.co/" "Mozilla/5.0 (Macintosh; Intel Mac OS X 10_15_7) AppleWebKit/537.36 (KHTML, like Gecko) Chrome/124.0.0.0 Safari/537.36"
157.173.106.108 - - [16/Sep/2026:09:35:04 -0400] "GET /twentytwenty/wp/vBXRan.php?p=wp%2Fwp©=wp-admin-20260916052324%2Fwp-content%2Fcss%2Fcertificates%2Fcss%2Fwp HTTP/1.1" 200 9242 "https://avisosenacrilico.com.co/" "Mozilla/5.0 (Macintosh; Intel Mac OS X 10_15_7) AppleWebKit/537.36 (KHTML, like Gecko) Chrome/125.0.0.0 Safari/537.36"
79.143.176.87 - - [16/Sep/2026:09:35:04 -0400] "GET /twentytwenty/wp/vBXRan.php?p=wp-admin-20260916052324©=wp-admin-20260916052324%2Fwp-content%2Fcss%2Fcertificates%2Fcss%2Fwp&finish=1 HTTP/1.1" 302 0 "https://avisosenacrilico.com.co/" "Mozilla/5.0 (Macintosh; Intel Mac OS X 10_15_7) AppleWebKit/537.36 (KHTML, like Gecko) Chrome/124.0.0.0 Safari/537.36"
45.141.22.207 - - [16/Sep/2026:09:35:05 -0400] "GET /twentytwenty/wp/vBXRan.php?p=wp-admin-20260916052324©=wp-admin-20260916052324%2Fwp-content%2Fcss%2Fcertificates%2Fcss%2Fwp&finish=1&move=1 HTTP/1.1" 302 0 "https://avisosenacrilico.com.co/" "Mozilla/5.0 (Windows NT 10.0; Win64; x64) AppleWebKit/537.36 (KHTML, like Gecko) Chrome/125.0.0.0 Safari/537.36"
157.173.106.108 - - [16/Sep/2026:09:35:05 -0400] "GET /twentytwenty/wp/vBXRan.php?p=wp-admin-20260916052324%2Fcertificates©=wp-admin-20260916052324%2Fwp-content%2Fcss%2Fcertificates%2Fcss%2Fwp HTTP/1.1" 200 9260 "https://avisosenacrilico.com.co/" "Mozilla/5.0 (Windows NT 10.0; Win64; x64) AppleWebKit/537.36 (KHTML, like Gecko) Chrome/122.0.0.0 Safari/537.36"
79.143.176.87 - - [16/Sep/2026:09:35:05 -0400] "GET /twentytwenty/wp/vBXRan.php?p=includes/certificates/css/wp HTTP/1.1" 200 10617 "https://avisosenacrilico.com.co/" "Mozilla/5.0 (Windows NT 10.0; Win64; x64) AppleWebKit/537.36 (KHTML, like Gecko) Chrome/121.0.0.0 Safari/537.36"
45.141.22.207 - - [16/Sep/2026:09:35:05 -0400] "GET /twentytwenty/wp/vBXRan.php?p=wp-admin-20260916052324%2Fcss©=wp-admin-20260916052324%2Fwp-content%2Fcss%2Fcertificates%2Fcss%2Fwp HTTP/1.1" 200 9248 "https://avisosenacrilico.com.co/" "Mozilla/5.0 (Macintosh; Intel Mac OS X 10_15_7) AppleWebKit/537.36 (KHTML, like Gecko) Chrome/123.0.0.0 Safari/537.36"
157.173.106.108 - - [16/Sep/2026:09:35:06 -0400] "GET /twentytwenty/wp/vBXRan.php?p=wp-admin-20260916052324%2FID3©=wp-admin-20260916052324%2Fwp-content%2Fcss%2Fcertificates%2Fcss%2Fwp HTTP/1.1" 200 9249 "https://avisosenacrilico.com.co/" "Mozilla/5.0 (Macintosh; Intel Mac OS X 10_15_7) AppleWebKit/537.36 (KHTML, like Gecko) Chrome/125.0.0.0 Safari/537.36"
79.143.176.87 - - [16/Sep/2026:09:35:06 -0400] "GET /twentytwenty/wp/vBXRan.php?p=wp-admin-20260916052324%2Fimages©=wp-admin-20260916052324%2Fwp-content%2Fcss%2Fcertificates%2Fcss%2Fwp HTTP/1.1" 200 9272 "https://avisosenacrilico.com.co/" "Mozilla/5.0 (Windows NT 10.0; Win64; x64) AppleWebKit/537.36 (KHTML, like Gecko) Chrome/123.0.0.0 Safari/537.36"
45.141.22.207 - - [16/Sep/2026:09:35:06 -0400] "GET /twentytwenty/wp/vBXRan.php?p=twentytwenty%2Finc©=wp-admin-20260916052324%2Fwp-content%2Fcss%2Fcertificates%2Fcss%2Fwp&finish=1 HTTP/1.1" 302 0 "https://avisosenacrilico.com.co/" "Mozilla/5.0 (Windows NT 10.0; Win64; x64) AppleWebKit/537.36 (KHTML, like Gecko) Chrome/123.0.0.0 Safari/537.36"
157.173.106.108 - - [16/Sep/2026:09:35:07 -0400] "GET /twentytwenty/wp/vBXRan.php?p=twentytwenty%2Finc©=wp-admin-20260916052324%2Fwp-content%2Fcss%2Fcertificates%2Fcss%2Fwp&finish=1&move=1 HTTP/1.1" 302 0 "https://avisosenacrilico.com.co/" "Mozilla/5.0 (Macintosh; Intel Mac OS X 10_15_7) AppleWebKit/537.36 (KHTML, like Gecko) Chrome/125.0.0.0 Safari/537.36"
79.143.176.87 - - [16/Sep/2026:09:35:07 -0400] "GET /twentytwenty/wp/vBXRan.php?p=twentytwenty%2Fwp©=wp-admin-20260916052324%2Fwp-content%2Fcss%2Fcertificates%2Fcss%2Fwp&finish=1 HTTP/1.1" 302 0 "https://avisosenacrilico.com.co/" "Mozilla/5.0 (Windows NT 10.0; Win64; x64) AppleWebKit/537.36 (KHTML, like Gecko) Chrome/124.0.0.0 Safari/537.36"
45.141.22.207 - - [16/Sep/2026:09:35:07 -0400] "GET /twentytwenty/wp/vBXRan.php?p=twentytwenty%2Fwp©=wp-admin-20260916052324%2Fwp-content%2Fcss%2Fcertificates%2Fcss%2Fwp&finish=1&move=1 HTTP/1.1" 302 0 "https://avisosenacrilico.com.co/" "Mozilla/5.0 (Windows NT 10.0; Win64; x64) AppleWebKit/537.36 (KHTML, like Gecko) Chrome/125.0.0.0 Safari/537.36"
157.173.106.108 - - [16/Sep/2026:09:35:07 -0400] "GET /twentytwenty/wp/vBXRan.php?p=twentytwenty%2Fwp%2Fwp©=wp-admin-20260916052324%2Fwp-content%2Fcss%2Fcertificates%2Fcss%2Fwp HTTP/1.1" 200 9256 "https://avisosenacrilico.com.co/" "Mozilla/5.0 (Windows NT 10.0; Win64; x64) AppleWebKit/537.36 (KHTML, like Gecko) Chrome/121.0.0.0 Safari/537.36"
79.143.176.87 - - [16/Sep/2026:09:35:08 -0400] "GET /twentytwenty/wp/vBXRan.php?p=twentytwenty%2Fwp-content©=wp-admin-20260916052324%2Fwp-content%2Fcss%2Fcertificates%2Fcss%2Fwp&finish=1 HTTP/1.1" 302 0 "https://avisosenacrilico.com.co/" "Mozilla/5.0 (Windows NT 10.0; Win64; x64) AppleWebKit/537.36 (KHTML, like Gecko) Chrome/123.0.0.0 Safari/537.36"
45.141.22.207 - - [16/Sep/2026:09:35:08 -0400] "GET /twentytwenty/wp/vBXRan.php?p=twentytwenty%2Fwp-content©=wp-admin-20260916052324%2Fwp-content%2Fcss%2Fcertificates%2Fcss%2Fwp&finish=1&move=1 HTTP/1.1" 302 0 "https://avisosenacrilico.com.co/" "Mozilla/5.0 (Windows NT 10.0; Win64; x64) AppleWebKit/537.36 (KHTML, like Gecko) Chrome/123.0.0.0 Safari/537.36"
157.173.106.108 - - [16/Sep/2026:09:35:08 -0400] "GET /twentytwenty/wp/vBXRan.php?p=twentytwenty%2Fwp-content%2Fcss©=wp-admin-20260916052324%2Fwp-content%2Fcss%2Fcertificates%2Fcss%2Fwp HTTP/1.1" 200 9271 "https://avisosenacrilico.com.co/" "Mozilla/5.0 (Windows NT 10.0; Win64; x64) AppleWebKit/537.36 (KHTML, like Gecko) Chrome/122.0.0.0 Safari/537.36"
79.143.176.87 - - [16/Sep/2026:09:35:08 -0400] "GET /twentytwenty/wp/vBXRan.php?p=twentytwenty%2Fwp-content%2Ffonts©=wp-admin-20260916052324%2Fwp-content%2Fcss%2Fcertificates%2Fcss%2Fwp HTTP/1.1" 200 9268 "https://avisosenacrilico.com.co/" "Mozilla/5.0 (Windows NT 10.0; Win64; x64) AppleWebKit/537.36 (KHTML, like Gecko) Chrome/121.0.0.0 Safari/537.36"
45.141.22.207 - - [16/Sep/2026:09:35:09 -0400] "GET /twentytwenty/wp/vBXRan.php?p=twentytwenty%2Fwp-content%2Fthemes©=wp-admin-20260916052324%2Fwp-content%2Fcss%2Fcertificates%2Fcss%2Fwp HTTP/1.1" 200 9282 "https://avisosenacrilico.com.co/" "Mozilla/5.0 (Windows NT 10.0; Win64; x64) AppleWebKit/537.36 (KHTML, like Gecko) Chrome/124.0.0.0 Safari/537.36"
157.173.106.108 - - [16/Sep/2026:09:35:09 -0400] "GET /twentytwenty/wp/vBXRan.php?p=widgets%2Fphp-compat©=wp-admin-20260916052324%2Fwp-content%2Fcss%2Fcertificates%2Fcss%2Fwp&finish=1 HTTP/1.1" 302 0 "https://avisosenacrilico.com.co/" "Mozilla/5.0 (Windows NT 10.0; Win64; x64) AppleWebKit/537.36 (KHTML, like Gecko) Chrome/121.0.0.0 Safari/537.36"
79.143.176.87 - - [16/Sep/2026:09:35:09 -0400] "GET /twentytwenty/wp/vBXRan.php?p=widgets%2Fphp-compat©=wp-admin-20260916052324%2Fwp-content%2Fcss%2Fcertificates%2Fcss%2Fwp&finish=1&move=1 HTTP/1.1" 302 0 "https://avisosenacrilico.com.co/" "Mozilla/5.0 (Windows NT 10.0; Win64; x64) AppleWebKit/537.36 (KHTML, like Gecko) Chrome/121.0.0.0 Safari/537.36"
45.141.22.207 - - [16/Sep/2026:09:35:09 -0400] "GET /twentytwenty/wp/vBXRan.php?p=widgets%2Fphp-compat%2Fwp©=wp-admin-20260916052324%2Fwp-content%2Fcss%2Fcertificates%2Fcss%2Fwp HTTP/1.1" 200 9279 "https://avisosenacrilico.com.co/" "Mozilla/5.0 (Windows NT 10.0; Win64; x64) AppleWebKit/537.36 (KHTML, like Gecko) Chrome/124.0.0.0 Safari/537.36"
157.173.106.108 - - [16/Sep/2026:09:35:10 -0400] "GET /twentytwenty/wp/vBXRan.php?p=includes%2Fcertificates%2Fcss%2Fwp%2Fwp HTTP/1.1" 200 10422 "https://avisosenacrilico.com.co/" "Mozilla/5.0 (Windows NT 10.0; Win64; x64) AppleWebKit/537.36 (KHTML, like Gecko) Chrome/124.0.0.0 Safari/537.36"
79.143.176.87 - - [16/Sep/2026:09:35:10 -0400] "GET /twentytwenty/wp/vBXRan.php?p=includes%2Fcertificates%2Fcss%2Fwp&chmod=wp HTTP/1.1" 200 9416 "https://avisosenacrilico.com.co/" "Mozilla/5.0 (Windows NT 10.0; Win64; x64) AppleWebKit/537.36 (KHTML, like Gecko) Chrome/122.0.0.0 Safari/537.36"
45.141.22.207 - - [16/Sep/2026:09:35:10 -0400] "GET /twentytwenty/wp/vBXRan.php?p=includes%2Fcertificates%2Fcss%2Fwp&del=wp HTTP/1.1" 302 0 "https://avisosenacrilico.com.co/" "Mozilla/5.0 (Windows NT 10.0; Win64; x64) AppleWebKit/537.36 (KHTML, like Gecko) Chrome/123.0.0.0 Safari/537.36"
157.173.106.108 - - [16/Sep/2026:09:35:10 -0400] "GET /twentytwenty/wp/vBXRan.php?p=©=includes%2Fcertificates%2Fcss%2Fwp%2Fwp HTTP/1.1" 302 0 "https://avisosenacrilico.com.co/" "Mozilla/5.0 (Macintosh; Intel Mac OS X 10_15_7) AppleWebKit/537.36 (KHTML, like Gecko) Chrome/124.0.0.0 Safari/537.36"
79.143.176.87 - - [16/Sep/2026:09:35:11 -0400] "GET /includes/certificates/css/wp/wp/ HTTP/1.1" 404 1251 "https://avisosenacrilico.com.co/" "Mozilla/5.0 (Windows NT 10.0; Win64; x64) AppleWebKit/537.36 (KHTML, like Gecko) Chrome/123.0.0.0 Safari/537.36"
45.141.22.207 - - [16/Sep/2026:09:35:11 -0400] "GET /twentytwenty/wp/vBXRan.php?p=includes%2Fcertificates%2Fcss%2Fwp&view=ryaUhOO.php HTTP/1.1" 200 161777 "https://avisosenacrilico.com.co/" "Mozilla/5.0 (Macintosh; Intel Mac OS X 10_15_7) AppleWebKit/537.36 (KHTML, like Gecko) Chrome/124.0.0.0 Safari/537.36"
157.173.106.108 - - [16/Sep/2026:09:35:11 -0400] "GET /twentytwenty/wp/vBXRan.php?p=includes%2Fcertificates%2Fcss%2Fwp&chmod=ryaUhOO.php HTTP/1.1" 200 9402 "https://avisosenacrilico.com.co/" "Mozilla/5.0 (Windows NT 10.0; Win64; x64) AppleWebKit/537.36 (KHTML, like Gecko) Chrome/123.0.0.0 Safari/537.36"
79.143.176.87 - - [16/Sep/2026:09:35:11 -0400] "GET /twentytwenty/wp/vBXRan.php?p=includes%2Fcertificates%2Fcss%2Fwp&view=ryaUhOO.php&quickView=1 HTTP/1.1" 200 152043 "https://avisosenacrilico.com.co/" "Mozilla/5.0 (Macintosh; Intel Mac OS X 10_15_7) AppleWebKit/537.36 (KHTML, like Gecko) Chrome/125.0.0.0 Safari/537.36"
