79.143.176.87 - - [16/Sep/2026:09:31:02 -0400] "GET /twentytwenty/wp/?ND HTTP/1.1" 200 723 "https://avisosenacrilico.com.co/" "Mozilla/5.0 (Macintosh; Intel Mac OS X 10_15_7) AppleWebKit/537.36 (KHTML, like Gecko) Chrome/123.0.0.0 Safari/537.36"
157.173.106.108 - - [16/Sep/2026:09:31:02 -0400] "GET /includes/wp/?NA HTTP/1.1" 200 636 "https://avisosenacrilico.com.co/" "Mozilla/5.0 (Macintosh; Intel Mac OS X 10_15_7) AppleWebKit/537.36 (KHTML, like Gecko) Chrome/125.0.0.0 Safari/537.36"
79.143.176.87 - - [16/Sep/2026:09:31:02 -0400] "GET /includes/wp/?MD HTTP/1.1" 200 640 "https://avisosenacrilico.com.co/" "Mozilla/5.0 (Windows NT 10.0; Win64; x64) AppleWebKit/537.36 (KHTML, like Gecko) Chrome/124.0.0.0 Safari/537.36"
157.173.106.108 - - [16/Sep/2026:09:31:03 -0400] "GET /includes/wp/?SD HTTP/1.1" 200 639 "https://avisosenacrilico.com.co/" "Mozilla/5.0 (Macintosh; Intel Mac OS X 10_15_7) AppleWebKit/537.36 (KHTML, like Gecko) Chrome/123.0.0.0 Safari/537.36"
79.143.176.87 - - [16/Sep/2026:09:31:03 -0400] "GET /twentytwenty/wp/?MA HTTP/1.1" 200 730 "https://avisosenacrilico.com.co/" "Mozilla/5.0 (Macintosh; Intel Mac OS X 10_15_7) AppleWebKit/537.36 (KHTML, like Gecko) Chrome/125.0.0.0 Safari/537.36"
157.173.106.108 - - [16/Sep/2026:09:31:03 -0400] "GET /twentytwenty/wp/?SA HTTP/1.1" 200 730 "https://avisosenacrilico.com.co/" "Mozilla/5.0 (Windows NT 10.0; Win64; x64) AppleWebKit/537.36 (KHTML, like Gecko) Chrome/122.0.0.0 Safari/537.36"
79.143.176.87 - - [16/Sep/2026:09:31:04 -0400] "GET /twentytwenty/wp/NcJvlntcI.php HTTP/1.1" 403 1242 "https://avisosenacrilico.com.co/" "Mozilla/5.0 (Macintosh; Intel Mac OS X 10_15_7) AppleWebKit/537.36 (KHTML, like Gecko) Chrome/124.0.0.0 Safari/537.36"
157.173.106.108 - - [16/Sep/2026:09:31:04 -0400] "GET /twentytwenty/wp/vBXRan.php HTTP/1.1" 302 0 "https://avisosenacrilico.com.co/" "Mozilla/5.0 (Windows NT 10.0; Win64; x64) AppleWebKit/537.36 (KHTML, like Gecko) Chrome/124.0.0.0 Safari/537.36"
79.143.176.87 - - [16/Sep/2026:09:31:04 -0400] "GET /twentytwenty/inc/?NA HTTP/1.1" 200 747 "https://avisosenacrilico.com.co/" "Mozilla/5.0 (Windows NT 10.0; Win64; x64) AppleWebKit/537.36 (KHTML, like Gecko) Chrome/121.0.0.0 Safari/537.36"
216.73.216.158 - - [16/Sep/2026:09:31:04 -0400] "GET /goods/detail/O319211200814 HTTP/2" 404 1251 "-" "Mozilla/5.0 AppleWebKit/537.36 (KHTML, like Gecko; compatible; ClaudeBot/1.0; +claudebot@anthropic.com)"
216.73.216.158 - - [16/Sep/2026:09:31:04 -0400] "GET /goods/detail/O319211067185 HTTP/2" 404 1251 "-" "Mozilla/5.0 AppleWebKit/537.36 (KHTML, like Gecko; compatible; ClaudeBot/1.0; +claudebot@anthropic.com)"
216.73.216.158 - - [16/Sep/2026:09:31:04 -0400] "GET /goods/detail/Z31935689233 HTTP/2" 404 1251 "-" "Mozilla/5.0 AppleWebKit/537.36 (KHTML, like Gecko; compatible; ClaudeBot/1.0; +claudebot@anthropic.com)"
157.173.106.108 - - [16/Sep/2026:09:31:04 -0400] "GET /twentytwenty/inc/?MD HTTP/1.1" 200 752 "https://avisosenacrilico.com.co/" "Mozilla/5.0 (Windows NT 10.0; Win64; x64) AppleWebKit/537.36 (KHTML, like Gecko) Chrome/122.0.0.0 Safari/537.36"
216.73.216.158 - - [16/Sep/2026:09:31:04 -0400] "GET /goods/detail/N318963700150 HTTP/2" 404 1251 "-" "Mozilla/5.0 AppleWebKit/537.36 (KHTML, like Gecko; compatible; ClaudeBot/1.0; +claudebot@anthropic.com)"
79.143.176.87 - - [16/Sep/2026:09:31:05 -0400] "GET /twentytwenty/inc/?SD HTTP/1.1" 200 751 "https://avisosenacrilico.com.co/" "Mozilla/5.0 (Windows NT 10.0; Win64; x64) AppleWebKit/537.36 (KHTML, like Gecko) Chrome/123.0.0.0 Safari/537.36"
157.173.106.108 - - [16/Sep/2026:09:31:05 -0400] "GET /twentytwenty/inc/wp/?ND HTTP/1.1" 200 640 "https://avisosenacrilico.com.co/" "Mozilla/5.0 (Macintosh; Intel Mac OS X 10_15_7) AppleWebKit/537.36 (KHTML, like Gecko) Chrome/124.0.0.0 Safari/537.36"
79.143.176.87 - - [16/Sep/2026:09:31:05 -0400] "GET /twentytwenty/inc/wp/?MA HTTP/1.1" 200 644 "https://avisosenacrilico.com.co/" "Mozilla/5.0 (Windows NT 10.0; Win64; x64) AppleWebKit/537.36 (KHTML, like Gecko) Chrome/125.0.0.0 Safari/537.36"
157.173.106.108 - - [16/Sep/2026:09:31:05 -0400] "GET /twentytwenty/inc/wp/?SA HTTP/1.1" 200 646 "https://avisosenacrilico.com.co/" "Mozilla/5.0 (Macintosh; Intel Mac OS X 10_15_7) AppleWebKit/537.36 (KHTML, like Gecko) Chrome/124.0.0.0 Safari/537.36"
79.143.176.87 - - [16/Sep/2026:09:31:05 -0400] "GET /twentytwenty/inc/wp/NcJvlntcI.php HTTP/1.1" 200 2925 "https://avisosenacrilico.com.co/" "Mozilla/5.0 (Windows NT 10.0; Win64; x64) AppleWebKit/537.36 (KHTML, like Gecko) Chrome/124.0.0.0 Safari/537.36"
157.173.106.108 - - [16/Sep/2026:09:31:06 -0400] "GET /twentytwenty/wp-content/?ND HTTP/1.1" 200 652 "https://avisosenacrilico.com.co/" "Mozilla/5.0 (Windows NT 10.0; Win64; x64) AppleWebKit/537.36 (KHTML, like Gecko) Chrome/121.0.0.0 Safari/537.36"
79.143.176.87 - - [16/Sep/2026:09:31:06 -0400] "GET /twentytwenty/wp-content/?MA HTTP/1.1" 200 654 "https://avisosenacrilico.com.co/" "Mozilla/5.0 (Macintosh; Intel Mac OS X 10_15_7) AppleWebKit/537.36 (KHTML, like Gecko) Chrome/123.0.0.0 Safari/537.36"
157.173.106.108 - - [16/Sep/2026:09:31:06 -0400] "GET /twentytwenty/wp/?NA HTTP/1.1" 200 730 "https://avisosenacrilico.com.co/" "Mozilla/5.0 (Windows NT 10.0; Win64; x64) AppleWebKit/537.36 (KHTML, like Gecko) Chrome/121.0.0.0 Safari/537.36"
79.143.176.87 - - [16/Sep/2026:09:31:07 -0400] "GET /twentytwenty/wp-content/?SA HTTP/1.1" 200 658 "https://avisosenacrilico.com.co/" "Mozilla/5.0 (Macintosh; Intel Mac OS X 10_15_7) AppleWebKit/537.36 (KHTML, like Gecko) Chrome/125.0.0.0 Safari/537.36"
157.173.106.108 - - [16/Sep/2026:09:31:07 -0400] "GET /twentytwenty/wp-content/css/ HTTP/1.1" 200 702 "https://avisosenacrilico.com.co/" "Mozilla/5.0 (Windows NT 10.0; Win64; x64) AppleWebKit/537.36 (KHTML, like Gecko) Chrome/121.0.0.0 Safari/537.36"
79.143.176.87 - - [16/Sep/2026:09:31:07 -0400] "GET /twentytwenty/wp-content/fonts/ HTTP/1.1" 200 628 "https://avisosenacrilico.com.co/" "Mozilla/5.0 (Macintosh; Intel Mac OS X 10_15_7) AppleWebKit/537.36 (KHTML, like Gecko) Chrome/123.0.0.0 Safari/537.36"
157.173.106.108 - - [16/Sep/2026:09:31:07 -0400] "GET /twentytwenty/wp/?MD HTTP/1.1" 200 734 "https://avisosenacrilico.com.co/" "Mozilla/5.0 (Windows NT 10.0; Win64; x64) AppleWebKit/537.36 (KHTML, like Gecko) Chrome/122.0.0.0 Safari/537.36"
79.143.176.87 - - [16/Sep/2026:09:31:08 -0400] "GET /twentytwenty/wp/?SD HTTP/1.1" 200 726 "https://avisosenacrilico.com.co/" "Mozilla/5.0 (Windows NT 10.0; Win64; x64) AppleWebKit/537.36 (KHTML, like Gecko) Chrome/125.0.0.0 Safari/537.36"
157.173.106.108 - - [16/Sep/2026:09:31:08 -0400] "GET /twentytwenty/wp/vBXRan.php?p= HTTP/1.1" 200 12147 "https://avisosenacrilico.com.co/" "Mozilla/5.0 (Windows NT 10.0; Win64; x64) AppleWebKit/537.36 (KHTML, like Gecko) Chrome/124.0.0.0 Safari/537.36"
79.143.176.87 - - [16/Sep/2026:09:31:08 -0400] "GET /twentytwenty/wp-content/themes/ HTTP/1.1" 200 773 "https://avisosenacrilico.com.co/" "Mozilla/5.0 (Windows NT 10.0; Win64; x64) AppleWebKit/537.36 (KHTML, like Gecko) Chrome/123.0.0.0 Safari/537.36"
157.173.106.108 - - [16/Sep/2026:09:31:08 -0400] "GET /twentytwenty/fox_2ce860.php HTTP/1.1" 403 1242 "https://avisosenacrilico.com.co/" "Mozilla/5.0 (Macintosh; Intel Mac OS X 10_15_7) AppleWebKit/537.36 (KHTML, like Gecko) Chrome/124.0.0.0 Safari/537.36"
79.143.176.87 - - [16/Sep/2026:09:31:09 -0400] "GET /twentytwenty/fox_f5e952.php HTTP/1.1" 403 1242 "https://avisosenacrilico.com.co/" "Mozilla/5.0 (Windows NT 10.0; Win64; x64) AppleWebKit/537.36 (KHTML, like Gecko) Chrome/123.0.0.0 Safari/537.36"
157.173.106.108 - - [16/Sep/2026:09:31:09 -0400] "GET /twentytwenty/IdSnGon.php HTTP/1.1" 403 1242 "https://avisosenacrilico.com.co/" "Mozilla/5.0 (Windows NT 10.0; Win64; x64) AppleWebKit/537.36 (KHTML, like Gecko) Chrome/122.0.0.0 Safari/537.36"
79.143.176.87 - - [16/Sep/2026:09:31:09 -0400] "GET /twentytwenty/inc/wp/?NA HTTP/1.1" 200 641 "https://avisosenacrilico.com.co/" "Mozilla/5.0 (Macintosh; Intel Mac OS X 10_15_7) AppleWebKit/537.36 (KHTML, like Gecko) Chrome/123.0.0.0 Safari/537.36"
157.173.106.108 - - [16/Sep/2026:09:31:09 -0400] "GET /twentytwenty/inc/wp/?MD HTTP/1.1" 200 646 "https://avisosenacrilico.com.co/" "Mozilla/5.0 (Windows NT 10.0; Win64; x64) AppleWebKit/537.36 (KHTML, like Gecko) Chrome/125.0.0.0 Safari/537.36"
79.143.176.87 - - [16/Sep/2026:09:31:09 -0400] "GET /twentytwenty/inc/wp/?SD HTTP/1.1" 200 645 "https://avisosenacrilico.com.co/" "Mozilla/5.0 (Macintosh; Intel Mac OS X 10_15_7) AppleWebKit/537.36 (KHTML, like Gecko) Chrome/124.0.0.0 Safari/537.36"
157.173.106.108 - - [16/Sep/2026:09:31:10 -0400] "GET /twentytwenty/UhKgq.php HTTP/1.1" 403 1242 "https://avisosenacrilico.com.co/" "Mozilla/5.0 (Macintosh; Intel Mac OS X 10_15_7) AppleWebKit/537.36 (KHTML, like Gecko) Chrome/125.0.0.0 Safari/537.36"
79.143.176.87 - - [16/Sep/2026:09:31:10 -0400] "GET /twentytwenty/wp-content/?NA HTTP/1.1" 200 653 "https://avisosenacrilico.com.co/" "Mozilla/5.0 (Windows NT 10.0; Win64; x64) AppleWebKit/537.36 (KHTML, like Gecko) Chrome/123.0.0.0 Safari/537.36"
157.173.106.108 - - [16/Sep/2026:09:31:10 -0400] "GET /twentytwenty/wp-content/?MD HTTP/1.1" 200 653 "https://avisosenacrilico.com.co/" "Mozilla/5.0 (Macintosh; Intel Mac OS X 10_15_7) AppleWebKit/537.36 (KHTML, like Gecko) Chrome/123.0.0.0 Safari/537.36"
79.143.176.87 - - [16/Sep/2026:09:31:11 -0400] "GET /widgets/?ND HTTP/1.1" 200 611 "https://avisosenacrilico.com.co/" "Mozilla/5.0 (Windows NT 10.0; Win64; x64) AppleWebKit/537.36 (KHTML, like Gecko) Chrome/125.0.0.0 Safari/537.36"
157.173.106.108 - - [16/Sep/2026:09:31:11 -0400] "GET /twentytwenty/wp-content/?SD HTTP/1.1" 200 653 "https://avisosenacrilico.com.co/" "Mozilla/5.0 (Macintosh; Intel Mac OS X 10_15_7) AppleWebKit/537.36 (KHTML, like Gecko) Chrome/124.0.0.0 Safari/537.36"
79.143.176.87 - - [16/Sep/2026:09:31:11 -0400] "GET /twentytwenty/wp-content/css/?ND HTTP/1.1" 200 703 "https://avisosenacrilico.com.co/" "Mozilla/5.0 (Windows NT 10.0; Win64; x64) AppleWebKit/537.36 (KHTML, like Gecko) Chrome/125.0.0.0 Safari/537.36"
157.173.106.108 - - [16/Sep/2026:09:31:11 -0400] "GET /twentytwenty/wp-content/css/?MA HTTP/1.1" 200 703 "https://avisosenacrilico.com.co/" "Mozilla/5.0 (Windows NT 10.0; Win64; x64) AppleWebKit/537.36 (KHTML, like Gecko) Chrome/122.0.0.0 Safari/537.36"
79.143.176.87 - - [16/Sep/2026:09:31:12 -0400] "GET /twentytwenty/wp-content/css/?SA HTTP/1.1" 200 704 "https://avisosenacrilico.com.co/" "Mozilla/5.0 (Windows NT 10.0; Win64; x64) AppleWebKit/537.36 (KHTML, like Gecko) Chrome/124.0.0.0 Safari/537.36"
157.173.106.108 - - [16/Sep/2026:09:31:12 -0400] "GET /twentytwenty/wp-content/css/certificates/ HTTP/1.1" 403 1242 "https://avisosenacrilico.com.co/" "Mozilla/5.0 (Windows NT 10.0; Win64; x64) AppleWebKit/537.36 (KHTML, like Gecko) Chrome/125.0.0.0 Safari/537.36"
79.143.176.87 - - [16/Sep/2026:09:31:12 -0400] "GET /twentytwenty/wp-content/css/vpabZjjAFP.php HTTP/1.1" 200 3015 "https://avisosenacrilico.com.co/" "Mozilla/5.0 (Macintosh; Intel Mac OS X 10_15_7) AppleWebKit/537.36 (KHTML, like Gecko) Chrome/125.0.0.0 Safari/537.36"
157.173.106.108 - - [16/Sep/2026:09:31:13 -0400] "GET /twentytwenty/wp-content/fonts/?ND HTTP/1.1" 200 624 "https://avisosenacrilico.com.co/" "Mozilla/5.0 (Windows NT 10.0; Win64; x64) AppleWebKit/537.36 (KHTML, like Gecko) Chrome/122.0.0.0 Safari/537.36"
79.143.176.87 - - [16/Sep/2026:09:31:13 -0400] "GET /twentytwenty/wp-content/fonts/?MA HTTP/1.1" 200 629 "https://avisosenacrilico.com.co/" "Mozilla/5.0 (Windows NT 10.0; Win64; x64) AppleWebKit/537.36 (KHTML, like Gecko) Chrome/121.0.0.0 Safari/537.36"
157.173.106.108 - - [16/Sep/2026:09:31:13 -0400] "GET /twentytwenty/wp-content/fonts/?SA HTTP/1.1" 200 629 "https://avisosenacrilico.com.co/" "Mozilla/5.0 (Windows NT 10.0; Win64; x64) AppleWebKit/537.36 (KHTML, like Gecko) Chrome/123.0.0.0 Safari/537.36"
79.143.176.87 - - [16/Sep/2026:09:31:13 -0400] "GET /twentytwenty/wp-content/fonts/pomo/ HTTP/1.1" 200 628 "https://avisosenacrilico.com.co/" "Mozilla/5.0 (Macintosh; Intel Mac OS X 10_15_7) AppleWebKit/537.36 (KHTML, like Gecko) Chrome/123.0.0.0 Safari/537.36"
157.173.106.108 - - [16/Sep/2026:09:31:14 -0400] "GET /twentytwenty/wp/vBXRan.php?p=&upload HTTP/1.1" 200 9715 "https://avisosenacrilico.com.co/" "Mozilla/5.0 (Windows NT 10.0; Win64; x64) AppleWebKit/537.36 (KHTML, like Gecko) Chrome/125.0.0.0 Safari/537.36"
79.143.176.87 - - [16/Sep/2026:09:31:14 -0400] "GET /twentytwenty/wp/vBXRan.php?p=&settings=1 HTTP/1.1" 200 9523 "https://avisosenacrilico.com.co/" "Mozilla/5.0 (Windows NT 10.0; Win64; x64) AppleWebKit/537.36 (KHTML, like Gecko) Chrome/124.0.0.0 Safari/537.36"
157.173.106.108 - - [16/Sep/2026:09:31:14 -0400] "GET /twentytwenty/wp/vBXRan.php?p=css HTTP/1.1" 200 10604 "https://avisosenacrilico.com.co/" "Mozilla/5.0 (Macintosh; Intel Mac OS X 10_15_7) AppleWebKit/537.36 (KHTML, like Gecko) Chrome/125.0.0.0 Safari/537.36"
79.143.176.87 - - [16/Sep/2026:09:31:14 -0400] "GET /twentytwenty/wp/vBXRan.php?p=&chmod=css HTTP/1.1" 200 9311 "https://avisosenacrilico.com.co/" "Mozilla/5.0 (Macintosh; Intel Mac OS X 10_15_7) AppleWebKit/537.36 (KHTML, like Gecko) Chrome/124.0.0.0 Safari/537.36"
157.173.106.108 - - [16/Sep/2026:09:31:15 -0400] "GET /twentytwenty/wp/vBXRan.php?p=&del=css HTTP/1.1" 302 0 "https://avisosenacrilico.com.co/" "Mozilla/5.0 (Windows NT 10.0; Win64; x64) AppleWebKit/537.36 (KHTML, like Gecko) Chrome/125.0.0.0 Safari/537.36"
79.143.176.87 - - [16/Sep/2026:09:31:15 -0400] "GET /twentytwenty/wp/vBXRan.php?p=©=css HTTP/1.1" 302 0 "https://avisosenacrilico.com.co/" "Mozilla/5.0 (Macintosh; Intel Mac OS X 10_15_7) AppleWebKit/537.36 (KHTML, like Gecko) Chrome/124.0.0.0 Safari/537.36"
157.173.106.108 - - [16/Sep/2026:09:31:15 -0400] "GET /twentytwenty/wp/vBXRan.php?p=includes HTTP/1.1" 200 10262 "https://avisosenacrilico.com.co/" "Mozilla/5.0 (Macintosh; Intel Mac OS X 10_15_7) AppleWebKit/537.36 (KHTML, like Gecko) Chrome/124.0.0.0 Safari/537.36"
79.143.176.87 - - [16/Sep/2026:09:31:15 -0400] "GET /twentytwenty/wp/vBXRan.php?p=&chmod=includes HTTP/1.1" 200 9273 "https://avisosenacrilico.com.co/" "Mozilla/5.0 (Macintosh; Intel Mac OS X 10_15_7) AppleWebKit/537.36 (KHTML, like Gecko) Chrome/123.0.0.0 Safari/537.36"
157.173.106.108 - - [16/Sep/2026:09:31:16 -0400] "GET /twentytwenty/wp-content/css/?NA HTTP/1.1" 200 702 "https://avisosenacrilico.com.co/" "Mozilla/5.0 (Windows NT 10.0; Win64; x64) AppleWebKit/537.36 (KHTML, like Gecko) Chrome/124.0.0.0 Safari/537.36"
79.143.176.87 - - [16/Sep/2026:09:31:16 -0400] "GET /twentytwenty/wp-content/css/?MD HTTP/1.1" 200 706 "https://avisosenacrilico.com.co/" "Mozilla/5.0 (Windows NT 10.0; Win64; x64) AppleWebKit/537.36 (KHTML, like Gecko) Chrome/122.0.0.0 Safari/537.36"
157.173.106.108 - - [16/Sep/2026:09:31:16 -0400] "GET /twentytwenty/wp-content/css/?SD HTTP/1.1" 200 705 "https://avisosenacrilico.com.co/" "Mozilla/5.0 (Windows NT 10.0; Win64; x64) AppleWebKit/537.36 (KHTML, like Gecko) Chrome/124.0.0.0 Safari/537.36"
79.143.176.87 - - [16/Sep/2026:09:31:16 -0400] "GET /twentytwenty/wp/vBXRan.php?p=&del=includes HTTP/1.1" 302 0 "https://avisosenacrilico.com.co/" "Mozilla/5.0 (Windows NT 10.0; Win64; x64) AppleWebKit/537.36 (KHTML, like Gecko) Chrome/125.0.0.0 Safari/537.36"
157.173.106.108 - - [16/Sep/2026:09:31:17 -0400] "GET /twentytwenty/wp/vBXRan.php?p=©=includes HTTP/1.1" 200 9203 "https://avisosenacrilico.com.co/" "Mozilla/5.0 (Macintosh; Intel Mac OS X 10_15_7) AppleWebKit/537.36 (KHTML, like Gecko) Chrome/124.0.0.0 Safari/537.36"
79.143.176.87 - - [16/Sep/2026:09:31:17 -0400] "GET /twentytwenty/wp-content/fonts/?NA HTTP/1.1" 200 628 "https://avisosenacrilico.com.co/" "Mozilla/5.0 (Windows NT 10.0; Win64; x64) AppleWebKit/537.36 (KHTML, like Gecko) Chrome/122.0.0.0 Safari/537.36"
157.173.106.108 - - [16/Sep/2026:09:31:17 -0400] "GET /twentytwenty/wp-content/fonts/?MD HTTP/1.1" 200 630 "https://avisosenacrilico.com.co/" "Mozilla/5.0 (Windows NT 10.0; Win64; x64) AppleWebKit/537.36 (KHTML, like Gecko) Chrome/123.0.0.0 Safari/537.36"
79.143.176.87 - - [16/Sep/2026:09:31:18 -0400] "GET /twentytwenty/wp-content/fonts/?SD HTTP/1.1" 200 630 "https://avisosenacrilico.com.co/" "Mozilla/5.0 (Windows NT 10.0; Win64; x64) AppleWebKit/537.36 (KHTML, like Gecko) Chrome/123.0.0.0 Safari/537.36"
157.173.106.108 - - [16/Sep/2026:09:31:18 -0400] "GET /twentytwenty/wp-content/fonts/pomo/?ND HTTP/1.1" 200 627 "https://avisosenacrilico.com.co/" "Mozilla/5.0 (Windows NT 10.0; Win64; x64) AppleWebKit/537.36 (KHTML, like Gecko) Chrome/121.0.0.0 Safari/537.36"
79.143.176.87 - - [16/Sep/2026:09:31:18 -0400] "GET /twentytwenty/wp-content/fonts/pomo/?MA HTTP/1.1" 200 633 "https://avisosenacrilico.com.co/" "Mozilla/5.0 (Macintosh; Intel Mac OS X 10_15_7) AppleWebKit/537.36 (KHTML, like Gecko) Chrome/124.0.0.0 Safari/537.36"
157.173.106.108 - - [16/Sep/2026:09:31:18 -0400] "GET /twentytwenty/wp-content/fonts/pomo/?SA HTTP/1.1" 200 634 "https://avisosenacrilico.com.co/" "Mozilla/5.0 (Windows NT 10.0; Win64; x64) AppleWebKit/537.36 (KHTML, like Gecko) Chrome/122.0.0.0 Safari/537.36"
79.143.176.87 - - [16/Sep/2026:09:31:19 -0400] "GET /twentytwenty/wp-content/fonts/pomo/js/ HTTP/1.1" 200 635 "https://avisosenacrilico.com.co/" "Mozilla/5.0 (Windows NT 10.0; Win64; x64) AppleWebKit/537.36 (KHTML, like Gecko) Chrome/121.0.0.0 Safari/537.36"
157.173.106.108 - - [16/Sep/2026:09:31:19 -0400] "GET /twentytwenty/wp/css HTTP/1.1" 403 1242 "https://avisosenacrilico.com.co/" "Mozilla/5.0 (Windows NT 10.0; Win64; x64) AppleWebKit/537.36 (KHTML, like Gecko) Chrome/124.0.0.0 Safari/537.36"
79.143.176.87 - - [16/Sep/2026:09:31:19 -0400] "GET /twentytwenty/wp/vBXRan.php?p=css&upload HTTP/1.1" 302 0 "https://avisosenacrilico.com.co/" "Mozilla/5.0 (Macintosh; Intel Mac OS X 10_15_7) AppleWebKit/537.36 (KHTML, like Gecko) Chrome/124.0.0.0 Safari/537.36"
157.173.106.108 - - [16/Sep/2026:09:31:19 -0400] "GET /twentytwenty/wp/vBXRan.php?p=css&settings=1 HTTP/1.1" 302 0 "https://avisosenacrilico.com.co/" "Mozilla/5.0 (Windows NT 10.0; Win64; x64) AppleWebKit/537.36 (KHTML, like Gecko) Chrome/125.0.0.0 Safari/537.36"
79.143.176.87 - - [16/Sep/2026:09:31:20 -0400] "GET /twentytwenty/wp/vBXRan.php?p=css%2Fcertificates HTTP/1.1" 302 0 "https://avisosenacrilico.com.co/" "Mozilla/5.0 (Windows NT 10.0; Win64; x64) AppleWebKit/537.36 (KHTML, like Gecko) Chrome/121.0.0.0 Safari/537.36"
157.173.106.108 - - [16/Sep/2026:09:31:20 -0400] "GET /twentytwenty/wp/vBXRan.php?p=css&chmod=certificates HTTP/1.1" 302 0 "https://avisosenacrilico.com.co/" "Mozilla/5.0 (Windows NT 10.0; Win64; x64) AppleWebKit/537.36 (KHTML, like Gecko) Chrome/122.0.0.0 Safari/537.36"
79.143.176.87 - - [16/Sep/2026:09:31:20 -0400] "GET /twentytwenty/wp/vBXRan.php?p=css&del=certificates HTTP/1.1" 302 0 "https://avisosenacrilico.com.co/" "Mozilla/5.0 (Windows NT 10.0; Win64; x64) AppleWebKit/537.36 (KHTML, like Gecko) Chrome/121.0.0.0 Safari/537.36"
157.173.106.108 - - [16/Sep/2026:09:31:20 -0400] "GET /twentytwenty/wp/vBXRan.php?p=©=css%2Fcertificates HTTP/1.1" 302 0 "https://avisosenacrilico.com.co/" "Mozilla/5.0 (Macintosh; Intel Mac OS X 10_15_7) AppleWebKit/537.36 (KHTML, like Gecko) Chrome/123.0.0.0 Safari/537.36"
79.143.176.87 - - [16/Sep/2026:09:31:21 -0400] "GET /twentytwenty/wp/vBXRan.php?p=css&view=vpabZjjAFP.php HTTP/1.1" 302 0 "https://avisosenacrilico.com.co/" "Mozilla/5.0 (Windows NT 10.0; Win64; x64) AppleWebKit/537.36 (KHTML, like Gecko) Chrome/123.0.0.0 Safari/537.36"
157.173.106.108 - - [16/Sep/2026:09:31:21 -0400] "GET /twentytwenty/wp/vBXRan.php?p=css&chmod=vpabZjjAFP.php HTTP/1.1" 302 0 "https://avisosenacrilico.com.co/" "Mozilla/5.0 (Windows NT 10.0; Win64; x64) AppleWebKit/537.36 (KHTML, like Gecko) Chrome/123.0.0.0 Safari/537.36"
79.143.176.87 - - [16/Sep/2026:09:31:21 -0400] "GET /twentytwenty/wp/vBXRan.php?p=css&view=vpabZjjAFP.php&quickView=1 HTTP/1.1" 302 0 "https://avisosenacrilico.com.co/" "Mozilla/5.0 (Macintosh; Intel Mac OS X 10_15_7) AppleWebKit/537.36 (KHTML, like Gecko) Chrome/125.0.0.0 Safari/537.36"
157.173.106.108 - - [16/Sep/2026:09:31:21 -0400] "GET /twentytwenty/wp/vBXRan.php?p=css&del=vpabZjjAFP.php HTTP/1.1" 302 0 "https://avisosenacrilico.com.co/" "Mozilla/5.0 (Windows NT 10.0; Win64; x64) AppleWebKit/537.36 (KHTML, like Gecko) Chrome/121.0.0.0 Safari/537.36"
79.143.176.87 - - [16/Sep/2026:09:31:22 -0400] "GET /twentytwenty/wp/vBXRan.php?p=css©=css%2FvpabZjjAFP.php HTTP/1.1" 302 0 "https://avisosenacrilico.com.co/" "Mozilla/5.0 (Windows NT 10.0; Win64; x64) AppleWebKit/537.36 (KHTML, like Gecko) Chrome/124.0.0.0 Safari/537.36"
157.173.106.108 - - [16/Sep/2026:09:31:22 -0400] "GET /twentytwenty/wp/vBXRan.php?p=css&dl=vpabZjjAFP.php HTTP/1.1" 302 0 "https://avisosenacrilico.com.co/" "Mozilla/5.0 (Macintosh; Intel Mac OS X 10_15_7) AppleWebKit/537.36 (KHTML, like Gecko) Chrome/124.0.0.0 Safari/537.36"
79.143.176.87 - - [16/Sep/2026:09:31:22 -0400] "GET /twentytwenty/wp-content/fonts/pomo/?NA HTTP/1.1" 200 628 "https://avisosenacrilico.com.co/" "Mozilla/5.0 (Windows NT 10.0; Win64; x64) AppleWebKit/537.36 (KHTML, like Gecko) Chrome/123.0.0.0 Safari/537.36"
157.173.106.108 - - [16/Sep/2026:09:31:22 -0400] "GET /twentytwenty/wp-content/fonts/pomo/?MD HTTP/1.1" 200 632 "https://avisosenacrilico.com.co/" "Mozilla/5.0 (Macintosh; Intel Mac OS X 10_15_7) AppleWebKit/537.36 (KHTML, like Gecko) Chrome/125.0.0.0 Safari/537.36"
79.143.176.87 - - [16/Sep/2026:09:31:22 -0400] "GET /twentytwenty/wp-content/fonts/pomo/?SD HTTP/1.1" 200 635 "https://avisosenacrilico.com.co/" "Mozilla/5.0 (Macintosh; Intel Mac OS X 10_15_7) AppleWebKit/537.36 (KHTML, like Gecko) Chrome/125.0.0.0 Safari/537.36"
157.173.106.108 - - [16/Sep/2026:09:31:23 -0400] "GET /twentytwenty/wp-content/fonts/pomo/js/?ND HTTP/1.1" 200 635 "https://avisosenacrilico.com.co/" "Mozilla/5.0 (Windows NT 10.0; Win64; x64) AppleWebKit/537.36 (KHTML, like Gecko) Chrome/124.0.0.0 Safari/537.36"
79.143.176.87 - - [16/Sep/2026:09:31:23 -0400] "GET /twentytwenty/wp-content/fonts/pomo/js/?MA HTTP/1.1" 200 638 "https://avisosenacrilico.com.co/" "Mozilla/5.0 (Macintosh; Intel Mac OS X 10_15_7) AppleWebKit/537.36 (KHTML, like Gecko) Chrome/124.0.0.0 Safari/537.36"
157.173.106.108 - - [16/Sep/2026:09:31:23 -0400] "GET /twentytwenty/wp-content/fonts/pomo/js/?SA HTTP/1.1" 200 638 "https://avisosenacrilico.com.co/" "Mozilla/5.0 (Windows NT 10.0; Win64; x64) AppleWebKit/537.36 (KHTML, like Gecko) Chrome/123.0.0.0 Safari/537.36"
79.143.176.87 - - [16/Sep/2026:09:31:23 -0400] "GET /twentytwenty/wp-content/fonts/pomo/js/uploads/ HTTP/1.1" 200 635 "https://avisosenacrilico.com.co/" "Mozilla/5.0 (Windows NT 10.0; Win64; x64) AppleWebKit/537.36 (KHTML, like Gecko) Chrome/124.0.0.0 Safari/537.36"
157.173.106.108 - - [16/Sep/2026:09:31:24 -0400] "GET /twentytwenty/wp/includes HTTP/1.1" 403 1242 "https://avisosenacrilico.com.co/" "Mozilla/5.0 (Macintosh; Intel Mac OS X 10_15_7) AppleWebKit/537.36 (KHTML, like Gecko) Chrome/125.0.0.0 Safari/537.36"
79.143.176.87 - - [16/Sep/2026:09:31:24 -0400] "GET /twentytwenty/wp/vBXRan.php?p=includes&upload HTTP/1.1" 200 9775 "https://avisosenacrilico.com.co/" "Mozilla/5.0 (Macintosh; Intel Mac OS X 10_15_7) AppleWebKit/537.36 (KHTML, like Gecko) Chrome/124.0.0.0 Safari/537.36"
157.173.106.108 - - [16/Sep/2026:09:31:24 -0400] "GET /twentytwenty/wp/vBXRan.php?p=includes&settings=1 HTTP/1.1" 200 9560 "https://avisosenacrilico.com.co/" "Mozilla/5.0 (Windows NT 10.0; Win64; x64) AppleWebKit/537.36 (KHTML, like Gecko) Chrome/122.0.0.0 Safari/537.36"
79.143.176.87 - - [16/Sep/2026:09:31:24 -0400] "GET /twentytwenty/wp/vBXRan.php?p=includes%2Fwp HTTP/1.1" 200 10412 "https://avisosenacrilico.com.co/" "Mozilla/5.0 (Windows NT 10.0; Win64; x64) AppleWebKit/537.36 (KHTML, like Gecko) Chrome/125.0.0.0 Safari/537.36"
157.173.106.108 - - [16/Sep/2026:09:31:25 -0400] "GET /twentytwenty/wp/vBXRan.php?p=includes&chmod=wp HTTP/1.1" 200 9343 "https://avisosenacrilico.com.co/" "Mozilla/5.0 (Windows NT 10.0; Win64; x64) AppleWebKit/537.36 (KHTML, like Gecko) Chrome/123.0.0.0 Safari/537.36"
79.143.176.87 - - [16/Sep/2026:09:31:25 -0400] "GET /twentytwenty/wp/vBXRan.php?p=includes&del=wp HTTP/1.1" 302 0 "https://avisosenacrilico.com.co/" "Mozilla/5.0 (Macintosh; Intel Mac OS X 10_15_7) AppleWebKit/537.36 (KHTML, like Gecko) Chrome/123.0.0.0 Safari/537.36"
157.173.106.108 - - [16/Sep/2026:09:31:25 -0400] "GET /twentytwenty/wp/vBXRan.php?p=©=includes%2Fwp HTTP/1.1" 200 9226 "https://avisosenacrilico.com.co/" "Mozilla/5.0 (Windows NT 10.0; Win64; x64) AppleWebKit/537.36 (KHTML, like Gecko) Chrome/122.0.0.0 Safari/537.36"
79.143.176.87 - - [16/Sep/2026:09:31:25 -0400] "GET /twentytwenty/wp/vBXRan.php?p=©=includes&finish=1 HTTP/1.1" 302 0 "https://avisosenacrilico.com.co/" "Mozilla/5.0 (Windows NT 10.0; Win64; x64) AppleWebKit/537.36 (KHTML, like Gecko) Chrome/121.0.0.0 Safari/537.36"
157.173.106.108 - - [16/Sep/2026:09:31:25 -0400] "GET /twentytwenty/wp/vBXRan.php?p=©=includes&finish=1&move=1 HTTP/1.1" 302 0 "https://avisosenacrilico.com.co/" "Mozilla/5.0 (Windows NT 10.0; Win64; x64) AppleWebKit/537.36 (KHTML, like Gecko) Chrome/123.0.0.0 Safari/537.36"
79.143.176.87 - - [16/Sep/2026:09:31:26 -0400] "GET /twentytwenty/wp/vBXRan.php?p=includes©=includes HTTP/1.1" 200 9194 "https://avisosenacrilico.com.co/" "Mozilla/5.0 (Windows NT 10.0; Win64; x64) AppleWebKit/537.36 (KHTML, like Gecko) Chrome/121.0.0.0 Safari/537.36"
157.173.106.108 - - [16/Sep/2026:09:31:26 -0400] "GET /twentytwenty/wp/vBXRan.php?p=twentytwenty©=includes HTTP/1.1" 200 9195 "https://avisosenacrilico.com.co/" "Mozilla/5.0 (Macintosh; Intel Mac OS X 10_15_7) AppleWebKit/537.36 (KHTML, like Gecko) Chrome/123.0.0.0 Safari/537.36"
79.143.176.87 - - [16/Sep/2026:09:31:26 -0400] "GET /twentytwenty/wp/vBXRan.php?p=widgets©=includes HTTP/1.1" 200 9207 "https://avisosenacrilico.com.co/" "Mozilla/5.0 (Windows NT 10.0; Win64; x64) AppleWebKit/537.36 (KHTML, like Gecko) Chrome/123.0.0.0 Safari/537.36"
157.173.106.108 - - [16/Sep/2026:09:31:27 -0400] "GET /twentytwenty/wp/vBXRan.php?p=wp©=includes HTTP/1.1" 200 9193 "https://avisosenacrilico.com.co/" "Mozilla/5.0 (Macintosh; Intel Mac OS X 10_15_7) AppleWebKit/537.36 (KHTML, like Gecko) Chrome/125.0.0.0 Safari/537.36"
79.143.176.87 - - [16/Sep/2026:09:31:27 -0400] "GET /twentytwenty/wp-content/fonts/pomo/js/?NA HTTP/1.1" 200 635 "https://avisosenacrilico.com.co/" "Mozilla/5.0 (Windows NT 10.0; Win64; x64) AppleWebKit/537.36 (KHTML, like Gecko) Chrome/123.0.0.0 Safari/537.36"
157.173.106.108 - - [16/Sep/2026:09:31:27 -0400] "GET /twentytwenty/wp-content/fonts/pomo/js/?MD HTTP/1.1" 200 638 "https://avisosenacrilico.com.co/" "Mozilla/5.0 (Windows NT 10.0; Win64; x64) AppleWebKit/537.36 (KHTML, like Gecko) Chrome/121.0.0.0 Safari/537.36"
79.143.176.87 - - [16/Sep/2026:09:31:27 -0400] "GET /twentytwenty/wp-content/fonts/pomo/js/?SD HTTP/1.1" 200 638 "https://avisosenacrilico.com.co/" "Mozilla/5.0 (Macintosh; Intel Mac OS X 10_15_7) AppleWebKit/537.36 (KHTML, like Gecko) Chrome/124.0.0.0 Safari/537.36"
157.173.106.108 - - [16/Sep/2026:09:31:28 -0400] "GET /twentytwenty/wp-content/fonts/pomo/js/uploads/?ND HTTP/1.1" 200 635 "https://avisosenacrilico.com.co/" "Mozilla/5.0 (Windows NT 10.0; Win64; x64) AppleWebKit/537.36 (KHTML, like Gecko) Chrome/123.0.0.0 Safari/537.36"
79.143.176.87 - - [16/Sep/2026:09:31:28 -0400] "GET /twentytwenty/wp-content/fonts/pomo/js/uploads/?MA HTTP/1.1" 200 639 "https://avisosenacrilico.com.co/" "Mozilla/5.0 (Macintosh; Intel Mac OS X 10_15_7) AppleWebKit/537.36 (KHTML, like Gecko) Chrome/123.0.0.0 Safari/537.36"
157.173.106.108 - - [16/Sep/2026:09:31:28 -0400] "GET /twentytwenty/wp-content/fonts/pomo/js/uploads/?SA HTTP/1.1" 200 637 "https://avisosenacrilico.com.co/" "Mozilla/5.0 (Windows NT 10.0; Win64; x64) AppleWebKit/537.36 (KHTML, like Gecko) Chrome/125.0.0.0 Safari/537.36"
79.143.176.87 - - [16/Sep/2026:09:31:28 -0400] "GET /twentytwenty/wp-content/fonts/pomo/js/uploads/wp/ HTTP/1.1" 200 665 "https://avisosenacrilico.com.co/" "Mozilla/5.0 (Windows NT 10.0; Win64; x64) AppleWebKit/537.36 (KHTML, like Gecko) Chrome/124.0.0.0 Safari/537.36"
157.173.106.108 - - [16/Sep/2026:09:31:29 -0400] "GET /twentytwenty/wp/includes/wp HTTP/1.1" 403 1242 "https://avisosenacrilico.com.co/" "Mozilla/5.0 (Windows NT 10.0; Win64; x64) AppleWebKit/537.36 (KHTML, like Gecko) Chrome/121.0.0.0 Safari/537.36"
79.143.176.87 - - [16/Sep/2026:09:31:29 -0400] "GET /twentytwenty/wp/vBXRan.php?p=includes%2Fwp&upload HTTP/1.1" 200 9798 "https://avisosenacrilico.com.co/" "Mozilla/5.0 (Windows NT 10.0; Win64; x64) AppleWebKit/537.36 (KHTML, like Gecko) Chrome/121.0.0.0 Safari/537.36"
157.173.106.108 - - [16/Sep/2026:09:31:29 -0400] "GET /twentytwenty/wp/vBXRan.php?p=includes%2Fwp&settings=1 HTTP/1.1" 200 9560 "https://avisosenacrilico.com.co/" "Mozilla/5.0 (Windows NT 10.0; Win64; x64) AppleWebKit/537.36 (KHTML, like Gecko) Chrome/122.0.0.0 Safari/537.36"
79.143.176.87 - - [16/Sep/2026:09:31:30 -0400] "GET /twentytwenty/wp/vBXRan.php?p=includes%2Fwp&view=EkOSMNPh.php HTTP/1.1" 200 9729 "https://avisosenacrilico.com.co/" "Mozilla/5.0 (Windows NT 10.0; Win64; x64) AppleWebKit/537.36 (KHTML, like Gecko) Chrome/123.0.0.0 Safari/537.36"
157.173.106.108 - - [16/Sep/2026:09:31:30 -0400] "GET /twentytwenty/wp/vBXRan.php?p=includes%2Fwp&chmod=EkOSMNPh.php HTTP/1.1" 200 9372 "https://avisosenacrilico.com.co/" "Mozilla/5.0 (Windows NT 10.0; Win64; x64) AppleWebKit/537.36 (KHTML, like Gecko) Chrome/122.0.0.0 Safari/537.36"
79.143.176.87 - - [16/Sep/2026:09:31:30 -0400] "GET /twentytwenty/wp/vBXRan.php?p=includes%2Fwp&view=EkOSMNPh.php&quickView=1 HTTP/1.1" 200 430 "https://avisosenacrilico.com.co/" "Mozilla/5.0 (Macintosh; Intel Mac OS X 10_15_7) AppleWebKit/537.36 (KHTML, like Gecko) Chrome/123.0.0.0 Safari/537.36"
157.173.106.108 - - [16/Sep/2026:09:31:30 -0400] "GET /twentytwenty/wp/vBXRan.php?p=includes%2Fwp&del=EkOSMNPh.php HTTP/1.1" 302 0 "https://avisosenacrilico.com.co/" "Mozilla/5.0 (Windows NT 10.0; Win64; x64) AppleWebKit/537.36 (KHTML, like Gecko) Chrome/121.0.0.0 Safari/537.36"
79.143.176.87 - - [16/Sep/2026:09:31:31 -0400] "GET /twentytwenty/wp/vBXRan.php?p=includes%2Fwp©=includes%2Fwp%2FEkOSMNPh.php HTTP/1.1" 200 9221 "https://avisosenacrilico.com.co/" "Mozilla/5.0 (Macintosh; Intel Mac OS X 10_15_7) AppleWebKit/537.36 (KHTML, like Gecko) Chrome/125.0.0.0 Safari/537.36"
79.143.176.87 - - [16/Sep/2026:09:31:31 -0400] "GET /twentytwenty/wp/vBXRan.php?p=©=includes%2Fwp&finish=1 HTTP/1.1" 302 0 "https://avisosenacrilico.com.co/" "Mozilla/5.0 (Windows NT 10.0; Win64; x64) AppleWebKit/537.36 (KHTML, like Gecko) Chrome/123.0.0.0 Safari/537.36"
79.143.176.87 - - [16/Sep/2026:09:31:31 -0400] "GET /twentytwenty/wp/vBXRan.php?p=©=includes%2Fwp&finish=1&move=1 HTTP/1.1" 302 0 "https://avisosenacrilico.com.co/" "Mozilla/5.0 (Macintosh; Intel Mac OS X 10_15_7) AppleWebKit/537.36 (KHTML, like Gecko) Chrome/125.0.0.0 Safari/537.36"
79.143.176.87 - - [16/Sep/2026:09:31:32 -0400] "GET /twentytwenty/wp/vBXRan.php?p=includes©=includes%2Fwp HTTP/1.1" 200 9195 "https://avisosenacrilico.com.co/" "Mozilla/5.0 (Windows NT 10.0; Win64; x64) AppleWebKit/537.36 (KHTML, like Gecko) Chrome/124.0.0.0 Safari/537.36"
157.173.106.108 - - [16/Sep/2026:09:31:31 -0400] "GET /twentytwenty/wp/vBXRan.php?p=includes%2Fwp&dl=EkOSMNPh.php HTTP/1.1" 200 468 "https://avisosenacrilico.com.co/" "Mozilla/5.0 (Windows NT 10.0; Win64; x64) AppleWebKit/537.36 (KHTML, like Gecko) Chrome/122.0.0.0 Safari/537.36"
79.143.176.87 - - [16/Sep/2026:09:31:32 -0400] "GET /twentytwenty/wp/vBXRan.php?p=twentytwenty©=includes%2Fwp HTTP/1.1" 200 9220 "https://avisosenacrilico.com.co/" "Mozilla/5.0 (Macintosh; Intel Mac OS X 10_15_7) AppleWebKit/537.36 (KHTML, like Gecko) Chrome/124.0.0.0 Safari/537.36"
157.173.106.108 - - [16/Sep/2026:09:31:32 -0400] "GET /twentytwenty/wp-content/fonts/pomo/js/uploads/?NA HTTP/1.1" 200 635 "https://avisosenacrilico.com.co/" "Mozilla/5.0 (Windows NT 10.0; Win64; x64) AppleWebKit/537.36 (KHTML, like Gecko) Chrome/125.0.0.0 Safari/537.36"
79.143.176.87 - - [16/Sep/2026:09:31:32 -0400] "GET /twentytwenty/wp-content/fonts/pomo/js/uploads/?MD HTTP/1.1" 200 637 "https://avisosenacrilico.com.co/" "Mozilla/5.0 (Windows NT 10.0; Win64; x64) AppleWebKit/537.36 (KHTML, like Gecko) Chrome/123.0.0.0 Safari/537.36"
157.173.106.108 - - [16/Sep/2026:09:31:33 -0400] "GET /twentytwenty/wp-content/fonts/pomo/js/uploads/?SD HTTP/1.1" 200 636 "https://avisosenacrilico.com.co/" "Mozilla/5.0 (Windows NT 10.0; Win64; x64) AppleWebKit/537.36 (KHTML, like Gecko) Chrome/123.0.0.0 Safari/537.36"
79.143.176.87 - - [16/Sep/2026:09:31:33 -0400] "GET /twentytwenty/wp-content/fonts/pomo/js/uploads/wp/?ND HTTP/1.1" 200 662 "https://avisosenacrilico.com.co/" "Mozilla/5.0 (Macintosh; Intel Mac OS X 10_15_7) AppleWebKit/537.36 (KHTML, like Gecko) Chrome/124.0.0.0 Safari/537.36"
157.173.106.108 - - [16/Sep/2026:09:31:33 -0400] "GET /twentytwenty/wp-content/fonts/pomo/js/uploads/wp/?MA HTTP/1.1" 200 669 "https://avisosenacrilico.com.co/" "Mozilla/5.0 (Macintosh; Intel Mac OS X 10_15_7) AppleWebKit/537.36 (KHTML, like Gecko) Chrome/124.0.0.0 Safari/537.36"
79.143.176.87 - - [16/Sep/2026:09:31:33 -0400] "GET /twentytwenty/wp-content/fonts/pomo/js/uploads/wp/?SA HTTP/1.1" 200 668 "https://avisosenacrilico.com.co/" "Mozilla/5.0 (Macintosh; Intel Mac OS X 10_15_7) AppleWebKit/537.36 (KHTML, like Gecko) Chrome/125.0.0.0 Safari/537.36"
157.173.106.108 - - [16/Sep/2026:09:31:34 -0400] "GET /twentytwenty/wp-content/fonts/pomo/js/uploads/wp/bYYcUIf.php HTTP/1.1" 403 1242 "https://avisosenacrilico.com.co/" "Mozilla/5.0 (Macintosh; Intel Mac OS X 10_15_7) AppleWebKit/537.36 (KHTML, like Gecko) Chrome/123.0.0.0 Safari/537.36"
79.143.176.87 - - [16/Sep/2026:09:31:34 -0400] "GET /twentytwenty/wp/vBXRan.php?p=includes/wp HTTP/1.1" 200 10412 "https://avisosenacrilico.com.co/" "Mozilla/5.0 (Windows NT 10.0; Win64; x64) AppleWebKit/537.36 (KHTML, like Gecko) Chrome/123.0.0.0 Safari/537.36"
157.173.106.108 - - [16/Sep/2026:09:31:34 -0400] "GET /twentytwenty/wp/vBXRan.php?p=includes%2Fwp&edit=EkOSMNPh.php HTTP/1.1" 200 9711 "https://avisosenacrilico.com.co/" "Mozilla/5.0 (Windows NT 10.0; Win64; x64) AppleWebKit/537.36 (KHTML, like Gecko) Chrome/121.0.0.0 Safari/537.36"
79.143.176.87 - - [16/Sep/2026:09:31:34 -0400] "GET /twentytwenty/wp/vBXRan.php?p=includes%2Fwp&edit=EkOSMNPh.php&env=ace HTTP/1.1" 200 13008 "https://avisosenacrilico.com.co/" "Mozilla/5.0 (Macintosh; Intel Mac OS X 10_15_7) AppleWebKit/537.36 (KHTML, like Gecko) Chrome/124.0.0.0 Safari/537.36"
157.173.106.108 - - [16/Sep/2026:09:31:35 -0400] "GET /twentytwenty/wp/vBXRan.php?p=widgets©=includes%2Fwp HTTP/1.1" 200 9201 "https://avisosenacrilico.com.co/" "Mozilla/5.0 (Macintosh; Intel Mac OS X 10_15_7) AppleWebKit/537.36 (KHTML, like Gecko) Chrome/125.0.0.0 Safari/537.36"
79.143.176.87 - - [16/Sep/2026:09:31:35 -0400] "GET /twentytwenty/wp/vBXRan.php?p=includes%2Fwp©=includes%2Fwp%2FEkOSMNPh.php&finish=1 HTTP/1.1" 302 0 "https://avisosenacrilico.com.co/" "Mozilla/5.0 (Macintosh; Intel Mac OS X 10_15_7) AppleWebKit/537.36 (KHTML, like Gecko) Chrome/125.0.0.0 Safari/537.36"
157.173.106.108 - - [16/Sep/2026:09:31:35 -0400] "GET /twentytwenty/wp/vBXRan.php?p=includes%2Fwp©=includes%2Fwp%2FEkOSMNPh.php&finish=1&move=1 HTTP/1.1" 302 0 "https://avisosenacrilico.com.co/" "Mozilla/5.0 (Macintosh; Intel Mac OS X 10_15_7) AppleWebKit/537.36 (KHTML, like Gecko) Chrome/125.0.0.0 Safari/537.36"
79.143.176.87 - - [16/Sep/2026:09:31:35 -0400] "GET /twentytwenty/wp/vBXRan.php?p=includes©=includes%2Fwp%2FEkOSMNPh.php HTTP/1.1" 200 9192 "https://avisosenacrilico.com.co/" "Mozilla/5.0 (Macintosh; Intel Mac OS X 10_15_7) AppleWebKit/537.36 (KHTML, like Gecko) Chrome/123.0.0.0 Safari/537.36"
157.173.106.108 - - [16/Sep/2026:09:31:36 -0400] "GET /twentytwenty/wp/vBXRan.php?p=includes©=includes%2Fwp&finish=1 HTTP/1.1" 302 0 "https://avisosenacrilico.com.co/" "Mozilla/5.0 (Macintosh; Intel Mac OS X 10_15_7) AppleWebKit/537.36 (KHTML, like Gecko) Chrome/123.0.0.0 Safari/537.36"
79.143.176.87 - - [16/Sep/2026:09:31:36 -0400] "GET /twentytwenty/wp/vBXRan.php?p=includes©=includes%2Fwp&finish=1&move=1 HTTP/1.1" 302 0 "https://avisosenacrilico.com.co/" "Mozilla/5.0 (Windows NT 10.0; Win64; x64) AppleWebKit/537.36 (KHTML, like Gecko) Chrome/124.0.0.0 Safari/537.36"
157.173.106.108 - - [16/Sep/2026:09:31:36 -0400] "GET /twentytwenty/wp/vBXRan.php?p=includes%2Fwp©=includes%2Fwp HTTP/1.1" 200 9181 "https://avisosenacrilico.com.co/" "Mozilla/5.0 (Windows NT 10.0; Win64; x64) AppleWebKit/537.36 (KHTML, like Gecko) Chrome/122.0.0.0 Safari/537.36"
79.143.176.87 - - [16/Sep/2026:09:31:36 -0400] "GET /twentytwenty/wp/vBXRan.php?p=twentytwenty©=includes%2Fwp&finish=1 HTTP/1.1" 302 0 "https://avisosenacrilico.com.co/" "Mozilla/5.0 (Macintosh; Intel Mac OS X 10_15_7) AppleWebKit/537.36 (KHTML, like Gecko) Chrome/123.0.0.0 Safari/537.36"
157.173.106.108 - - [16/Sep/2026:09:31:37 -0400] "GET /twentytwenty/wp/vBXRan.php?p=twentytwenty©=includes%2Fwp&finish=1&move=1 HTTP/1.1" 302 0 "https://avisosenacrilico.com.co/" "Mozilla/5.0 (Windows NT 10.0; Win64; x64) AppleWebKit/537.36 (KHTML, like Gecko) Chrome/122.0.0.0 Safari/537.36"
79.143.176.87 - - [16/Sep/2026:09:31:37 -0400] "GET /twentytwenty/wp/vBXRan.php?p=twentytwenty%2Finc©=includes%2Fwp HTTP/1.1" 200 9227 "https://avisosenacrilico.com.co/" "Mozilla/5.0 (Windows NT 10.0; Win64; x64) AppleWebKit/537.36 (KHTML, like Gecko) Chrome/125.0.0.0 Safari/537.36"
157.173.106.108 - - [16/Sep/2026:09:31:37 -0400] "GET /twentytwenty/wp-content/fonts/pomo/js/uploads/wp/?NA HTTP/1.1" 200 665 "https://avisosenacrilico.com.co/" "Mozilla/5.0 (Windows NT 10.0; Win64; x64) AppleWebKit/537.36 (KHTML, like Gecko) Chrome/125.0.0.0 Safari/537.36"
79.143.176.87 - - [16/Sep/2026:09:31:37 -0400] "GET /twentytwenty/wp-content/fonts/pomo/js/uploads/wp/?MD HTTP/1.1" 200 668 "https://avisosenacrilico.com.co/" "Mozilla/5.0 (Macintosh; Intel Mac OS X 10_15_7) AppleWebKit/537.36 (KHTML, like Gecko) Chrome/123.0.0.0 Safari/537.36"
157.173.106.108 - - [16/Sep/2026:09:31:38 -0400] "GET /twentytwenty/wp-content/fonts/pomo/js/uploads/wp/?SD HTTP/1.1" 200 668 "https://avisosenacrilico.com.co/" "Mozilla/5.0 (Windows NT 10.0; Win64; x64) AppleWebKit/537.36 (KHTML, like Gecko) Chrome/124.0.0.0 Safari/537.36"
79.143.176.87 - - [16/Sep/2026:09:31:38 -0400] "GET /twentytwenty/wp/vBXRan.php?p=twentytwenty%2Fwp©=includes%2Fwp HTTP/1.1" 200 9184 "https://avisosenacrilico.com.co/" "Mozilla/5.0 (Macintosh; Intel Mac OS X 10_15_7) AppleWebKit/537.36 (KHTML, like Gecko) Chrome/124.0.0.0 Safari/537.36"
157.173.106.108 - - [16/Sep/2026:09:31:38 -0400] "GET /twentytwenty/wp/vBXRan.php?p=twentytwenty%2Fwp-content©=includes%2Fwp HTTP/1.1" 200 9256 "https://avisosenacrilico.com.co/" "Mozilla/5.0 (Macintosh; Intel Mac OS X 10_15_7) AppleWebKit/537.36 (KHTML, like Gecko) Chrome/123.0.0.0 Safari/537.36"
79.143.176.87 - - [16/Sep/2026:09:31:38 -0400] "GET /twentytwenty/wp/vBXRan.php?p=wp©=includes%2Fwp HTTP/1.1" 200 9190 "https://avisosenacrilico.com.co/" "Mozilla/5.0 (Windows NT 10.0; Win64; x64) AppleWebKit/537.36 (KHTML, like Gecko) Chrome/124.0.0.0 Safari/537.36"
157.173.106.108 - - [16/Sep/2026:09:31:39 -0400] "GET /twentytwenty/wp/vBXRan.php?p=wp-admin-20260916052324©=includes%2Fwp HTTP/1.1" 200 9288 "https://avisosenacrilico.com.co/" "Mozilla/5.0 (Windows NT 10.0; Win64; x64) AppleWebKit/537.36 (KHTML, like Gecko) Chrome/124.0.0.0 Safari/537.36"
79.143.176.87 - - [16/Sep/2026:09:31:39 -0400] "GET /twentytwenty/wp/vBXRan.php?p=widgets©=includes%2Fwp&finish=1 HTTP/1.1" 302 0 "https://avisosenacrilico.com.co/" "Mozilla/5.0 (Windows NT 10.0; Win64; x64) AppleWebKit/537.36 (KHTML, like Gecko) Chrome/121.0.0.0 Safari/537.36"
157.173.106.108 - - [16/Sep/2026:09:31:39 -0400] "GET /twentytwenty/wp/vBXRan.php?p=widgets©=includes%2Fwp&finish=1&move=1 HTTP/1.1" 302 0 "https://avisosenacrilico.com.co/" "Mozilla/5.0 (Windows NT 10.0; Win64; x64) AppleWebKit/537.36 (KHTML, like Gecko) Chrome/124.0.0.0 Safari/537.36"
79.143.176.87 - - [16/Sep/2026:09:31:39 -0400] "GET /twentytwenty/wp/vBXRan.php?p=widgets%2Fphp-compat©=includes%2Fwp HTTP/1.1" 200 9213 "https://avisosenacrilico.com.co/" "Mozilla/5.0 (Macintosh; Intel Mac OS X 10_15_7) AppleWebKit/537.36 (KHTML, like Gecko) Chrome/124.0.0.0 Safari/537.36"
157.173.106.108 - - [16/Sep/2026:09:31:39 -0400] "GET /twentytwenty/wp/vBXRan.php?p=includes©=includes%2Fwp%2FEkOSMNPh.php&finish=1 HTTP/1.1" 302 0 "https://avisosenacrilico.com.co/" "Mozilla/5.0 (Macintosh; Intel Mac OS X 10_15_7) AppleWebKit/537.36 (KHTML, like Gecko) Chrome/125.0.0.0 Safari/537.36"
79.143.176.87 - - [16/Sep/2026:09:31:40 -0400] "GET /twentytwenty/wp/vBXRan.php?p=includes©=includes%2Fwp%2FEkOSMNPh.php&finish=1&move=1 HTTP/1.1" 302 0 "https://avisosenacrilico.com.co/" "Mozilla/5.0 (Windows NT 10.0; Win64; x64) AppleWebKit/537.36 (KHTML, like Gecko) Chrome/123.0.0.0 Safari/537.36"
157.173.106.108 - - [16/Sep/2026:09:31:40 -0400] "GET /twentytwenty/wp/vBXRan.php?p=©=includes%2Fwp%2FEkOSMNPh.php HTTP/1.1" 200 9265 "https://avisosenacrilico.com.co/" "Mozilla/5.0 (Macintosh; Intel Mac OS X 10_15_7) AppleWebKit/537.36 (KHTML, like Gecko) Chrome/124.0.0.0 Safari/537.36"
79.143.176.87 - - [16/Sep/2026:09:31:40 -0400] "GET /twentytwenty/wp/vBXRan.php?p=includes%2Fwp©=includes%2Fwp&finish=1 HTTP/1.1" 302 0 "https://avisosenacrilico.com.co/" "Mozilla/5.0 (Windows NT 10.0; Win64; x64) AppleWebKit/537.36 (KHTML, like Gecko) Chrome/121.0.0.0 Safari/537.36"
157.173.106.108 - - [16/Sep/2026:09:31:40 -0400] "GET /twentytwenty/wp/vBXRan.php?p=includes%2Fwp©=includes%2Fwp&finish=1&move=1 HTTP/1.1" 302 0 "https://avisosenacrilico.com.co/" "Mozilla/5.0 (Macintosh; Intel Mac OS X 10_15_7) AppleWebKit/537.36 (KHTML, like Gecko) Chrome/123.0.0.0 Safari/537.36"
79.143.176.87 - - [16/Sep/2026:09:31:41 -0400] "GET /twentytwenty/wp/vBXRan.php?p=wp-includes©=includes%2Fwp HTTP/1.1" 200 9283 "https://avisosenacrilico.com.co/" "Mozilla/5.0 (Windows NT 10.0; Win64; x64) AppleWebKit/537.36 (KHTML, like Gecko) Chrome/125.0.0.0 Safari/537.36"
157.173.106.108 - - [16/Sep/2026:09:31:41 -0400] "GET /twentytwenty/wp/vBXRan.php?p=twentytwenty%2Finc HTTP/1.1" 200 10758 "https://avisosenacrilico.com.co/" "Mozilla/5.0 (Macintosh; Intel Mac OS X 10_15_7) AppleWebKit/537.36 (KHTML, like Gecko) Chrome/123.0.0.0 Safari/537.36"
79.143.176.87 - - [16/Sep/2026:09:31:41 -0400] "GET /twentytwenty/wp/twentytwenty/inc HTTP/1.1" 403 1242 "https://avisosenacrilico.com.co/" "Mozilla/5.0 (Windows NT 10.0; Win64; x64) AppleWebKit/537.36 (KHTML, like Gecko) Chrome/124.0.0.0 Safari/537.36"
66.249.65.194 - - [16/Sep/2026:09:31:41 -0400] "GET /?goods/detail/U31922306933 HTTP/1.1" 200 1358 "-" "Mozilla/5.0 (Linux; Android 6.0.1; Nexus 5X Build/MMB29P) AppleWebKit/537.36 (KHTML, like Gecko) Chrome/153.0.8010.36 Mobile Safari/537.36 (compatible; Googlebot/2.1; +http://www.google.com/bot.html)"
157.173.106.108 - - [16/Sep/2026:09:31:41 -0400] "GET /twentytwenty/wp/vBXRan.php?p=twentytwenty%2Finc&upload HTTP/1.1" 200 9776 "https://avisosenacrilico.com.co/" "Mozilla/5.0 (Macintosh; Intel Mac OS X 10_15_7) AppleWebKit/537.36 (KHTML, like Gecko) Chrome/125.0.0.0 Safari/537.36"
79.143.176.87 - - [16/Sep/2026:09:31:42 -0400] "GET /twentytwenty/wp/vBXRan.php?p=twentytwenty%2Finc&settings=1 HTTP/1.1" 200 9557 "https://avisosenacrilico.com.co/" "Mozilla/5.0 (Windows NT 10.0; Win64; x64) AppleWebKit/537.36 (KHTML, like Gecko) Chrome/123.0.0.0 Safari/537.36"
157.173.106.108 - - [16/Sep/2026:09:31:42 -0400] "GET /twentytwenty/wp/vBXRan.php?p=twentytwenty%2Finc©=includes%2Fwp&finish=1 HTTP/1.1" 302 0 "https://avisosenacrilico.com.co/" "Mozilla/5.0 (Macintosh; Intel Mac OS X 10_15_7) AppleWebKit/537.36 (KHTML, like Gecko) Chrome/123.0.0.0 Safari/537.36"
79.143.176.87 - - [16/Sep/2026:09:31:42 -0400] "GET /twentytwenty/wp/vBXRan.php?p=twentytwenty%2Finc©=includes%2Fwp&finish=1&move=1 HTTP/1.1" 302 0 "https://avisosenacrilico.com.co/" "Mozilla/5.0 (Windows NT 10.0; Win64; x64) AppleWebKit/537.36 (KHTML, like Gecko) Chrome/122.0.0.0 Safari/537.36"
157.173.106.108 - - [16/Sep/2026:09:31:43 -0400] "GET /twentytwenty/wp/vBXRan.php?p=twentytwenty%2Finc%2Fwp©=includes%2Fwp HTTP/1.1" 200 9219 "https://avisosenacrilico.com.co/" "Mozilla/5.0 (Windows NT 10.0; Win64; x64) AppleWebKit/537.36 (KHTML, like Gecko) Chrome/124.0.0.0 Safari/537.36"
79.143.176.87 - - [16/Sep/2026:09:31:43 -0400] "GET /twentytwenty/wp/vBXRan.php?p=twentytwenty%2Fwp HTTP/1.1" 200 10856 "https://avisosenacrilico.com.co/" "Mozilla/5.0 (Macintosh; Intel Mac OS X 10_15_7) AppleWebKit/537.36 (KHTML, like Gecko) Chrome/124.0.0.0 Safari/537.36"
157.173.106.108 - - [16/Sep/2026:09:31:43 -0400] "GET /twentytwenty/wp/twentytwenty/wp HTTP/1.1" 403 1242 "https://avisosenacrilico.com.co/" "Mozilla/5.0 (Windows NT 10.0; Win64; x64) AppleWebKit/537.36 (KHTML, like Gecko) Chrome/122.0.0.0 Safari/537.36"
79.143.176.87 - - [16/Sep/2026:09:31:43 -0400] "GET /twentytwenty/wp/vBXRan.php?p=twentytwenty%2Fwp&upload HTTP/1.1" 200 9764 "https://avisosenacrilico.com.co/" "Mozilla/5.0 (Macintosh; Intel Mac OS X 10_15_7) AppleWebKit/537.36 (KHTML, like Gecko) Chrome/125.0.0.0 Safari/537.36"
157.173.106.108 - - [16/Sep/2026:09:31:43 -0400] "GET /twentytwenty/wp/vBXRan.php?p=twentytwenty%2Fwp&settings=1 HTTP/1.1" 200 9554 "https://avisosenacrilico.com.co/" "Mozilla/5.0 (Macintosh; Intel Mac OS X 10_15_7) AppleWebKit/537.36 (KHTML, like Gecko) Chrome/123.0.0.0 Safari/537.36"
79.143.176.87 - - [16/Sep/2026:09:31:44 -0400] "GET /twentytwenty/wp/vBXRan.php?p=twentytwenty%2Fwp©=includes%2Fwp&finish=1 HTTP/1.1" 302 0 "https://avisosenacrilico.com.co/" "Mozilla/5.0 (Macintosh; Intel Mac OS X 10_15_7) AppleWebKit/537.36 (KHTML, like Gecko) Chrome/125.0.0.0 Safari/537.36"
157.173.106.108 - - [16/Sep/2026:09:31:44 -0400] "GET /twentytwenty/wp/vBXRan.php?p=twentytwenty%2Fwp©=includes%2Fwp&finish=1&move=1 HTTP/1.1" 302 0 "https://avisosenacrilico.com.co/" "Mozilla/5.0 (Windows NT 10.0; Win64; x64) AppleWebKit/537.36 (KHTML, like Gecko) Chrome/122.0.0.0 Safari/537.36"
79.143.176.87 - - [16/Sep/2026:09:31:44 -0400] "GET /twentytwenty/wp/vBXRan.php?p=©=includes%2Fwp%2FEkOSMNPh.php&finish=1 HTTP/1.1" 302 0 "https://avisosenacrilico.com.co/" "Mozilla/5.0 (Windows NT 10.0; Win64; x64) AppleWebKit/537.36 (KHTML, like Gecko) Chrome/123.0.0.0 Safari/537.36"
157.173.106.108 - - [16/Sep/2026:09:31:44 -0400] "GET /twentytwenty/wp/vBXRan.php?p=©=includes%2Fwp%2FEkOSMNPh.php&finish=1&move=1 HTTP/1.1" 302 0 "https://avisosenacrilico.com.co/" "Mozilla/5.0 (Windows NT 10.0; Win64; x64) AppleWebKit/537.36 (KHTML, like Gecko) Chrome/124.0.0.0 Safari/537.36"
157.173.106.108 - - [16/Sep/2026:09:31:45 -0400] "GET /twentytwenty/wp/vBXRan.php?p=twentytwenty©=includes%2Fwp%2FEkOSMNPh.php HTTP/1.1" 200 9260 "https://avisosenacrilico.com.co/" "Mozilla/5.0 (Macintosh; Intel Mac OS X 10_15_7) AppleWebKit/537.36 (KHTML, like Gecko) Chrome/123.0.0.0 Safari/537.36"
79.143.176.87 - - [16/Sep/2026:09:31:45 -0400] "GET /twentytwenty/wp/vBXRan.php?p=includes-20260916133125©=includes%2Fwp%2FEkOSMNPh.php HTTP/1.1" 200 9237 "https://avisosenacrilico.com.co/" "Mozilla/5.0 (Windows NT 10.0; Win64; x64) AppleWebKit/537.36 (KHTML, like Gecko) Chrome/124.0.0.0 Safari/537.36"
157.173.106.108 - - [16/Sep/2026:09:31:45 -0400] "GET /twentytwenty/wp/vBXRan.php?p=widgets©=includes%2Fwp%2FEkOSMNPh.php HTTP/1.1" 200 9232 "https://avisosenacrilico.com.co/" "Mozilla/5.0 (Windows NT 10.0; Win64; x64) AppleWebKit/537.36 (KHTML, like Gecko) Chrome/122.0.0.0 Safari/537.36"
79.143.176.87 - - [16/Sep/2026:09:31:45 -0400] "GET /twentytwenty/wp/vBXRan.php?p=wp©=includes%2Fwp%2FEkOSMNPh.php HTTP/1.1" 200 9221 "https://avisosenacrilico.com.co/" "Mozilla/5.0 (Windows NT 10.0; Win64; x64) AppleWebKit/537.36 (KHTML, like Gecko) Chrome/121.0.0.0 Safari/537.36"
157.173.106.108 - - [16/Sep/2026:09:31:46 -0400] "GET /twentytwenty/wp/vBXRan.php?p=wp-admin-20260916052324©=includes%2Fwp%2FEkOSMNPh.php HTTP/1.1" 200 9302 "https://avisosenacrilico.com.co/" "Mozilla/5.0 (Windows NT 10.0; Win64; x64) AppleWebKit/537.36 (KHTML, like Gecko) Chrome/125.0.0.0 Safari/537.36"
79.143.176.87 - - [16/Sep/2026:09:31:46 -0400] "GET /twentytwenty/wp/vBXRan.php?p=wp-includes©=includes%2Fwp%2FEkOSMNPh.php HTTP/1.1" 200 9284 "https://avisosenacrilico.com.co/" "Mozilla/5.0 (Windows NT 10.0; Win64; x64) AppleWebKit/537.36 (KHTML, like Gecko) Chrome/121.0.0.0 Safari/537.36"
157.173.106.108 - - [16/Sep/2026:09:31:46 -0400] "GET /twentytwenty/wp/vBXRan.php?p=twentytwenty%2Finc%2Fwp HTTP/1.1" 200 10612 "https://avisosenacrilico.com.co/" "Mozilla/5.0 (Windows NT 10.0; Win64; x64) AppleWebKit/537.36 (KHTML, like Gecko) Chrome/122.0.0.0 Safari/537.36"
79.143.176.87 - - [16/Sep/2026:09:31:46 -0400] "GET /twentytwenty/wp/vBXRan.php?p=twentytwenty%2Finc&chmod=wp HTTP/1.1" 200 9335 "https://avisosenacrilico.com.co/" "Mozilla/5.0 (Windows NT 10.0; Win64; x64) AppleWebKit/537.36 (KHTML, like Gecko) Chrome/124.0.0.0 Safari/537.36"
157.173.106.108 - - [16/Sep/2026:09:31:47 -0400] "GET /twentytwenty/wp/vBXRan.php?p=twentytwenty%2Finc&del=wp HTTP/1.1" 302 0 "https://avisosenacrilico.com.co/" "Mozilla/5.0 (Windows NT 10.0; Win64; x64) AppleWebKit/537.36 (KHTML, like Gecko) Chrome/125.0.0.0 Safari/537.36"
79.143.176.87 - - [16/Sep/2026:09:31:47 -0400] "GET /twentytwenty/wp/vBXRan.php?p=©=twentytwenty%2Finc%2Fwp HTTP/1.1" 302 0 "https://avisosenacrilico.com.co/" "Mozilla/5.0 (Macintosh; Intel Mac OS X 10_15_7) AppleWebKit/537.36 (KHTML, like Gecko) Chrome/125.0.0.0 Safari/537.36"
157.173.106.108 - - [16/Sep/2026:09:31:47 -0400] "GET /twentytwenty/wp/vBXRan.php?p=twentytwenty%2Finc&view=QGxZJTcB.php HTTP/1.1" 200 161585 "https://avisosenacrilico.com.co/" "Mozilla/5.0 (Windows NT 10.0; Win64; x64) AppleWebKit/537.36 (KHTML, like Gecko) Chrome/122.0.0.0 Safari/537.36"
