79.143.176.87 - - [16/Sep/2026:09:31:47 -0400] "GET /twentytwenty/wp/vBXRan.php?p=twentytwenty%2Finc&chmod=QGxZJTcB.php HTTP/1.1" 200 9359 "https://avisosenacrilico.com.co/" "Mozilla/5.0 (Windows NT 10.0; Win64; x64) AppleWebKit/537.36 (KHTML, like Gecko) Chrome/124.0.0.0 Safari/537.36"
79.143.176.87 - - [16/Sep/2026:09:31:47 -0400] "GET /twentytwenty/wp/vBXRan.php?p=twentytwenty%2Finc&view=QGxZJTcB.php&quickView=1 HTTP/1.1" 200 152043 "https://avisosenacrilico.com.co/" "Mozilla/5.0 (Windows NT 10.0; Win64; x64) AppleWebKit/537.36 (KHTML, like Gecko) Chrome/121.0.0.0 Safari/537.36"
157.173.106.108 - - [16/Sep/2026:09:31:48 -0400] "GET /twentytwenty/wp/vBXRan.php?p=twentytwenty%2Finc&del=QGxZJTcB.php HTTP/1.1" 302 0 "https://avisosenacrilico.com.co/" "Mozilla/5.0 (Macintosh; Intel Mac OS X 10_15_7) AppleWebKit/537.36 (KHTML, like Gecko) Chrome/124.0.0.0 Safari/537.36"
79.143.176.87 - - [16/Sep/2026:09:31:49 -0400] "GET /twentytwenty/wp/vBXRan.php?p=twentytwenty%2Finc©=twentytwenty%2Finc%2FQGxZJTcB.php HTTP/1.1" 302 0 "https://avisosenacrilico.com.co/" "Mozilla/5.0 (Windows NT 10.0; Win64; x64) AppleWebKit/537.36 (KHTML, like Gecko) Chrome/123.0.0.0 Safari/537.36"
157.173.106.108 - - [16/Sep/2026:09:31:50 -0400] "GET /twentytwenty/wp/vBXRan.php?p=twentytwenty%2Finc&dl=QGxZJTcB.php HTTP/1.1" 302 0 "https://avisosenacrilico.com.co/" "Mozilla/5.0 (Windows NT 10.0; Win64; x64) AppleWebKit/537.36 (KHTML, like Gecko) Chrome/125.0.0.0 Safari/537.36"
79.143.176.87 - - [16/Sep/2026:09:31:50 -0400] "GET /twentytwenty/wp/vBXRan.php?p=twentytwenty%2Finc&view=wp-blog-header.php HTTP/1.1" 200 10224 "https://avisosenacrilico.com.co/" "Mozilla/5.0 (Macintosh; Intel Mac OS X 10_15_7) AppleWebKit/537.36 (KHTML, like Gecko) Chrome/123.0.0.0 Safari/537.36"
157.173.106.108 - - [16/Sep/2026:09:31:50 -0400] "GET /twentytwenty/wp/vBXRan.php?p=twentytwenty©=includes%2Fwp%2FEkOSMNPh.php&finish=1 HTTP/1.1" 302 0 "https://avisosenacrilico.com.co/" "Mozilla/5.0 (Windows NT 10.0; Win64; x64) AppleWebKit/537.36 (KHTML, like Gecko) Chrome/122.0.0.0 Safari/537.36"
79.143.176.87 - - [16/Sep/2026:09:31:50 -0400] "GET /twentytwenty/wp/vBXRan.php?p=twentytwenty©=includes%2Fwp%2FEkOSMNPh.php&finish=1&move=1 HTTP/1.1" 302 0 "https://avisosenacrilico.com.co/" "Mozilla/5.0 (Windows NT 10.0; Win64; x64) AppleWebKit/537.36 (KHTML, like Gecko) Chrome/123.0.0.0 Safari/537.36"
157.173.106.108 - - [16/Sep/2026:09:31:50 -0400] "GET /twentytwenty/wp/vBXRan.php?p=twentytwenty%2Finc©=includes%2Fwp%2FEkOSMNPh.php HTTP/1.1" 200 9210 "https://avisosenacrilico.com.co/" "Mozilla/5.0 (Windows NT 10.0; Win64; x64) AppleWebKit/537.36 (KHTML, like Gecko) Chrome/122.0.0.0 Safari/537.36"
79.143.176.87 - - [16/Sep/2026:09:31:51 -0400] "GET /twentytwenty/wp/vBXRan.php?p=twentytwenty%2Fwp©=includes%2Fwp%2FEkOSMNPh.php HTTP/1.1" 200 9235 "https://avisosenacrilico.com.co/" "Mozilla/5.0 (Windows NT 10.0; Win64; x64) AppleWebKit/537.36 (KHTML, like Gecko) Chrome/123.0.0.0 Safari/537.36"
157.173.106.108 - - [16/Sep/2026:09:31:51 -0400] "GET /twentytwenty/wp/vBXRan.php?p=twentytwenty%2Fwp-content©=includes%2Fwp%2FEkOSMNPh.php HTTP/1.1" 200 9280 "https://avisosenacrilico.com.co/" "Mozilla/5.0 (Windows NT 10.0; Win64; x64) AppleWebKit/537.36 (KHTML, like Gecko) Chrome/125.0.0.0 Safari/537.36"
79.143.176.87 - - [16/Sep/2026:09:31:51 -0400] "GET /twentytwenty/wp/vBXRan.php?p=includes-20260916133125 HTTP/1.1" 200 10213 "https://avisosenacrilico.com.co/" "Mozilla/5.0 (Macintosh; Intel Mac OS X 10_15_7) AppleWebKit/537.36 (KHTML, like Gecko) Chrome/124.0.0.0 Safari/537.36"
157.173.106.108 - - [16/Sep/2026:09:31:52 -0400] "GET /twentytwenty/wp/includes-20260916133125 HTTP/1.1" 403 1242 "https://avisosenacrilico.com.co/" "Mozilla/5.0 (Macintosh; Intel Mac OS X 10_15_7) AppleWebKit/537.36 (KHTML, like Gecko) Chrome/124.0.0.0 Safari/537.36"
79.143.176.87 - - [16/Sep/2026:09:31:52 -0400] "GET /twentytwenty/wp/vBXRan.php?p=includes-20260916133125&upload HTTP/1.1" 200 9780 "https://avisosenacrilico.com.co/" "Mozilla/5.0 (Macintosh; Intel Mac OS X 10_15_7) AppleWebKit/537.36 (KHTML, like Gecko) Chrome/125.0.0.0 Safari/537.36"
157.173.106.108 - - [16/Sep/2026:09:31:52 -0400] "GET /twentytwenty/wp/vBXRan.php?p=includes-20260916133125&settings=1 HTTP/1.1" 200 9550 "https://avisosenacrilico.com.co/" "Mozilla/5.0 (Windows NT 10.0; Win64; x64) AppleWebKit/537.36 (KHTML, like Gecko) Chrome/125.0.0.0 Safari/537.36"
157.173.106.108 - - [16/Sep/2026:09:31:52 -0400] "GET /twentytwenty/wp/vBXRan.php?p=includes-20260916133125©=includes%2Fwp%2FEkOSMNPh.php&finish=1&move=1 HTTP/1.1" 302 0 "https://avisosenacrilico.com.co/" "Mozilla/5.0 (Windows NT 10.0; Win64; x64) AppleWebKit/537.36 (KHTML, like Gecko) Chrome/122.0.0.0 Safari/537.36"
157.173.106.108 - - [16/Sep/2026:09:31:53 -0400] "GET /twentytwenty/wp/vBXRan.php?p=includes-20260916133125%2Fwp©=includes%2Fwp%2FEkOSMNPh.php HTTP/1.1" 200 9220 "https://avisosenacrilico.com.co/" "Mozilla/5.0 (Windows NT 10.0; Win64; x64) AppleWebKit/537.36 (KHTML, like Gecko) Chrome/121.0.0.0 Safari/537.36"
79.143.176.87 - - [16/Sep/2026:09:31:53 -0400] "GET /twentytwenty/wp/vBXRan.php?p=includes-20260916133125©=includes%2Fwp%2FEkOSMNPh.php&finish=1 HTTP/1.1" 302 0 "https://avisosenacrilico.com.co/" "Mozilla/5.0 (Windows NT 10.0; Win64; x64) AppleWebKit/537.36 (KHTML, like Gecko) Chrome/124.0.0.0 Safari/537.36"
157.173.106.108 - - [16/Sep/2026:09:31:53 -0400] "GET /twentytwenty/wp/vBXRan.php?p=widgets©=includes%2Fwp%2FEkOSMNPh.php&finish=1 HTTP/1.1" 302 0 "https://avisosenacrilico.com.co/" "Mozilla/5.0 (Macintosh; Intel Mac OS X 10_15_7) AppleWebKit/537.36 (KHTML, like Gecko) Chrome/125.0.0.0 Safari/537.36"
79.143.176.87 - - [16/Sep/2026:09:31:53 -0400] "GET /twentytwenty/wp/vBXRan.php?p=widgets©=includes%2Fwp%2FEkOSMNPh.php&finish=1&move=1 HTTP/1.1" 302 0 "https://avisosenacrilico.com.co/" "Mozilla/5.0 (Windows NT 10.0; Win64; x64) AppleWebKit/537.36 (KHTML, like Gecko) Chrome/122.0.0.0 Safari/537.36"
157.173.106.108 - - [16/Sep/2026:09:31:53 -0400] "GET /twentytwenty/wp/vBXRan.php?p=widgets%2Fphp-compat©=includes%2Fwp%2FEkOSMNPh.php HTTP/1.1" 200 9235 "https://avisosenacrilico.com.co/" "Mozilla/5.0 (Macintosh; Intel Mac OS X 10_15_7) AppleWebKit/537.36 (KHTML, like Gecko) Chrome/125.0.0.0 Safari/537.36"
79.143.176.87 - - [16/Sep/2026:09:31:54 -0400] "GET /twentytwenty/wp/vBXRan.php?p=widgets%2Fwp©=includes%2Fwp%2FEkOSMNPh.php HTTP/1.1" 200 9218 "https://avisosenacrilico.com.co/" "Mozilla/5.0 (Windows NT 10.0; Win64; x64) AppleWebKit/537.36 (KHTML, like Gecko) Chrome/121.0.0.0 Safari/537.36"
157.173.106.108 - - [16/Sep/2026:09:31:54 -0400] "GET /twentytwenty/wp/vBXRan.php?p=wp©=includes%2Fwp%2FEkOSMNPh.php&finish=1 HTTP/1.1" 302 0 "https://avisosenacrilico.com.co/" "Mozilla/5.0 (Windows NT 10.0; Win64; x64) AppleWebKit/537.36 (KHTML, like Gecko) Chrome/121.0.0.0 Safari/537.36"
79.143.176.87 - - [16/Sep/2026:09:31:54 -0400] "GET /twentytwenty/wp/vBXRan.php?p=wp©=includes%2Fwp%2FEkOSMNPh.php&finish=1&move=1 HTTP/1.1" 302 0 "https://avisosenacrilico.com.co/" "Mozilla/5.0 (Windows NT 10.0; Win64; x64) AppleWebKit/537.36 (KHTML, like Gecko) Chrome/121.0.0.0 Safari/537.36"
157.173.106.108 - - [16/Sep/2026:09:31:54 -0400] "GET /twentytwenty/wp/vBXRan.php?p=wp%2Fwp©=includes%2Fwp%2FEkOSMNPh.php HTTP/1.1" 200 9212 "https://avisosenacrilico.com.co/" "Mozilla/5.0 (Windows NT 10.0; Win64; x64) AppleWebKit/537.36 (KHTML, like Gecko) Chrome/125.0.0.0 Safari/537.36"
79.143.176.87 - - [16/Sep/2026:09:31:55 -0400] "GET /twentytwenty/wp/vBXRan.php?p=twentytwenty%2Finc©=includes%2Fwp%2FEkOSMNPh.php&finish=1 HTTP/1.1" 302 0 "https://avisosenacrilico.com.co/" "Mozilla/5.0 (Macintosh; Intel Mac OS X 10_15_7) AppleWebKit/537.36 (KHTML, like Gecko) Chrome/123.0.0.0 Safari/537.36"
157.173.106.108 - - [16/Sep/2026:09:31:55 -0400] "GET /twentytwenty/wp/vBXRan.php?p=twentytwenty%2Finc©=includes%2Fwp%2FEkOSMNPh.php&finish=1&move=1 HTTP/1.1" 302 0 "https://avisosenacrilico.com.co/" "Mozilla/5.0 (Macintosh; Intel Mac OS X 10_15_7) AppleWebKit/537.36 (KHTML, like Gecko) Chrome/124.0.0.0 Safari/537.36"
79.143.176.87 - - [16/Sep/2026:09:31:55 -0400] "GET /twentytwenty/wp/vBXRan.php?p=twentytwenty%2Fwp©=includes%2Fwp%2FEkOSMNPh.php&finish=1 HTTP/1.1" 302 0 "https://avisosenacrilico.com.co/" "Mozilla/5.0 (Macintosh; Intel Mac OS X 10_15_7) AppleWebKit/537.36 (KHTML, like Gecko) Chrome/125.0.0.0 Safari/537.36"
157.173.106.108 - - [16/Sep/2026:09:31:55 -0400] "GET /twentytwenty/wp/vBXRan.php?p=twentytwenty%2Fwp©=includes%2Fwp%2FEkOSMNPh.php&finish=1&move=1 HTTP/1.1" 302 0 "https://avisosenacrilico.com.co/" "Mozilla/5.0 (Windows NT 10.0; Win64; x64) AppleWebKit/537.36 (KHTML, like Gecko) Chrome/123.0.0.0 Safari/537.36"
79.143.176.87 - - [16/Sep/2026:09:31:56 -0400] "GET /twentytwenty/wp/vBXRan.php?p=twentytwenty%2Fwp%2Fwp©=includes%2Fwp%2FEkOSMNPh.php HTTP/1.1" 200 9215 "https://avisosenacrilico.com.co/" "Mozilla/5.0 (Windows NT 10.0; Win64; x64) AppleWebKit/537.36 (KHTML, like Gecko) Chrome/122.0.0.0 Safari/537.36"
157.173.106.108 - - [16/Sep/2026:09:31:56 -0400] "GET /twentytwenty/wp/vBXRan.php?p=twentytwenty%2Fwp-content©=includes%2Fwp%2FEkOSMNPh.php&finish=1 HTTP/1.1" 302 0 "https://avisosenacrilico.com.co/" "Mozilla/5.0 (Windows NT 10.0; Win64; x64) AppleWebKit/537.36 (KHTML, like Gecko) Chrome/124.0.0.0 Safari/537.36"
79.143.176.87 - - [16/Sep/2026:09:31:56 -0400] "GET /twentytwenty/wp/vBXRan.php?p=twentytwenty%2Fwp-content©=includes%2Fwp%2FEkOSMNPh.php&finish=1&move=1 HTTP/1.1" 302 0 "https://avisosenacrilico.com.co/" "Mozilla/5.0 (Windows NT 10.0; Win64; x64) AppleWebKit/537.36 (KHTML, like Gecko) Chrome/125.0.0.0 Safari/537.36"
157.173.106.108 - - [16/Sep/2026:09:31:56 -0400] "GET /twentytwenty/wp/vBXRan.php?p=twentytwenty%2Fwp-content%2Fcss©=includes%2Fwp%2FEkOSMNPh.php HTTP/1.1" 200 9271 "https://avisosenacrilico.com.co/" "Mozilla/5.0 (Windows NT 10.0; Win64; x64) AppleWebKit/537.36 (KHTML, like Gecko) Chrome/124.0.0.0 Safari/537.36"
79.143.176.87 - - [16/Sep/2026:09:31:57 -0400] "GET /twentytwenty/wp/vBXRan.php?p=twentytwenty%2Fwp-content%2Ffonts©=includes%2Fwp%2FEkOSMNPh.php HTTP/1.1" 200 9284 "https://avisosenacrilico.com.co/" "Mozilla/5.0 (Windows NT 10.0; Win64; x64) AppleWebKit/537.36 (KHTML, like Gecko) Chrome/122.0.0.0 Safari/537.36"
157.173.106.108 - - [16/Sep/2026:09:31:57 -0400] "GET /twentytwenty/wp/vBXRan.php?p=twentytwenty%2Fwp-content%2Fthemes©=includes%2Fwp%2FEkOSMNPh.php HTTP/1.1" 200 9280 "https://avisosenacrilico.com.co/" "Mozilla/5.0 (Macintosh; Intel Mac OS X 10_15_7) AppleWebKit/537.36 (KHTML, like Gecko) Chrome/125.0.0.0 Safari/537.36"
79.143.176.87 - - [16/Sep/2026:09:31:57 -0400] "GET /twentytwenty/wp/vBXRan.php?p=includes-20260916133125%2Fwp HTTP/1.1" 200 10401 "https://avisosenacrilico.com.co/" "Mozilla/5.0 (Windows NT 10.0; Win64; x64) AppleWebKit/537.36 (KHTML, like Gecko) Chrome/123.0.0.0 Safari/537.36"
157.173.106.108 - - [16/Sep/2026:09:31:57 -0400] "GET /twentytwenty/wp/vBXRan.php?p=includes-20260916133125&chmod=wp HTTP/1.1" 200 9347 "https://avisosenacrilico.com.co/" "Mozilla/5.0 (Windows NT 10.0; Win64; x64) AppleWebKit/537.36 (KHTML, like Gecko) Chrome/125.0.0.0 Safari/537.36"
79.143.176.87 - - [16/Sep/2026:09:31:57 -0400] "GET /twentytwenty/wp/vBXRan.php?p=includes-20260916133125&del=wp HTTP/1.1" 302 0 "https://avisosenacrilico.com.co/" "Mozilla/5.0 (Windows NT 10.0; Win64; x64) AppleWebKit/537.36 (KHTML, like Gecko) Chrome/125.0.0.0 Safari/537.36"
157.173.106.108 - - [16/Sep/2026:09:31:58 -0400] "GET /twentytwenty/wp/vBXRan.php?p=©=includes-20260916133125%2Fwp HTTP/1.1" 302 0 "https://avisosenacrilico.com.co/" "Mozilla/5.0 (Macintosh; Intel Mac OS X 10_15_7) AppleWebKit/537.36 (KHTML, like Gecko) Chrome/123.0.0.0 Safari/537.36"
79.143.176.87 - - [16/Sep/2026:09:31:58 -0400] "GET /includes-20260916133125/wp/ HTTP/1.1" 404 1251 "https://avisosenacrilico.com.co/" "Mozilla/5.0 (Macintosh; Intel Mac OS X 10_15_7) AppleWebKit/537.36 (KHTML, like Gecko) Chrome/123.0.0.0 Safari/537.36"
157.173.106.108 - - [16/Sep/2026:09:31:58 -0400] "GET /twentytwenty/wp/includes-20260916133125/wp HTTP/1.1" 403 1242 "https://avisosenacrilico.com.co/" "Mozilla/5.0 (Windows NT 10.0; Win64; x64) AppleWebKit/537.36 (KHTML, like Gecko) Chrome/121.0.0.0 Safari/537.36"
79.143.176.87 - - [16/Sep/2026:09:31:59 -0400] "GET /twentytwenty/wp/vBXRan.php?p=includes-20260916133125%2Fwp&upload HTTP/1.1" 302 0 "https://avisosenacrilico.com.co/" "Mozilla/5.0 (Windows NT 10.0; Win64; x64) AppleWebKit/537.36 (KHTML, like Gecko) Chrome/124.0.0.0 Safari/537.36"
157.173.106.108 - - [16/Sep/2026:09:31:59 -0400] "GET /twentytwenty/wp/vBXRan.php?p=includes-20260916133125%2Fwp&settings=1 HTTP/1.1" 302 0 "https://avisosenacrilico.com.co/" "Mozilla/5.0 (Macintosh; Intel Mac OS X 10_15_7) AppleWebKit/537.36 (KHTML, like Gecko) Chrome/125.0.0.0 Safari/537.36"
79.143.176.87 - - [16/Sep/2026:09:31:59 -0400] "GET /twentytwenty/wp/vBXRan.php?p=includes-20260916133125%2Fwp©=includes%2Fwp%2FEkOSMNPh.php&finish=1 HTTP/1.1" 302 0 "https://avisosenacrilico.com.co/" "Mozilla/5.0 (Windows NT 10.0; Win64; x64) AppleWebKit/537.36 (KHTML, like Gecko) Chrome/123.0.0.0 Safari/537.36"
157.173.106.108 - - [16/Sep/2026:09:31:59 -0400] "GET /twentytwenty/wp/vBXRan.php?p=includes-20260916133125%2Fwp©=includes%2Fwp%2FEkOSMNPh.php&finish=1&move=1 HTTP/1.1" 302 0 "https://avisosenacrilico.com.co/" "Mozilla/5.0 (Windows NT 10.0; Win64; x64) AppleWebKit/537.36 (KHTML, like Gecko) Chrome/124.0.0.0 Safari/537.36"
157.173.106.108 - - [16/Sep/2026:09:32:00 -0400] "GET /twentytwenty/wp/vBXRan.php?p=twentytwenty%2Fwp%2Fwp HTTP/1.1" 200 10414 "https://avisosenacrilico.com.co/" "Mozilla/5.0 (Windows NT 10.0; Win64; x64) AppleWebKit/537.36 (KHTML, like Gecko) Chrome/124.0.0.0 Safari/537.36"
79.143.176.87 - - [16/Sep/2026:09:32:00 -0400] "GET /twentytwenty/wp/vBXRan.php?p=widgets%2Fphp-compat©=includes%2Fwp%2FEkOSMNPh.php&finish=1 HTTP/1.1" 302 0 "https://avisosenacrilico.com.co/" "Mozilla/5.0 (Macintosh; Intel Mac OS X 10_15_7) AppleWebKit/537.36 (KHTML, like Gecko) Chrome/124.0.0.0 Safari/537.36"
157.173.106.108 - - [16/Sep/2026:09:32:00 -0400] "GET /twentytwenty/wp/twentytwenty/wp/wp HTTP/1.1" 403 1242 "https://avisosenacrilico.com.co/" "Mozilla/5.0 (Windows NT 10.0; Win64; x64) AppleWebKit/537.36 (KHTML, like Gecko) Chrome/122.0.0.0 Safari/537.36"
79.143.176.87 - - [16/Sep/2026:09:32:00 -0400] "GET /twentytwenty/wp/vBXRan.php?p=twentytwenty%2Fwp%2Fwp&upload HTTP/1.1" 200 9810 "https://avisosenacrilico.com.co/" "Mozilla/5.0 (Macintosh; Intel Mac OS X 10_15_7) AppleWebKit/537.36 (KHTML, like Gecko) Chrome/125.0.0.0 Safari/537.36"
157.173.106.108 - - [16/Sep/2026:09:32:00 -0400] "GET /twentytwenty/wp/vBXRan.php?p=twentytwenty%2Fwp%2Fwp&settings=1 HTTP/1.1" 200 9572 "https://avisosenacrilico.com.co/" "Mozilla/5.0 (Windows NT 10.0; Win64; x64) AppleWebKit/537.36 (KHTML, like Gecko) Chrome/122.0.0.0 Safari/537.36"
79.143.176.87 - - [16/Sep/2026:09:32:01 -0400] "GET /twentytwenty/wp/vBXRan.php?p=twentytwenty%2Fwp%2Fwp©=includes%2Fwp%2FEkOSMNPh.php&finish=1 HTTP/1.1" 302 0 "https://avisosenacrilico.com.co/" "Mozilla/5.0 (Macintosh; Intel Mac OS X 10_15_7) AppleWebKit/537.36 (KHTML, like Gecko) Chrome/125.0.0.0 Safari/537.36"
157.173.106.108 - - [16/Sep/2026:09:32:01 -0400] "GET /twentytwenty/wp/vBXRan.php?p=twentytwenty%2Fwp%2Fwp©=includes%2Fwp%2FEkOSMNPh.php&finish=1&move=1 HTTP/1.1" 302 0 "https://avisosenacrilico.com.co/" "Mozilla/5.0 (Windows NT 10.0; Win64; x64) AppleWebKit/537.36 (KHTML, like Gecko) Chrome/125.0.0.0 Safari/537.36"
79.143.176.87 - - [16/Sep/2026:09:32:01 -0400] "GET /twentytwenty/wp/vBXRan.php?p=twentytwenty%2Fwp-content%2Fcss HTTP/1.1" 200 10661 "https://avisosenacrilico.com.co/" "Mozilla/5.0 (Macintosh; Intel Mac OS X 10_15_7) AppleWebKit/537.36 (KHTML, like Gecko) Chrome/124.0.0.0 Safari/537.36"
157.173.106.108 - - [16/Sep/2026:09:32:01 -0400] "GET /twentytwenty/wp/twentytwenty/wp-content/css HTTP/1.1" 403 1242 "https://avisosenacrilico.com.co/" "Mozilla/5.0 (Macintosh; Intel Mac OS X 10_15_7) AppleWebKit/537.36 (KHTML, like Gecko) Chrome/124.0.0.0 Safari/537.36"
79.143.176.87 - - [16/Sep/2026:09:32:02 -0400] "GET /twentytwenty/wp/vBXRan.php?p=twentytwenty%2Fwp-content%2Fcss&upload HTTP/1.1" 200 9798 "https://avisosenacrilico.com.co/" "Mozilla/5.0 (Windows NT 10.0; Win64; x64) AppleWebKit/537.36 (KHTML, like Gecko) Chrome/123.0.0.0 Safari/537.36"
157.173.106.108 - - [16/Sep/2026:09:32:02 -0400] "GET /twentytwenty/wp/vBXRan.php?p=twentytwenty%2Fwp-content%2Fcss&settings=1 HTTP/1.1" 200 9600 "https://avisosenacrilico.com.co/" "Mozilla/5.0 (Windows NT 10.0; Win64; x64) AppleWebKit/537.36 (KHTML, like Gecko) Chrome/125.0.0.0 Safari/537.36"
79.143.176.87 - - [16/Sep/2026:09:32:02 -0400] "GET /twentytwenty/wp/vBXRan.php?p=twentytwenty%2Fwp-content%2Fcss©=includes%2Fwp%2FEkOSMNPh.php&finish=1 HTTP/1.1" 302 0 "https://avisosenacrilico.com.co/" "Mozilla/5.0 (Windows NT 10.0; Win64; x64) AppleWebKit/537.36 (KHTML, like Gecko) Chrome/125.0.0.0 Safari/537.36"
157.173.106.108 - - [16/Sep/2026:09:32:02 -0400] "GET /twentytwenty/wp/vBXRan.php?p=twentytwenty%2Fwp-content%2Fcss©=includes%2Fwp%2FEkOSMNPh.php&finish=1&move=1 HTTP/1.1" 302 0 "https://avisosenacrilico.com.co/" "Mozilla/5.0 (Macintosh; Intel Mac OS X 10_15_7) AppleWebKit/537.36 (KHTML, like Gecko) Chrome/125.0.0.0 Safari/537.36"
79.143.176.87 - - [16/Sep/2026:09:32:03 -0400] "GET /twentytwenty/wp/vBXRan.php?p=twentytwenty%2Fwp-content%2Fcss%2Fcertificates©=includes%2Fwp%2FEkOSMNPh.php HTTP/1.1" 200 9287 "https://avisosenacrilico.com.co/" "Mozilla/5.0 (Macintosh; Intel Mac OS X 10_15_7) AppleWebKit/537.36 (KHTML, like Gecko) Chrome/125.0.0.0 Safari/537.36"
157.173.106.108 - - [16/Sep/2026:09:32:03 -0400] "GET /twentytwenty/wp/vBXRan.php?p=twentytwenty%2Fwp-content%2Ffonts HTTP/1.1" 200 10258 "https://avisosenacrilico.com.co/" "Mozilla/5.0 (Windows NT 10.0; Win64; x64) AppleWebKit/537.36 (KHTML, like Gecko) Chrome/121.0.0.0 Safari/537.36"
79.143.176.87 - - [16/Sep/2026:09:32:03 -0400] "GET /twentytwenty/wp/twentytwenty/wp-content/fonts HTTP/1.1" 403 1242 "https://avisosenacrilico.com.co/" "Mozilla/5.0 (Windows NT 10.0; Win64; x64) AppleWebKit/537.36 (KHTML, like Gecko) Chrome/122.0.0.0 Safari/537.36"
157.173.106.108 - - [16/Sep/2026:09:32:03 -0400] "GET /twentytwenty/wp/vBXRan.php?p=twentytwenty%2Fwp-content%2Ffonts&upload HTTP/1.1" 200 9821 "https://avisosenacrilico.com.co/" "Mozilla/5.0 (Windows NT 10.0; Win64; x64) AppleWebKit/537.36 (KHTML, like Gecko) Chrome/122.0.0.0 Safari/537.36"
79.143.176.87 - - [16/Sep/2026:09:32:04 -0400] "GET /twentytwenty/wp/vBXRan.php?p=twentytwenty%2Fwp%2Fwp&view=EkOSMNPh.php HTTP/1.1" 200 9732 "https://avisosenacrilico.com.co/" "Mozilla/5.0 (Windows NT 10.0; Win64; x64) AppleWebKit/537.36 (KHTML, like Gecko) Chrome/123.0.0.0 Safari/537.36"
157.173.106.108 - - [16/Sep/2026:09:32:04 -0400] "GET /twentytwenty/wp/vBXRan.php?p=twentytwenty%2Fwp%2Fwp&chmod=EkOSMNPh.php HTTP/1.1" 200 9386 "https://avisosenacrilico.com.co/" "Mozilla/5.0 (Macintosh; Intel Mac OS X 10_15_7) AppleWebKit/537.36 (KHTML, like Gecko) Chrome/123.0.0.0 Safari/537.36"
79.143.176.87 - - [16/Sep/2026:09:32:04 -0400] "GET /twentytwenty/wp/vBXRan.php?p=twentytwenty%2Fwp%2Fwp&view=EkOSMNPh.php&quickView=1 HTTP/1.1" 200 430 "https://avisosenacrilico.com.co/" "Mozilla/5.0 (Macintosh; Intel Mac OS X 10_15_7) AppleWebKit/537.36 (KHTML, like Gecko) Chrome/125.0.0.0 Safari/537.36"
157.173.106.108 - - [16/Sep/2026:09:32:05 -0400] "GET /twentytwenty/wp/vBXRan.php?p=twentytwenty%2Fwp%2Fwp&del=EkOSMNPh.php HTTP/1.1" 302 0 "https://avisosenacrilico.com.co/" "Mozilla/5.0 (Windows NT 10.0; Win64; x64) AppleWebKit/537.36 (KHTML, like Gecko) Chrome/121.0.0.0 Safari/537.36"
79.143.176.87 - - [16/Sep/2026:09:32:05 -0400] "GET /twentytwenty/wp/vBXRan.php?p=twentytwenty%2Fwp%2Fwp©=twentytwenty%2Fwp%2Fwp%2FEkOSMNPh.php HTTP/1.1" 302 0 "https://avisosenacrilico.com.co/" "Mozilla/5.0 (Windows NT 10.0; Win64; x64) AppleWebKit/537.36 (KHTML, like Gecko) Chrome/121.0.0.0 Safari/537.36"
157.173.106.108 - - [16/Sep/2026:09:32:05 -0400] "GET /twentytwenty/wp/wp/EkOSMNPh.php HTTP/1.1" 404 1251 "https://avisosenacrilico.com.co/" "Mozilla/5.0 (Windows NT 10.0; Win64; x64) AppleWebKit/537.36 (KHTML, like Gecko) Chrome/123.0.0.0 Safari/537.36"
79.143.176.87 - - [16/Sep/2026:09:32:05 -0400] "GET /twentytwenty/wp/vBXRan.php?p=twentytwenty%2Fwp%2Fwp&dl=EkOSMNPh.php HTTP/1.1" 302 0 "https://avisosenacrilico.com.co/" "Mozilla/5.0 (Windows NT 10.0; Win64; x64) AppleWebKit/537.36 (KHTML, like Gecko) Chrome/125.0.0.0 Safari/537.36"
157.173.106.108 - - [16/Sep/2026:09:32:05 -0400] "GET /twentytwenty/wp/vBXRan.php?p=twentytwenty/wp/wp HTTP/1.1" 200 9781 "https://avisosenacrilico.com.co/" "Mozilla/5.0 (Windows NT 10.0; Win64; x64) AppleWebKit/537.36 (KHTML, like Gecko) Chrome/122.0.0.0 Safari/537.36"
79.143.176.87 - - [16/Sep/2026:09:32:06 -0400] "GET /twentytwenty/wp/vBXRan.php?p=twentytwenty%2Fwp-content%2Fcss%2Fcertificates HTTP/1.1" 200 10829 "https://avisosenacrilico.com.co/" "Mozilla/5.0 (Macintosh; Intel Mac OS X 10_15_7) AppleWebKit/537.36 (KHTML, like Gecko) Chrome/124.0.0.0 Safari/537.36"
157.173.106.108 - - [16/Sep/2026:09:32:06 -0400] "GET /twentytwenty/wp/vBXRan.php?p=twentytwenty%2Fwp-content%2Fcss&chmod=certificates HTTP/1.1" 200 9385 "https://avisosenacrilico.com.co/" "Mozilla/5.0 (Windows NT 10.0; Win64; x64) AppleWebKit/537.36 (KHTML, like Gecko) Chrome/122.0.0.0 Safari/537.36"
79.143.176.87 - - [16/Sep/2026:09:32:06 -0400] "GET /twentytwenty/wp/vBXRan.php?p=twentytwenty%2Fwp-content%2Fcss&del=certificates HTTP/1.1" 302 0 "https://avisosenacrilico.com.co/" "Mozilla/5.0 (Macintosh; Intel Mac OS X 10_15_7) AppleWebKit/537.36 (KHTML, like Gecko) Chrome/125.0.0.0 Safari/537.36"
157.173.106.108 - - [16/Sep/2026:09:32:07 -0400] "GET /twentytwenty/wp/vBXRan.php?p=©=twentytwenty%2Fwp-content%2Fcss%2Fcertificates HTTP/1.1" 302 0 "https://avisosenacrilico.com.co/" "Mozilla/5.0 (Macintosh; Intel Mac OS X 10_15_7) AppleWebKit/537.36 (KHTML, like Gecko) Chrome/123.0.0.0 Safari/537.36"
79.143.176.87 - - [16/Sep/2026:09:32:07 -0400] "GET /twentytwenty/wp/vBXRan.php?p=twentytwenty%2Fwp-content%2Fcss&view=vpabZjjAFP.php HTTP/1.1" 200 161649 "https://avisosenacrilico.com.co/" "Mozilla/5.0 (Windows NT 10.0; Win64; x64) AppleWebKit/537.36 (KHTML, like Gecko) Chrome/123.0.0.0 Safari/537.36"
157.173.106.108 - - [16/Sep/2026:09:32:07 -0400] "GET /twentytwenty/wp/vBXRan.php?p=twentytwenty%2Fwp-content%2Fcss&chmod=vpabZjjAFP.php HTTP/1.1" 200 9400 "https://avisosenacrilico.com.co/" "Mozilla/5.0 (Windows NT 10.0; Win64; x64) AppleWebKit/537.36 (KHTML, like Gecko) Chrome/125.0.0.0 Safari/537.36"
157.173.106.108 - - [16/Sep/2026:09:32:07 -0400] "GET /twentytwenty/wp/vBXRan.php?p=twentytwenty%2Fwp-content%2Fcss&view=vpabZjjAFP.php&quickView=1 HTTP/1.1" 200 152043 "https://avisosenacrilico.com.co/" "Mozilla/5.0 (Windows NT 10.0; Win64; x64) AppleWebKit/537.36 (KHTML, like Gecko) Chrome/125.0.0.0 Safari/537.36"
79.143.176.87 - - [16/Sep/2026:09:32:09 -0400] "GET /twentytwenty/wp/vBXRan.php?p=twentytwenty%2Fwp-content%2Fcss&del=vpabZjjAFP.php HTTP/1.1" 302 0 "https://avisosenacrilico.com.co/" "Mozilla/5.0 (Macintosh; Intel Mac OS X 10_15_7) AppleWebKit/537.36 (KHTML, like Gecko) Chrome/125.0.0.0 Safari/537.36"
157.173.106.108 - - [16/Sep/2026:09:32:10 -0400] "GET /twentytwenty/wp/vBXRan.php?p=twentytwenty%2Fwp-content%2Fcss©=twentytwenty%2Fwp-content%2Fcss%2FvpabZjjAFP.php HTTP/1.1" 302 0 "https://avisosenacrilico.com.co/" "Mozilla/5.0 (Windows NT 10.0; Win64; x64) AppleWebKit/537.36 (KHTML, like Gecko) Chrome/123.0.0.0 Safari/537.36"
79.143.176.87 - - [16/Sep/2026:09:32:10 -0400] "GET /twentytwenty/wp/vBXRan.php?p=twentytwenty%2Fwp%2Fwp&edit=EkOSMNPh.php HTTP/1.1" 302 0 "https://avisosenacrilico.com.co/" "Mozilla/5.0 (Macintosh; Intel Mac OS X 10_15_7) AppleWebKit/537.36 (KHTML, like Gecko) Chrome/125.0.0.0 Safari/537.36"
157.173.106.108 - - [16/Sep/2026:09:32:10 -0400] "GET /twentytwenty/wp/vBXRan.php?p=twentytwenty%2Fwp%2Fwp&edit=EkOSMNPh.php&env=ace HTTP/1.1" 302 0 "https://avisosenacrilico.com.co/" "Mozilla/5.0 (Windows NT 10.0; Win64; x64) AppleWebKit/537.36 (KHTML, like Gecko) Chrome/122.0.0.0 Safari/537.36"
79.143.176.87 - - [16/Sep/2026:09:32:11 -0400] "GET /twentytwenty/wp/vBXRan.php?p=twentytwenty%2Fwp-content%2Fcss&dl=vpabZjjAFP.php HTTP/1.1" 302 0 "https://avisosenacrilico.com.co/" "Mozilla/5.0 (Macintosh; Intel Mac OS X 10_15_7) AppleWebKit/537.36 (KHTML, like Gecko) Chrome/124.0.0.0 Safari/537.36"
157.173.106.108 - - [16/Sep/2026:09:32:11 -0400] "GET /twentytwenty/wp/vBXRan.php?p=twentytwenty/wp-content/css HTTP/1.1" 200 10432 "https://avisosenacrilico.com.co/" "Mozilla/5.0 (Windows NT 10.0; Win64; x64) AppleWebKit/537.36 (KHTML, like Gecko) Chrome/121.0.0.0 Safari/537.36"
79.143.176.87 - - [16/Sep/2026:09:32:11 -0400] "GET /twentytwenty/wp/twentytwenty/wp-content/css/certificates HTTP/1.1" 403 1242 "https://avisosenacrilico.com.co/" "Mozilla/5.0 (Macintosh; Intel Mac OS X 10_15_7) AppleWebKit/537.36 (KHTML, like Gecko) Chrome/123.0.0.0 Safari/537.36"
157.173.106.108 - - [16/Sep/2026:09:32:11 -0400] "GET /twentytwenty/wp/vBXRan.php?p=twentytwenty%2Fwp-content%2Fcss%2Fcertificates&upload HTTP/1.1" 302 0 "https://avisosenacrilico.com.co/" "Mozilla/5.0 (Windows NT 10.0; Win64; x64) AppleWebKit/537.36 (KHTML, like Gecko) Chrome/122.0.0.0 Safari/537.36"
79.143.176.87 - - [16/Sep/2026:09:32:11 -0400] "GET /twentytwenty/wp/vBXRan.php?p=twentytwenty%2Fwp-content%2Fcss%2Fcertificates&settings=1 HTTP/1.1" 302 0 "https://avisosenacrilico.com.co/" "Mozilla/5.0 (Macintosh; Intel Mac OS X 10_15_7) AppleWebKit/537.36 (KHTML, like Gecko) Chrome/124.0.0.0 Safari/537.36"
157.173.106.108 - - [16/Sep/2026:09:32:12 -0400] "GET /twentytwenty/wp/vBXRan.php?p=twentytwenty%2Fwp-content%2Fcss%2Fcertificates©=includes%2Fwp%2FEkOSMNPh.php&finish=1 HTTP/1.1" 302 0 "https://avisosenacrilico.com.co/" "Mozilla/5.0 (Macintosh; Intel Mac OS X 10_15_7) AppleWebKit/537.36 (KHTML, like Gecko) Chrome/124.0.0.0 Safari/537.36"
79.143.176.87 - - [16/Sep/2026:09:32:12 -0400] "GET /twentytwenty/wp/vBXRan.php?p=twentytwenty%2Fwp-content%2Fcss%2Fcertificates%2Fcss HTTP/1.1" 302 0 "https://avisosenacrilico.com.co/" "Mozilla/5.0 (Windows NT 10.0; Win64; x64) AppleWebKit/537.36 (KHTML, like Gecko) Chrome/124.0.0.0 Safari/537.36"
157.173.106.108 - - [16/Sep/2026:09:32:12 -0400] "GET /twentytwenty/wp/vBXRan.php?p=twentytwenty%2Fwp-content%2Fcss%2Fcertificates&chmod=css HTTP/1.1" 302 0 "https://avisosenacrilico.com.co/" "Mozilla/5.0 (Macintosh; Intel Mac OS X 10_15_7) AppleWebKit/537.36 (KHTML, like Gecko) Chrome/123.0.0.0 Safari/537.36"
79.143.176.87 - - [16/Sep/2026:09:32:12 -0400] "GET /twentytwenty/wp/vBXRan.php?p=twentytwenty%2Fwp-content%2Fcss%2Fcertificates&del=css HTTP/1.1" 302 0 "https://avisosenacrilico.com.co/" "Mozilla/5.0 (Macintosh; Intel Mac OS X 10_15_7) AppleWebKit/537.36 (KHTML, like Gecko) Chrome/125.0.0.0 Safari/537.36"
157.173.106.108 - - [16/Sep/2026:09:32:12 -0400] "GET /twentytwenty/wp/vBXRan.php?p=©=twentytwenty%2Fwp-content%2Fcss%2Fcertificates%2Fcss HTTP/1.1" 302 0 "https://avisosenacrilico.com.co/" "Mozilla/5.0 (Windows NT 10.0; Win64; x64) AppleWebKit/537.36 (KHTML, like Gecko) Chrome/121.0.0.0 Safari/537.36"
79.143.176.87 - - [16/Sep/2026:09:32:13 -0400] "GET /twentytwenty/wp-content/css/certificates/css/ HTTP/1.1" 403 1242 "https://avisosenacrilico.com.co/" "Mozilla/5.0 (Macintosh; Intel Mac OS X 10_15_7) AppleWebKit/537.36 (KHTML, like Gecko) Chrome/125.0.0.0 Safari/537.36"
157.173.106.108 - - [16/Sep/2026:09:32:13 -0400] "GET /twentytwenty/wp/vBXRan.php?p=twentytwenty%2Fwp-content%2Fcss%2Fcertificates&view=FuZAMz.php HTTP/1.1" 302 0 "https://avisosenacrilico.com.co/" "Mozilla/5.0 (Windows NT 10.0; Win64; x64) AppleWebKit/537.36 (KHTML, like Gecko) Chrome/124.0.0.0 Safari/537.36"
79.143.176.87 - - [16/Sep/2026:09:32:13 -0400] "GET /twentytwenty/wp/vBXRan.php?p=twentytwenty%2Fwp-content%2Fcss%2Fcertificates&chmod=FuZAMz.php HTTP/1.1" 302 0 "https://avisosenacrilico.com.co/" "Mozilla/5.0 (Windows NT 10.0; Win64; x64) AppleWebKit/537.36 (KHTML, like Gecko) Chrome/123.0.0.0 Safari/537.36"
157.173.106.108 - - [16/Sep/2026:09:32:13 -0400] "GET /twentytwenty/wp/vBXRan.php?p=twentytwenty%2Fwp-content%2Fcss%2Fcertificates&view=FuZAMz.php&quickView=1 HTTP/1.1" 302 0 "https://avisosenacrilico.com.co/" "Mozilla/5.0 (Windows NT 10.0; Win64; x64) AppleWebKit/537.36 (KHTML, like Gecko) Chrome/121.0.0.0 Safari/537.36"
79.143.176.87 - - [16/Sep/2026:09:32:14 -0400] "GET /twentytwenty/wp/vBXRan.php?p=twentytwenty%2Fwp-content%2Fcss%2Fcertificates&del=FuZAMz.php HTTP/1.1" 302 0 "https://avisosenacrilico.com.co/" "Mozilla/5.0 (Windows NT 10.0; Win64; x64) AppleWebKit/537.36 (KHTML, like Gecko) Chrome/125.0.0.0 Safari/537.36"
157.173.106.108 - - [16/Sep/2026:09:32:14 -0400] "GET /twentytwenty/wp/vBXRan.php?p=twentytwenty%2Fwp-content%2Fcss%2Fcertificates©=twentytwenty%2Fwp-content%2Fcss%2Fcertificates%2FFuZAMz.php HTTP/1.1" 302 0 "https://avisosenacrilico.com.co/" "Mozilla/5.0 (Windows NT 10.0; Win64; x64) AppleWebKit/537.36 (KHTML, like Gecko) Chrome/123.0.0.0 Safari/537.36"
79.143.176.87 - - [16/Sep/2026:09:32:14 -0400] "GET /twentytwenty/wp-content/css/certificates/FuZAMz.php HTTP/1.1" 403 1242 "https://avisosenacrilico.com.co/" "Mozilla/5.0 (Macintosh; Intel Mac OS X 10_15_7) AppleWebKit/537.36 (KHTML, like Gecko) Chrome/123.0.0.0 Safari/537.36"
157.173.106.108 - - [16/Sep/2026:09:32:14 -0400] "GET /twentytwenty/wp/vBXRan.php?p=twentytwenty%2Fwp-content%2Fcss%2Fcertificates&dl=FuZAMz.php HTTP/1.1" 302 0 "https://avisosenacrilico.com.co/" "Mozilla/5.0 (Windows NT 10.0; Win64; x64) AppleWebKit/537.36 (KHTML, like Gecko) Chrome/123.0.0.0 Safari/537.36"
79.143.176.87 - - [16/Sep/2026:09:32:15 -0400] "GET /twentytwenty/wp/vBXRan.php?p=twentytwenty%2Fwp-content%2Fcss%2Fcertificates&view=index.php HTTP/1.1" 302 0 "https://avisosenacrilico.com.co/" "Mozilla/5.0 (Macintosh; Intel Mac OS X 10_15_7) AppleWebKit/537.36 (KHTML, like Gecko) Chrome/124.0.0.0 Safari/537.36"
157.173.106.108 - - [16/Sep/2026:09:32:15 -0400] "GET /twentytwenty/wp/vBXRan.php?p=twentytwenty%2Fwp-content%2Fcss%2Fcertificates&chmod=index.php HTTP/1.1" 302 0 "https://avisosenacrilico.com.co/" "Mozilla/5.0 (Windows NT 10.0; Win64; x64) AppleWebKit/537.36 (KHTML, like Gecko) Chrome/122.0.0.0 Safari/537.36"
79.143.176.87 - - [16/Sep/2026:09:32:15 -0400] "GET /twentytwenty/wp/vBXRan.php?p=twentytwenty%2Fwp-content%2Fcss%2Fcertificates&view=index.php&quickView=1 HTTP/1.1" 302 0 "https://avisosenacrilico.com.co/" "Mozilla/5.0 (Windows NT 10.0; Win64; x64) AppleWebKit/537.36 (KHTML, like Gecko) Chrome/124.0.0.0 Safari/537.36"
157.173.106.108 - - [16/Sep/2026:09:32:15 -0400] "GET /twentytwenty/wp/vBXRan.php?p=twentytwenty%2Fwp-content%2Fcss%2Fcertificates&del=index.php HTTP/1.1" 302 0 "https://avisosenacrilico.com.co/" "Mozilla/5.0 (Windows NT 10.0; Win64; x64) AppleWebKit/537.36 (KHTML, like Gecko) Chrome/125.0.0.0 Safari/537.36"
79.143.176.87 - - [16/Sep/2026:09:32:16 -0400] "GET /twentytwenty/wp/vBXRan.php?p=twentytwenty%2Fwp-content%2Fcss%2Fcertificates©=twentytwenty%2Fwp-content%2Fcss%2Fcertificates%2Findex.php HTTP/1.1" 302 0 "https://avisosenacrilico.com.co/" "Mozilla/5.0 (Macintosh; Intel Mac OS X 10_15_7) AppleWebKit/537.36 (KHTML, like Gecko) Chrome/123.0.0.0 Safari/537.36"
157.173.106.108 - - [16/Sep/2026:09:32:16 -0400] "GET /twentytwenty/wp-content/css/certificates/index.php HTTP/1.1" 403 1242 "https://avisosenacrilico.com.co/" "Mozilla/5.0 (Windows NT 10.0; Win64; x64) AppleWebKit/537.36 (KHTML, like Gecko) Chrome/122.0.0.0 Safari/537.36"
79.143.176.87 - - [16/Sep/2026:09:32:16 -0400] "GET /twentytwenty/wp/vBXRan.php?p=twentytwenty%2Fwp-content%2Fcss%2Fcertificates&dl=index.php HTTP/1.1" 302 0 "https://avisosenacrilico.com.co/" "Mozilla/5.0 (Windows NT 10.0; Win64; x64) AppleWebKit/537.36 (KHTML, like Gecko) Chrome/122.0.0.0 Safari/537.36"
157.173.106.108 - - [16/Sep/2026:09:32:16 -0400] "GET /twentytwenty/wp/vBXRan.php?p=twentytwenty%2Fwp-content%2Fcss&edit=vpabZjjAFP.php HTTP/1.1" 302 0 "https://avisosenacrilico.com.co/" "Mozilla/5.0 (Macintosh; Intel Mac OS X 10_15_7) AppleWebKit/537.36 (KHTML, like Gecko) Chrome/123.0.0.0 Safari/537.36"
79.143.176.87 - - [16/Sep/2026:09:32:16 -0400] "GET /twentytwenty/wp/vBXRan.php?p=twentytwenty%2Fwp-content%2Fcss&edit=vpabZjjAFP.php&env=ace HTTP/1.1" 302 0 "https://avisosenacrilico.com.co/" "Mozilla/5.0 (Windows NT 10.0; Win64; x64) AppleWebKit/537.36 (KHTML, like Gecko) Chrome/121.0.0.0 Safari/537.36"
157.173.106.108 - - [16/Sep/2026:09:32:17 -0400] "GET /twentytwenty/wp/vBXRan.php?p=twentytwenty%2Fwp-content%2Fcss&view=EkOSMNPh.php HTTP/1.1" 200 9754 "https://avisosenacrilico.com.co/" "Mozilla/5.0 (Windows NT 10.0; Win64; x64) AppleWebKit/537.36 (KHTML, like Gecko) Chrome/123.0.0.0 Safari/537.36"
79.143.176.87 - - [16/Sep/2026:09:32:17 -0400] "GET /twentytwenty/wp/vBXRan.php?p=twentytwenty%2Fwp-content%2Fcss&chmod=EkOSMNPh.php HTTP/1.1" 200 9408 "https://avisosenacrilico.com.co/" "Mozilla/5.0 (Windows NT 10.0; Win64; x64) AppleWebKit/537.36 (KHTML, like Gecko) Chrome/125.0.0.0 Safari/537.36"
157.173.106.108 - - [16/Sep/2026:09:32:17 -0400] "GET /twentytwenty/wp/vBXRan.php?p=twentytwenty%2Fwp-content%2Fcss&view=EkOSMNPh.php&quickView=1 HTTP/1.1" 200 430 "https://avisosenacrilico.com.co/" "Mozilla/5.0 (Macintosh; Intel Mac OS X 10_15_7) AppleWebKit/537.36 (KHTML, like Gecko) Chrome/123.0.0.0 Safari/537.36"
79.143.176.87 - - [16/Sep/2026:09:32:17 -0400] "GET /twentytwenty/wp/vBXRan.php?p=twentytwenty%2Fwp-content%2Fcss&del=EkOSMNPh.php HTTP/1.1" 302 0 "https://avisosenacrilico.com.co/" "Mozilla/5.0 (Windows NT 10.0; Win64; x64) AppleWebKit/537.36 (KHTML, like Gecko) Chrome/123.0.0.0 Safari/537.36"
157.173.106.108 - - [16/Sep/2026:09:32:18 -0400] "GET /twentytwenty/wp/vBXRan.php?p=twentytwenty%2Fwp-content%2Fcss©=twentytwenty%2Fwp-content%2Fcss%2FEkOSMNPh.php HTTP/1.1" 302 0 "https://avisosenacrilico.com.co/" "Mozilla/5.0 (Windows NT 10.0; Win64; x64) AppleWebKit/537.36 (KHTML, like Gecko) Chrome/122.0.0.0 Safari/537.36"
79.143.176.87 - - [16/Sep/2026:09:32:18 -0400] "GET /twentytwenty/wp-content/css/EkOSMNPh.php HTTP/1.1" 403 1242 "https://avisosenacrilico.com.co/" "Mozilla/5.0 (Macintosh; Intel Mac OS X 10_15_7) AppleWebKit/537.36 (KHTML, like Gecko) Chrome/125.0.0.0 Safari/537.36"
157.173.106.108 - - [16/Sep/2026:09:32:18 -0400] "GET /twentytwenty/wp/vBXRan.php?p=twentytwenty%2Fwp-content%2Fcss&dl=EkOSMNPh.php HTTP/1.1" 302 0 "https://avisosenacrilico.com.co/" "Mozilla/5.0 (Windows NT 10.0; Win64; x64) AppleWebKit/537.36 (KHTML, like Gecko) Chrome/121.0.0.0 Safari/537.36"
79.143.176.87 - - [16/Sep/2026:09:32:18 -0400] "GET /twentytwenty/wp/vBXRan.php?p=twentytwenty%2Fwp-content%2Fcss%2Fcertificates©=includes%2Fwp%2FEkOSMNPh.php&finish=1&move=1 HTTP/1.1" 302 0 "https://avisosenacrilico.com.co/" "Mozilla/5.0 (Windows NT 10.0; Win64; x64) AppleWebKit/537.36 (KHTML, like Gecko) Chrome/123.0.0.0 Safari/537.36"
157.173.106.108 - - [16/Sep/2026:09:32:19 -0400] "GET /twentytwenty/wp/vBXRan.php?p=twentytwenty%2Fwp-content%2Fcss%2Fcertificates%2Fcss©=includes%2Fwp%2FEkOSMNPh.php HTTP/1.1" 302 0 "https://avisosenacrilico.com.co/" "Mozilla/5.0 (Windows NT 10.0; Win64; x64) AppleWebKit/537.36 (KHTML, like Gecko) Chrome/123.0.0.0 Safari/537.36"
79.143.176.87 - - [16/Sep/2026:09:32:19 -0400] "GET /twentytwenty/wp/vBXRan.php?p=twentytwenty%2Fwp-content%2Ffonts%2Fpomo HTTP/1.1" 200 10307 "https://avisosenacrilico.com.co/" "Mozilla/5.0 (Windows NT 10.0; Win64; x64) AppleWebKit/537.36 (KHTML, like Gecko) Chrome/123.0.0.0 Safari/537.36"
157.173.106.108 - - [16/Sep/2026:09:32:19 -0400] "GET /twentytwenty/wp/vBXRan.php?p=twentytwenty%2Fwp-content%2Ffonts&chmod=pomo HTTP/1.1" 200 9382 "https://avisosenacrilico.com.co/" "Mozilla/5.0 (Windows NT 10.0; Win64; x64) AppleWebKit/537.36 (KHTML, like Gecko) Chrome/123.0.0.0 Safari/537.36"
79.143.176.87 - - [16/Sep/2026:09:32:20 -0400] "GET /twentytwenty/wp/vBXRan.php?p=twentytwenty%2Fwp-content%2Ffonts&del=pomo HTTP/1.1" 302 0 "https://avisosenacrilico.com.co/" "Mozilla/5.0 (Macintosh; Intel Mac OS X 10_15_7) AppleWebKit/537.36 (KHTML, like Gecko) Chrome/125.0.0.0 Safari/537.36"
157.173.106.108 - - [16/Sep/2026:09:32:20 -0400] "GET /twentytwenty/wp/vBXRan.php?p=©=twentytwenty%2Fwp-content%2Ffonts%2Fpomo HTTP/1.1" 302 0 "https://avisosenacrilico.com.co/" "Mozilla/5.0 (Windows NT 10.0; Win64; x64) AppleWebKit/537.36 (KHTML, like Gecko) Chrome/121.0.0.0 Safari/537.36"
79.143.176.87 - - [16/Sep/2026:09:32:20 -0400] "GET /twentytwenty/wp/vBXRan.php?p=twentytwenty/wp-content/fonts HTTP/1.1" 200 9788 "https://avisosenacrilico.com.co/" "Mozilla/5.0 (Windows NT 10.0; Win64; x64) AppleWebKit/537.36 (KHTML, like Gecko) Chrome/121.0.0.0 Safari/537.36"
157.173.106.108 - - [16/Sep/2026:09:32:20 -0400] "GET /twentytwenty/wp/vBXRan.php?p=twentytwenty%2Fwp-content%2Ffonts&settings=1 HTTP/1.1" 200 9574 "https://avisosenacrilico.com.co/" "Mozilla/5.0 (Windows NT 10.0; Win64; x64) AppleWebKit/537.36 (KHTML, like Gecko) Chrome/124.0.0.0 Safari/537.36"
79.143.176.87 - - [16/Sep/2026:09:32:20 -0400] "GET /twentytwenty/wp/vBXRan.php?p=twentytwenty%2Fwp-content%2Ffonts©=includes%2Fwp%2FEkOSMNPh.php&finish=1 HTTP/1.1" 302 0 "https://avisosenacrilico.com.co/" "Mozilla/5.0 (Windows NT 10.0; Win64; x64) AppleWebKit/537.36 (KHTML, like Gecko) Chrome/124.0.0.0 Safari/537.36"
157.173.106.108 - - [16/Sep/2026:09:32:21 -0400] "GET /twentytwenty/wp/vBXRan.php?p=twentytwenty%2Fwp-content%2Ffonts©=includes%2Fwp%2FEkOSMNPh.php&finish=1&move=1 HTTP/1.1" 302 0 "https://avisosenacrilico.com.co/" "Mozilla/5.0 (Windows NT 10.0; Win64; x64) AppleWebKit/537.36 (KHTML, like Gecko) Chrome/122.0.0.0 Safari/537.36"
79.143.176.87 - - [16/Sep/2026:09:32:21 -0400] "GET /twentytwenty/wp/vBXRan.php?p=twentytwenty%2Fwp-content%2Fcss&edit=EkOSMNPh.php HTTP/1.1" 302 0 "https://avisosenacrilico.com.co/" "Mozilla/5.0 (Windows NT 10.0; Win64; x64) AppleWebKit/537.36 (KHTML, like Gecko) Chrome/125.0.0.0 Safari/537.36"
157.173.106.108 - - [16/Sep/2026:09:32:21 -0400] "GET /twentytwenty/wp/vBXRan.php?p=twentytwenty%2Fwp-content%2Fcss&edit=EkOSMNPh.php&env=ace HTTP/1.1" 302 0 "https://avisosenacrilico.com.co/" "Mozilla/5.0 (Windows NT 10.0; Win64; x64) AppleWebKit/537.36 (KHTML, like Gecko) Chrome/122.0.0.0 Safari/537.36"
79.143.176.87 - - [16/Sep/2026:09:32:21 -0400] "GET /twentytwenty/wp/vBXRan.php?p=twentytwenty%2Fwp-content%2Ffonts%2Fpomo©=includes%2Fwp%2FEkOSMNPh.php HTTP/1.1" 302 0 "https://avisosenacrilico.com.co/" "Mozilla/5.0 (Windows NT 10.0; Win64; x64) AppleWebKit/537.36 (KHTML, like Gecko) Chrome/124.0.0.0 Safari/537.36"
157.173.106.108 - - [16/Sep/2026:09:32:22 -0400] "GET /twentytwenty/wp/vBXRan.php?p=twentytwenty%2Fwp-content%2Fthemes HTTP/1.1" 200 11029 "https://avisosenacrilico.com.co/" "Mozilla/5.0 (Windows NT 10.0; Win64; x64) AppleWebKit/537.36 (KHTML, like Gecko) Chrome/125.0.0.0 Safari/537.36"
79.143.176.87 - - [16/Sep/2026:09:32:22 -0400] "GET /twentytwenty/wp/twentytwenty/wp-content/themes HTTP/1.1" 403 1242 "https://avisosenacrilico.com.co/" "Mozilla/5.0 (Macintosh; Intel Mac OS X 10_15_7) AppleWebKit/537.36 (KHTML, like Gecko) Chrome/125.0.0.0 Safari/537.36"
157.173.106.108 - - [16/Sep/2026:09:32:22 -0400] "GET /twentytwenty/wp/vBXRan.php?p=twentytwenty%2Fwp-content%2Fthemes&upload HTTP/1.1" 200 9796 "https://avisosenacrilico.com.co/" "Mozilla/5.0 (Macintosh; Intel Mac OS X 10_15_7) AppleWebKit/537.36 (KHTML, like Gecko) Chrome/123.0.0.0 Safari/537.36"
79.143.176.87 - - [16/Sep/2026:09:32:22 -0400] "GET /twentytwenty/wp/vBXRan.php?p=twentytwenty%2Fwp-content%2Fthemes&settings=1 HTTP/1.1" 200 9567 "https://avisosenacrilico.com.co/" "Mozilla/5.0 (Windows NT 10.0; Win64; x64) AppleWebKit/537.36 (KHTML, like Gecko) Chrome/121.0.0.0 Safari/537.36"
157.173.106.108 - - [16/Sep/2026:09:32:22 -0400] "GET /twentytwenty/wp/vBXRan.php?p=twentytwenty%2Fwp-content%2Fthemes©=includes%2Fwp%2FEkOSMNPh.php&finish=1 HTTP/1.1" 302 0 "https://avisosenacrilico.com.co/" "Mozilla/5.0 (Macintosh; Intel Mac OS X 10_15_7) AppleWebKit/537.36 (KHTML, like Gecko) Chrome/123.0.0.0 Safari/537.36"
79.143.176.87 - - [16/Sep/2026:09:32:23 -0400] "GET /twentytwenty/wp/vBXRan.php?p=twentytwenty%2Fwp-content%2Fthemes©=includes%2Fwp%2FEkOSMNPh.php&finish=1&move=1 HTTP/1.1" 302 0 "https://avisosenacrilico.com.co/" "Mozilla/5.0 (Macintosh; Intel Mac OS X 10_15_7) AppleWebKit/537.36 (KHTML, like Gecko) Chrome/123.0.0.0 Safari/537.36"
157.173.106.108 - - [16/Sep/2026:09:32:23 -0400] "GET /twentytwenty/wp/twentytwenty/wp-content/fonts/pomo HTTP/1.1" 403 1242 "https://avisosenacrilico.com.co/" "Mozilla/5.0 (Macintosh; Intel Mac OS X 10_15_7) AppleWebKit/537.36 (KHTML, like Gecko) Chrome/123.0.0.0 Safari/537.36"
157.173.106.108 - - [16/Sep/2026:09:32:23 -0400] "GET /twentytwenty/wp/vBXRan.php?p=twentytwenty%2Fwp-content%2Ffonts%2Fpomo&settings=1 HTTP/1.1" 302 0 "https://avisosenacrilico.com.co/" "Mozilla/5.0 (Windows NT 10.0; Win64; x64) AppleWebKit/537.36 (KHTML, like Gecko) Chrome/123.0.0.0 Safari/537.36"
79.143.176.87 - - [16/Sep/2026:09:32:24 -0400] "GET /twentytwenty/wp/vBXRan.php?p=twentytwenty%2Fwp-content%2Ffonts%2Fpomo&upload HTTP/1.1" 302 0 "https://avisosenacrilico.com.co/" "Mozilla/5.0 (Windows NT 10.0; Win64; x64) AppleWebKit/537.36 (KHTML, like Gecko) Chrome/124.0.0.0 Safari/537.36"
157.173.106.108 - - [16/Sep/2026:09:32:24 -0400] "GET /twentytwenty/wp/vBXRan.php?p=twentytwenty%2Fwp-content%2Ffonts%2Fpomo%2Fjs HTTP/1.1" 302 0 "https://avisosenacrilico.com.co/" "Mozilla/5.0 (Windows NT 10.0; Win64; x64) AppleWebKit/537.36 (KHTML, like Gecko) Chrome/125.0.0.0 Safari/537.36"
79.143.176.87 - - [16/Sep/2026:09:32:24 -0400] "GET /twentytwenty/wp/vBXRan.php?p=twentytwenty%2Fwp-content%2Ffonts%2Fpomo&chmod=js HTTP/1.1" 302 0 "https://avisosenacrilico.com.co/" "Mozilla/5.0 (Windows NT 10.0; Win64; x64) AppleWebKit/537.36 (KHTML, like Gecko) Chrome/125.0.0.0 Safari/537.36"
157.173.106.108 - - [16/Sep/2026:09:32:24 -0400] "GET /twentytwenty/wp/vBXRan.php?p=twentytwenty%2Fwp-content%2Ffonts%2Fpomo&del=js HTTP/1.1" 302 0 "https://avisosenacrilico.com.co/" "Mozilla/5.0 (Macintosh; Intel Mac OS X 10_15_7) AppleWebKit/537.36 (KHTML, like Gecko) Chrome/123.0.0.0 Safari/537.36"
79.143.176.87 - - [16/Sep/2026:09:32:24 -0400] "GET /twentytwenty/wp/vBXRan.php?p=©=twentytwenty%2Fwp-content%2Ffonts%2Fpomo%2Fjs HTTP/1.1" 302 0 "https://avisosenacrilico.com.co/" "Mozilla/5.0 (Macintosh; Intel Mac OS X 10_15_7) AppleWebKit/537.36 (KHTML, like Gecko) Chrome/123.0.0.0 Safari/537.36"
157.173.106.108 - - [16/Sep/2026:09:32:25 -0400] "GET /twentytwenty/wp/vBXRan.php?p=twentytwenty%2Fwp-content%2Fthemes%2Ftwentytwenty©=includes%2Fwp%2FEkOSMNPh.php HTTP/1.1" 200 9282 "https://avisosenacrilico.com.co/" "Mozilla/5.0 (Windows NT 10.0; Win64; x64) AppleWebKit/537.36 (KHTML, like Gecko) Chrome/121.0.0.0 Safari/537.36"
79.143.176.87 - - [16/Sep/2026:09:32:25 -0400] "GET /twentytwenty/wp/vBXRan.php?p=includes-20260916133125%2Fwp&view=EkOSMNPh.php HTTP/1.1" 302 0 "https://avisosenacrilico.com.co/" "Mozilla/5.0 (Windows NT 10.0; Win64; x64) AppleWebKit/537.36 (KHTML, like Gecko) Chrome/123.0.0.0 Safari/537.36"
157.173.106.108 - - [16/Sep/2026:09:32:25 -0400] "GET /twentytwenty/wp/vBXRan.php?p=includes-20260916133125%2Fwp&chmod=EkOSMNPh.php HTTP/1.1" 302 0 "https://avisosenacrilico.com.co/" "Mozilla/5.0 (Windows NT 10.0; Win64; x64) AppleWebKit/537.36 (KHTML, like Gecko) Chrome/121.0.0.0 Safari/537.36"
79.143.176.87 - - [16/Sep/2026:09:32:25 -0400] "GET /twentytwenty/wp/vBXRan.php?p=includes-20260916133125%2Fwp&view=EkOSMNPh.php&quickView=1 HTTP/1.1" 302 0 "https://avisosenacrilico.com.co/" "Mozilla/5.0 (Windows NT 10.0; Win64; x64) AppleWebKit/537.36 (KHTML, like Gecko) Chrome/122.0.0.0 Safari/537.36"
157.173.106.108 - - [16/Sep/2026:09:32:26 -0400] "GET /twentytwenty/wp/vBXRan.php?p=twentytwenty%2Fwp-content%2Fthemes%2Ftwentytwenty HTTP/1.1" 200 10731 "https://avisosenacrilico.com.co/" "Mozilla/5.0 (Windows NT 10.0; Win64; x64) AppleWebKit/537.36 (KHTML, like Gecko) Chrome/121.0.0.0 Safari/537.36"
79.143.176.87 - - [16/Sep/2026:09:32:26 -0400] "GET /twentytwenty/wp/vBXRan.php?p=twentytwenty%2Fwp-content%2Fthemes&chmod=twentytwenty HTTP/1.1" 200 9361 "https://avisosenacrilico.com.co/" "Mozilla/5.0 (Macintosh; Intel Mac OS X 10_15_7) AppleWebKit/537.36 (KHTML, like Gecko) Chrome/125.0.0.0 Safari/537.36"
79.143.176.87 - - [16/Sep/2026:09:32:26 -0400] "GET /twentytwenty/wp/vBXRan.php?p=©=twentytwenty%2Fwp-content%2Fthemes%2Ftwentytwenty HTTP/1.1" 200 9243 "https://avisosenacrilico.com.co/" "Mozilla/5.0 (Macintosh; Intel Mac OS X 10_15_7) AppleWebKit/537.36 (KHTML, like Gecko) Chrome/123.0.0.0 Safari/537.36"
79.143.176.87 - - [16/Sep/2026:09:32:27 -0400] "GET /twentytwenty/wp/vBXRan.php?p=twentytwenty%2Fwp-content%2Fthemes&view=fox_2ce860.php HTTP/1.1" 200 10277 "https://avisosenacrilico.com.co/" "Mozilla/5.0 (Windows NT 10.0; Win64; x64) AppleWebKit/537.36 (KHTML, like Gecko) Chrome/125.0.0.0 Safari/537.36"
79.143.176.87 - - [16/Sep/2026:09:32:27 -0400] "GET /twentytwenty/wp/vBXRan.php?p=twentytwenty%2Fwp-content%2Fthemes&chmod=fox_2ce860.php HTTP/1.1" 200 9390 "https://avisosenacrilico.com.co/" "Mozilla/5.0 (Macintosh; Intel Mac OS X 10_15_7) AppleWebKit/537.36 (KHTML, like Gecko) Chrome/125.0.0.0 Safari/537.36"
79.143.176.87 - - [16/Sep/2026:09:32:27 -0400] "GET /twentytwenty/wp/vBXRan.php?p=twentytwenty%2Fwp-content%2Fthemes&view=fox_2ce860.php&quickView=1 HTTP/1.1" 200 1020 "https://avisosenacrilico.com.co/" "Mozilla/5.0 (Macintosh; Intel Mac OS X 10_15_7) AppleWebKit/537.36 (KHTML, like Gecko) Chrome/124.0.0.0 Safari/537.36"
79.143.176.87 - - [16/Sep/2026:09:32:27 -0400] "GET /twentytwenty/wp/vBXRan.php?p=twentytwenty%2Fwp-content%2Fthemes&del=fox_2ce860.php HTTP/1.1" 302 0 "https://avisosenacrilico.com.co/" "Mozilla/5.0 (Windows NT 10.0; Win64; x64) AppleWebKit/537.36 (KHTML, like Gecko) Chrome/121.0.0.0 Safari/537.36"
79.143.176.87 - - [16/Sep/2026:09:32:28 -0400] "GET /twentytwenty/wp/vBXRan.php?p=twentytwenty%2Fwp-content%2Fthemes©=twentytwenty%2Fwp-content%2Fthemes%2Ffox_2ce860.php HTTP/1.1" 302 0 "https://avisosenacrilico.com.co/" "Mozilla/5.0 (Windows NT 10.0; Win64; x64) AppleWebKit/537.36 (KHTML, like Gecko) Chrome/125.0.0.0 Safari/537.36"
79.143.176.87 - - [16/Sep/2026:09:32:28 -0400] "GET /twentytwenty/wp/vBXRan.php?p=twentytwenty%2Fwp-content%2Fthemes&dl=fox_2ce860.php HTTP/1.1" 302 0 "https://avisosenacrilico.com.co/" "Mozilla/5.0 (Windows NT 10.0; Win64; x64) AppleWebKit/537.36 (KHTML, like Gecko) Chrome/121.0.0.0 Safari/537.36"
79.143.176.87 - - [16/Sep/2026:09:32:28 -0400] "GET /twentytwenty/wp/vBXRan.php?p=twentytwenty%2Fwp-content%2Fthemes&view=fox_224183.php HTTP/1.1" 200 10284 "https://avisosenacrilico.com.co/" "Mozilla/5.0 (Macintosh; Intel Mac OS X 10_15_7) AppleWebKit/537.36 (KHTML, like Gecko) Chrome/124.0.0.0 Safari/537.36"
79.143.176.87 - - [16/Sep/2026:09:32:28 -0400] "GET /twentytwenty/wp/vBXRan.php?p=twentytwenty%2Fwp-content%2Fthemes&chmod=fox_224183.php HTTP/1.1" 200 9389 "https://avisosenacrilico.com.co/" "Mozilla/5.0 (Windows NT 10.0; Win64; x64) AppleWebKit/537.36 (KHTML, like Gecko) Chrome/122.0.0.0 Safari/537.36"
45.141.22.207 - - [16/Sep/2026:09:32:29 -0400] "GET /twentytwenty/wp/vBXRan.php?p=twentytwenty%2Fwp-content%2Fthemes&view=fox_224183.php&quickView=1 HTTP/1.1" 200 1020 "https://avisosenacrilico.com.co/" "Mozilla/5.0 (Macintosh; Intel Mac OS X 10_15_7) AppleWebKit/537.36 (KHTML, like Gecko) Chrome/124.0.0.0 Safari/537.36"
79.143.176.87 - - [16/Sep/2026:09:32:29 -0400] "GET /twentytwenty/wp/vBXRan.php?p=twentytwenty%2Fwp-content%2Fthemes&del=fox_224183.php HTTP/1.1" 302 0 "https://avisosenacrilico.com.co/" "Mozilla/5.0 (Windows NT 10.0; Win64; x64) AppleWebKit/537.36 (KHTML, like Gecko) Chrome/123.0.0.0 Safari/537.36"
45.141.22.207 - - [16/Sep/2026:09:32:29 -0400] "GET /twentytwenty/wp/vBXRan.php?p=twentytwenty%2Fwp-content%2Fthemes©=twentytwenty%2Fwp-content%2Fthemes%2Ffox_224183.php HTTP/1.1" 302 0 "https://avisosenacrilico.com.co/" "Mozilla/5.0 (Windows NT 10.0; Win64; x64) AppleWebKit/537.36 (KHTML, like Gecko) Chrome/124.0.0.0 Safari/537.36"
157.173.106.108 - - [16/Sep/2026:09:32:26 -0400] "GET /twentytwenty/wp/vBXRan.php?p=twentytwenty%2Fwp-content%2Fthemes&del=twentytwenty HTTP/1.1" 302 0 "https://avisosenacrilico.com.co/" "Mozilla/5.0 (Macintosh; Intel Mac OS X 10_15_7) AppleWebKit/537.36 (KHTML, like Gecko) Chrome/125.0.0.0 Safari/537.36"
79.143.176.87 - - [16/Sep/2026:09:32:29 -0400] "GET /twentytwenty/wp/vBXRan.php?p=twentytwenty%2Fwp-content%2Fthemes&dl=fox_224183.php HTTP/1.1" 302 0 "https://avisosenacrilico.com.co/" "Mozilla/5.0 (Macintosh; Intel Mac OS X 10_15_7) AppleWebKit/537.36 (KHTML, like Gecko) Chrome/123.0.0.0 Safari/537.36"
45.141.22.207 - - [16/Sep/2026:09:32:29 -0400] "GET /twentytwenty/wp/vBXRan.php?p=twentytwenty%2Fwp-content%2Fthemes&view=fox_f5e952.php HTTP/1.1" 200 10283 "https://avisosenacrilico.com.co/" "Mozilla/5.0 (Macintosh; Intel Mac OS X 10_15_7) AppleWebKit/537.36 (KHTML, like Gecko) Chrome/123.0.0.0 Safari/537.36"
157.173.106.108 - - [16/Sep/2026:09:32:30 -0400] "GET /twentytwenty/wp/vBXRan.php?p=twentytwenty%2Fwp-content%2Fthemes%2Ftwentytwenty%2Finc HTTP/1.1" 302 0 "https://avisosenacrilico.com.co/" "Mozilla/5.0 (Macintosh; Intel Mac OS X 10_15_7) AppleWebKit/537.36 (KHTML, like Gecko) Chrome/124.0.0.0 Safari/537.36"
79.143.176.87 - - [16/Sep/2026:09:32:30 -0400] "GET /twentytwenty/wp/vBXRan.php?p=twentytwenty%2Fwp-content%2Fthemes%2Ftwentytwenty&chmod=inc HTTP/1.1" 302 0 "https://avisosenacrilico.com.co/" "Mozilla/5.0 (Windows NT 10.0; Win64; x64) AppleWebKit/537.36 (KHTML, like Gecko) Chrome/124.0.0.0 Safari/537.36"
45.141.22.207 - - [16/Sep/2026:09:32:30 -0400] "GET /twentytwenty/wp/vBXRan.php?p=twentytwenty%2Fwp-content%2Fthemes%2Ftwentytwenty&del=inc HTTP/1.1" 302 0 "https://avisosenacrilico.com.co/" "Mozilla/5.0 (Windows NT 10.0; Win64; x64) AppleWebKit/537.36 (KHTML, like Gecko) Chrome/125.0.0.0 Safari/537.36"
