157.173.106.108 - - [16/Sep/2026:09:32:30 -0400] "GET /twentytwenty/wp/vBXRan.php?p=©=twentytwenty%2Fwp-content%2Fthemes%2Ftwentytwenty%2Finc HTTP/1.1" 302 0 "https://avisosenacrilico.com.co/" "Mozilla/5.0 (Windows NT 10.0; Win64; x64) AppleWebKit/537.36 (KHTML, like Gecko) Chrome/123.0.0.0 Safari/537.36"
79.143.176.87 - - [16/Sep/2026:09:32:31 -0400] "GET /twentytwenty/wp-content/themes/twentytwenty/inc/ HTTP/1.1" 404 1251 "https://avisosenacrilico.com.co/" "Mozilla/5.0 (Macintosh; Intel Mac OS X 10_15_7) AppleWebKit/537.36 (KHTML, like Gecko) Chrome/123.0.0.0 Safari/537.36"
45.141.22.207 - - [16/Sep/2026:09:32:31 -0400] "GET /twentytwenty/wp/vBXRan.php?p=twentytwenty%2Fwp-content%2Fthemes%2Ftwentytwenty%2Fwp HTTP/1.1" 302 0 "https://avisosenacrilico.com.co/" "Mozilla/5.0 (Macintosh; Intel Mac OS X 10_15_7) AppleWebKit/537.36 (KHTML, like Gecko) Chrome/125.0.0.0 Safari/537.36"
157.173.106.108 - - [16/Sep/2026:09:32:31 -0400] "GET /twentytwenty/wp/vBXRan.php?p=twentytwenty%2Fwp-content%2Fthemes%2Ftwentytwenty&chmod=wp HTTP/1.1" 302 0 "https://avisosenacrilico.com.co/" "Mozilla/5.0 (Windows NT 10.0; Win64; x64) AppleWebKit/537.36 (KHTML, like Gecko) Chrome/125.0.0.0 Safari/537.36"
79.143.176.87 - - [16/Sep/2026:09:32:31 -0400] "GET /twentytwenty/wp/vBXRan.php?p=twentytwenty%2Fwp-content%2Fthemes%2Ftwentytwenty&del=wp HTTP/1.1" 302 0 "https://avisosenacrilico.com.co/" "Mozilla/5.0 (Windows NT 10.0; Win64; x64) AppleWebKit/537.36 (KHTML, like Gecko) Chrome/122.0.0.0 Safari/537.36"
45.141.22.207 - - [16/Sep/2026:09:32:32 -0400] "GET /twentytwenty/wp/vBXRan.php?p=©=twentytwenty%2Fwp-content%2Fthemes%2Ftwentytwenty%2Fwp HTTP/1.1" 302 0 "https://avisosenacrilico.com.co/" "Mozilla/5.0 (Windows NT 10.0; Win64; x64) AppleWebKit/537.36 (KHTML, like Gecko) Chrome/123.0.0.0 Safari/537.36"
157.173.106.108 - - [16/Sep/2026:09:32:32 -0400] "GET /twentytwenty/wp-content/themes/twentytwenty/wp/ HTTP/1.1" 404 1251 "https://avisosenacrilico.com.co/" "Mozilla/5.0 (Windows NT 10.0; Win64; x64) AppleWebKit/537.36 (KHTML, like Gecko) Chrome/124.0.0.0 Safari/537.36"
79.143.176.87 - - [16/Sep/2026:09:32:32 -0400] "GET /twentytwenty/wp/vBXRan.php?p=twentytwenty%2Fwp-content%2Fthemes%2Ftwentytwenty%2Fwp-content HTTP/1.1" 302 0 "https://avisosenacrilico.com.co/" "Mozilla/5.0 (Macintosh; Intel Mac OS X 10_15_7) AppleWebKit/537.36 (KHTML, like Gecko) Chrome/124.0.0.0 Safari/537.36"
45.141.22.207 - - [16/Sep/2026:09:32:32 -0400] "GET /twentytwenty/wp/vBXRan.php?p=twentytwenty%2Fwp-content%2Fthemes%2Ftwentytwenty&chmod=wp-content HTTP/1.1" 302 0 "https://avisosenacrilico.com.co/" "Mozilla/5.0 (Windows NT 10.0; Win64; x64) AppleWebKit/537.36 (KHTML, like Gecko) Chrome/122.0.0.0 Safari/537.36"
157.173.106.108 - - [16/Sep/2026:09:32:33 -0400] "GET /twentytwenty/wp/vBXRan.php?p=twentytwenty%2Fwp-content%2Fthemes%2Ftwentytwenty&del=wp-content HTTP/1.1" 302 0 "https://avisosenacrilico.com.co/" "Mozilla/5.0 (Windows NT 10.0; Win64; x64) AppleWebKit/537.36 (KHTML, like Gecko) Chrome/122.0.0.0 Safari/537.36"
79.143.176.87 - - [16/Sep/2026:09:32:33 -0400] "GET /twentytwenty/wp/vBXRan.php?p=©=twentytwenty%2Fwp-content%2Fthemes%2Ftwentytwenty%2Fwp-content HTTP/1.1" 302 0 "https://avisosenacrilico.com.co/" "Mozilla/5.0 (Macintosh; Intel Mac OS X 10_15_7) AppleWebKit/537.36 (KHTML, like Gecko) Chrome/123.0.0.0 Safari/537.36"
45.141.22.207 - - [16/Sep/2026:09:32:33 -0400] "GET /twentytwenty/wp-content/themes/twentytwenty/wp-content/ HTTP/1.1" 404 1251 "https://avisosenacrilico.com.co/" "Mozilla/5.0 (Macintosh; Intel Mac OS X 10_15_7) AppleWebKit/537.36 (KHTML, like Gecko) Chrome/124.0.0.0 Safari/537.36"
157.173.106.108 - - [16/Sep/2026:09:32:34 -0400] "GET /twentytwenty/wp/vBXRan.php?p=twentytwenty%2Fwp-content%2Fthemes%2Ftwentytwenty&view=IdSnGon.php HTTP/1.1" 302 0 "https://avisosenacrilico.com.co/" "Mozilla/5.0 (Macintosh; Intel Mac OS X 10_15_7) AppleWebKit/537.36 (KHTML, like Gecko) Chrome/124.0.0.0 Safari/537.36"
79.143.176.87 - - [16/Sep/2026:09:32:34 -0400] "GET /twentytwenty/wp/vBXRan.php?p=twentytwenty%2Fwp-content%2Fthemes%2Ftwentytwenty&chmod=IdSnGon.php HTTP/1.1" 302 0 "https://avisosenacrilico.com.co/" "Mozilla/5.0 (Macintosh; Intel Mac OS X 10_15_7) AppleWebKit/537.36 (KHTML, like Gecko) Chrome/124.0.0.0 Safari/537.36"
45.141.22.207 - - [16/Sep/2026:09:32:34 -0400] "GET /twentytwenty/wp/vBXRan.php?p=twentytwenty%2Fwp-content%2Fthemes%2Ftwentytwenty&view=IdSnGon.php&quickView=1 HTTP/1.1" 302 0 "https://avisosenacrilico.com.co/" "Mozilla/5.0 (Windows NT 10.0; Win64; x64) AppleWebKit/537.36 (KHTML, like Gecko) Chrome/125.0.0.0 Safari/537.36"
157.173.106.108 - - [16/Sep/2026:09:32:34 -0400] "GET /twentytwenty/wp/vBXRan.php?p=twentytwenty%2Fwp-content%2Fthemes%2Ftwentytwenty&del=IdSnGon.php HTTP/1.1" 302 0 "https://avisosenacrilico.com.co/" "Mozilla/5.0 (Windows NT 10.0; Win64; x64) AppleWebKit/537.36 (KHTML, like Gecko) Chrome/124.0.0.0 Safari/537.36"
79.143.176.87 - - [16/Sep/2026:09:32:34 -0400] "GET /twentytwenty/wp/vBXRan.php?p=twentytwenty%2Fwp-content%2Fthemes%2Ftwentytwenty©=twentytwenty%2Fwp-content%2Fthemes%2Ftwentytwenty%2FIdSnGon.php HTTP/1.1" 302 0 "https://avisosenacrilico.com.co/" "Mozilla/5.0 (Macintosh; Intel Mac OS X 10_15_7) AppleWebKit/537.36 (KHTML, like Gecko) Chrome/125.0.0.0 Safari/537.36"
45.141.22.207 - - [16/Sep/2026:09:32:35 -0400] "GET /twentytwenty/wp-content/themes/twentytwenty/IdSnGon.php HTTP/1.1" 404 1251 "https://avisosenacrilico.com.co/" "Mozilla/5.0 (Windows NT 10.0; Win64; x64) AppleWebKit/537.36 (KHTML, like Gecko) Chrome/124.0.0.0 Safari/537.36"
157.173.106.108 - - [16/Sep/2026:09:32:35 -0400] "GET /twentytwenty/wp/vBXRan.php?p=twentytwenty%2Fwp-content%2Fthemes%2Ftwentytwenty&dl=IdSnGon.php HTTP/1.1" 302 0 "https://avisosenacrilico.com.co/" "Mozilla/5.0 (Windows NT 10.0; Win64; x64) AppleWebKit/537.36 (KHTML, like Gecko) Chrome/123.0.0.0 Safari/537.36"
79.143.176.87 - - [16/Sep/2026:09:32:35 -0400] "GET /twentytwenty/wp/vBXRan.php?p=©=twentytwenty%2Fwp-content%2Fthemes%2Ftwentytwenty&finish=1 HTTP/1.1" 302 0 "https://avisosenacrilico.com.co/" "Mozilla/5.0 (Windows NT 10.0; Win64; x64) AppleWebKit/537.36 (KHTML, like Gecko) Chrome/123.0.0.0 Safari/537.36"
45.141.22.207 - - [16/Sep/2026:09:32:35 -0400] "GET /twentytwenty/wp/vBXRan.php?p=©=twentytwenty%2Fwp-content%2Fthemes%2Ftwentytwenty&finish=1&move=1 HTTP/1.1" 302 0 "https://avisosenacrilico.com.co/" "Mozilla/5.0 (Macintosh; Intel Mac OS X 10_15_7) AppleWebKit/537.36 (KHTML, like Gecko) Chrome/123.0.0.0 Safari/537.36"
157.173.106.108 - - [16/Sep/2026:09:32:36 -0400] "GET /twentytwenty/wp/vBXRan.php?p=includes©=twentytwenty%2Fwp-content%2Fthemes%2Ftwentytwenty HTTP/1.1" 302 0 "https://avisosenacrilico.com.co/" "Mozilla/5.0 (Windows NT 10.0; Win64; x64) AppleWebKit/537.36 (KHTML, like Gecko) Chrome/121.0.0.0 Safari/537.36"
79.143.176.87 - - [16/Sep/2026:09:32:36 -0400] "GET /twentytwenty/wp/vBXRan.php?p=includes-20260916133125©=twentytwenty%2Fwp-content%2Fthemes%2Ftwentytwenty HTTP/1.1" 302 0 "https://avisosenacrilico.com.co/" "Mozilla/5.0 (Macintosh; Intel Mac OS X 10_15_7) AppleWebKit/537.36 (KHTML, like Gecko) Chrome/124.0.0.0 Safari/537.36"
45.141.22.207 - - [16/Sep/2026:09:32:36 -0400] "GET /twentytwenty/wp/vBXRan.php?p=twentytwenty©=twentytwenty%2Fwp-content%2Fthemes%2Ftwentytwenty HTTP/1.1" 302 0 "https://avisosenacrilico.com.co/" "Mozilla/5.0 (Windows NT 10.0; Win64; x64) AppleWebKit/537.36 (KHTML, like Gecko) Chrome/121.0.0.0 Safari/537.36"
157.173.106.108 - - [16/Sep/2026:09:32:36 -0400] "GET /twentytwenty/wp/vBXRan.php?p=widgets©=twentytwenty%2Fwp-content%2Fthemes%2Ftwentytwenty HTTP/1.1" 302 0 "https://avisosenacrilico.com.co/" "Mozilla/5.0 (Macintosh; Intel Mac OS X 10_15_7) AppleWebKit/537.36 (KHTML, like Gecko) Chrome/123.0.0.0 Safari/537.36"
79.143.176.87 - - [16/Sep/2026:09:32:37 -0400] "GET /twentytwenty/wp/vBXRan.php?p=wp©=twentytwenty%2Fwp-content%2Fthemes%2Ftwentytwenty HTTP/1.1" 302 0 "https://avisosenacrilico.com.co/" "Mozilla/5.0 (Macintosh; Intel Mac OS X 10_15_7) AppleWebKit/537.36 (KHTML, like Gecko) Chrome/123.0.0.0 Safari/537.36"
45.141.22.207 - - [16/Sep/2026:09:32:37 -0400] "GET /twentytwenty/wp/vBXRan.php?p=wp-admin-20260916052324©=twentytwenty%2Fwp-content%2Fthemes%2Ftwentytwenty HTTP/1.1" 302 0 "https://avisosenacrilico.com.co/" "Mozilla/5.0 (Windows NT 10.0; Win64; x64) AppleWebKit/537.36 (KHTML, like Gecko) Chrome/122.0.0.0 Safari/537.36"
157.173.106.108 - - [16/Sep/2026:09:32:37 -0400] "GET /twentytwenty/wp/vBXRan.php?p=wp-includes©=twentytwenty%2Fwp-content%2Fthemes%2Ftwentytwenty HTTP/1.1" 302 0 "https://avisosenacrilico.com.co/" "Mozilla/5.0 (Windows NT 10.0; Win64; x64) AppleWebKit/537.36 (KHTML, like Gecko) Chrome/125.0.0.0 Safari/537.36"
79.143.176.87 - - [16/Sep/2026:09:32:37 -0400] "GET /twentytwenty/wp/vBXRan.php?p=twentytwenty%2Fwp-content%2Fthemes&edit=fox_2ce860.php HTTP/1.1" 302 0 "https://avisosenacrilico.com.co/" "Mozilla/5.0 (Macintosh; Intel Mac OS X 10_15_7) AppleWebKit/537.36 (KHTML, like Gecko) Chrome/124.0.0.0 Safari/537.36"
45.141.22.207 - - [16/Sep/2026:09:32:38 -0400] "GET /twentytwenty/wp/vBXRan.php?p=twentytwenty%2Fwp-content%2Fthemes&edit=fox_2ce860.php&env=ace HTTP/1.1" 302 0 "https://avisosenacrilico.com.co/" "Mozilla/5.0 (Windows NT 10.0; Win64; x64) AppleWebKit/537.36 (KHTML, like Gecko) Chrome/121.0.0.0 Safari/537.36"
157.173.106.108 - - [16/Sep/2026:09:32:38 -0400] "GET /twentytwenty/wp/vBXRan.php?p=twentytwenty%2Fwp-content%2Fthemes&edit=fox_224183.php HTTP/1.1" 302 0 "https://avisosenacrilico.com.co/" "Mozilla/5.0 (Windows NT 10.0; Win64; x64) AppleWebKit/537.36 (KHTML, like Gecko) Chrome/121.0.0.0 Safari/537.36"
79.143.176.87 - - [16/Sep/2026:09:32:38 -0400] "GET /twentytwenty/wp/vBXRan.php?p=twentytwenty%2Fwp-content%2Fthemes&edit=fox_224183.php&env=ace HTTP/1.1" 302 0 "https://avisosenacrilico.com.co/" "Mozilla/5.0 (Macintosh; Intel Mac OS X 10_15_7) AppleWebKit/537.36 (KHTML, like Gecko) Chrome/125.0.0.0 Safari/537.36"
45.141.22.207 - - [16/Sep/2026:09:32:38 -0400] "GET /twentytwenty/wp/vBXRan.php?p=twentytwenty%2Fwp-content%2Fthemes&edit=fox_f5e952.php HTTP/1.1" 200 10310 "https://avisosenacrilico.com.co/" "Mozilla/5.0 (Windows NT 10.0; Win64; x64) AppleWebKit/537.36 (KHTML, like Gecko) Chrome/125.0.0.0 Safari/537.36"
157.173.106.108 - - [16/Sep/2026:09:32:39 -0400] "GET /twentytwenty/wp/vBXRan.php?p=twentytwenty%2Fwp-content%2Fthemes&edit=fox_f5e952.php&env=ace HTTP/1.1" 200 13598 "https://avisosenacrilico.com.co/" "Mozilla/5.0 (Windows NT 10.0; Win64; x64) AppleWebKit/537.36 (KHTML, like Gecko) Chrome/124.0.0.0 Safari/537.36"
79.143.176.87 - - [16/Sep/2026:09:32:39 -0400] "GET /twentytwenty/wp/vBXRan.php?p=twentytwenty%2Fwp-content%2Fthemes&chmod=fox_f5e952.php HTTP/1.1" 200 9417 "https://avisosenacrilico.com.co/" "Mozilla/5.0 (Macintosh; Intel Mac OS X 10_15_7) AppleWebKit/537.36 (KHTML, like Gecko) Chrome/123.0.0.0 Safari/537.36"
45.141.22.207 - - [16/Sep/2026:09:32:39 -0400] "GET /twentytwenty/wp/vBXRan.php?p=twentytwenty%2Fwp-content%2Fthemes&view=fox_f5e952.php&quickView=1 HTTP/1.1" 200 1020 "https://avisosenacrilico.com.co/" "Mozilla/5.0 (Macintosh; Intel Mac OS X 10_15_7) AppleWebKit/537.36 (KHTML, like Gecko) Chrome/123.0.0.0 Safari/537.36"
157.173.106.108 - - [16/Sep/2026:09:32:39 -0400] "GET /twentytwenty/wp/vBXRan.php?p=twentytwenty%2Fwp-content%2Fthemes&del=fox_f5e952.php HTTP/1.1" 302 0 "https://avisosenacrilico.com.co/" "Mozilla/5.0 (Windows NT 10.0; Win64; x64) AppleWebKit/537.36 (KHTML, like Gecko) Chrome/122.0.0.0 Safari/537.36"
79.143.176.87 - - [16/Sep/2026:09:32:39 -0400] "GET /twentytwenty/wp/vBXRan.php?p=twentytwenty%2Fwp-content%2Fthemes©=twentytwenty%2Fwp-content%2Fthemes%2Ffox_f5e952.php HTTP/1.1" 302 0 "https://avisosenacrilico.com.co/" "Mozilla/5.0 (Windows NT 10.0; Win64; x64) AppleWebKit/537.36 (KHTML, like Gecko) Chrome/123.0.0.0 Safari/537.36"
45.141.22.207 - - [16/Sep/2026:09:32:40 -0400] "GET /twentytwenty/wp/vBXRan.php?p=twentytwenty%2Fwp-content%2Fthemes&dl=fox_f5e952.php HTTP/1.1" 302 0 "https://avisosenacrilico.com.co/" "Mozilla/5.0 (Windows NT 10.0; Win64; x64) AppleWebKit/537.36 (KHTML, like Gecko) Chrome/125.0.0.0 Safari/537.36"
157.173.106.108 - - [16/Sep/2026:09:32:40 -0400] "GET /twentytwenty/wp/vBXRan.php?p=twentytwenty%2Fwp-content%2Fthemes&view=UhKgq.php HTTP/1.1" 200 73341 "https://avisosenacrilico.com.co/" "Mozilla/5.0 (Macintosh; Intel Mac OS X 10_15_7) AppleWebKit/537.36 (KHTML, like Gecko) Chrome/123.0.0.0 Safari/537.36"
79.143.176.87 - - [16/Sep/2026:09:32:40 -0400] "GET /twentytwenty/wp/vBXRan.php?p=twentytwenty%2Fwp-content%2Fthemes&chmod=UhKgq.php HTTP/1.1" 200 9395 "https://avisosenacrilico.com.co/" "Mozilla/5.0 (Windows NT 10.0; Win64; x64) AppleWebKit/537.36 (KHTML, like Gecko) Chrome/124.0.0.0 Safari/537.36"
45.141.22.207 - - [16/Sep/2026:09:32:40 -0400] "GET /twentytwenty/wp/vBXRan.php?p=twentytwenty%2Fwp-content%2Fthemes&view=UhKgq.php&quickView=1 HTTP/1.1" 200 63433 "https://avisosenacrilico.com.co/" "Mozilla/5.0 (Windows NT 10.0; Win64; x64) AppleWebKit/537.36 (KHTML, like Gecko) Chrome/124.0.0.0 Safari/537.36"
79.143.176.87 - - [16/Sep/2026:09:32:41 -0400] "GET /twentytwenty/wp/vBXRan.php?p=twentytwenty%2Fwp-content%2Fthemes&del=UhKgq.php HTTP/1.1" 302 0 "https://avisosenacrilico.com.co/" "Mozilla/5.0 (Windows NT 10.0; Win64; x64) AppleWebKit/537.36 (KHTML, like Gecko) Chrome/124.0.0.0 Safari/537.36"
157.173.106.108 - - [16/Sep/2026:09:32:41 -0400] "GET /twentytwenty/wp/vBXRan.php?p=twentytwenty%2Fwp-content%2Fthemes©=twentytwenty%2Fwp-content%2Fthemes%2FUhKgq.php HTTP/1.1" 302 0 "https://avisosenacrilico.com.co/" "Mozilla/5.0 (Macintosh; Intel Mac OS X 10_15_7) AppleWebKit/537.36 (KHTML, like Gecko) Chrome/123.0.0.0 Safari/537.36"
45.141.22.207 - - [16/Sep/2026:09:32:41 -0400] "GET /twentytwenty/wp/vBXRan.php?p=twentytwenty%2Fwp-content%2Fthemes&dl=UhKgq.php HTTP/1.1" 302 0 "https://avisosenacrilico.com.co/" "Mozilla/5.0 (Macintosh; Intel Mac OS X 10_15_7) AppleWebKit/537.36 (KHTML, like Gecko) Chrome/125.0.0.0 Safari/537.36"
79.143.176.87 - - [16/Sep/2026:09:32:41 -0400] "GET /twentytwenty/wp/vBXRan.php?p=twentytwenty/wp-content/themes HTTP/1.1" 200 10438 "https://avisosenacrilico.com.co/" "Mozilla/5.0 (Windows NT 10.0; Win64; x64) AppleWebKit/537.36 (KHTML, like Gecko) Chrome/124.0.0.0 Safari/537.36"
157.173.106.108 - - [16/Sep/2026:09:32:42 -0400] "GET /twentytwenty/wp/twentytwenty/wp-content/themes/twentytwenty HTTP/1.1" 403 1242 "https://avisosenacrilico.com.co/" "Mozilla/5.0 (Windows NT 10.0; Win64; x64) AppleWebKit/537.36 (KHTML, like Gecko) Chrome/125.0.0.0 Safari/537.36"
45.141.22.207 - - [16/Sep/2026:09:32:42 -0400] "GET /twentytwenty/wp/vBXRan.php?p=twentytwenty%2Fwp-content%2Fthemes%2Ftwentytwenty&upload HTTP/1.1" 302 0 "https://avisosenacrilico.com.co/" "Mozilla/5.0 (Windows NT 10.0; Win64; x64) AppleWebKit/537.36 (KHTML, like Gecko) Chrome/121.0.0.0 Safari/537.36"
79.143.176.87 - - [16/Sep/2026:09:32:42 -0400] "GET /twentytwenty/wp/vBXRan.php?p=twentytwenty%2Fwp-content%2Fthemes%2Ftwentytwenty&settings=1 HTTP/1.1" 302 0 "https://avisosenacrilico.com.co/" "Mozilla/5.0 (Macintosh; Intel Mac OS X 10_15_7) AppleWebKit/537.36 (KHTML, like Gecko) Chrome/124.0.0.0 Safari/537.36"
157.173.106.108 - - [16/Sep/2026:09:32:43 -0400] "GET /twentytwenty/wp/vBXRan.php?p=twentytwenty%2Fwp-content%2Fthemes%2Ftwentytwenty©=includes%2Fwp%2FEkOSMNPh.php&finish=1 HTTP/1.1" 302 0 "https://avisosenacrilico.com.co/" "Mozilla/5.0 (Windows NT 10.0; Win64; x64) AppleWebKit/537.36 (KHTML, like Gecko) Chrome/121.0.0.0 Safari/537.36"
45.141.22.207 - - [16/Sep/2026:09:32:43 -0400] "GET /twentytwenty/wp/vBXRan.php?p=twentytwenty%2Fwp-content%2Fthemes%2Ftwentytwenty©=includes%2Fwp%2FEkOSMNPh.php&finish=1&move=1 HTTP/1.1" 302 0 "https://avisosenacrilico.com.co/" "Mozilla/5.0 (Windows NT 10.0; Win64; x64) AppleWebKit/537.36 (KHTML, like Gecko) Chrome/125.0.0.0 Safari/537.36"
79.143.176.87 - - [16/Sep/2026:09:32:43 -0400] "GET /twentytwenty/wp/vBXRan.php?p=twentytwenty%2Fwp-content%2Fthemes%2Ftwentytwenty%2Finc©=includes%2Fwp%2FEkOSMNPh.php HTTP/1.1" 302 0 "https://avisosenacrilico.com.co/" "Mozilla/5.0 (Windows NT 10.0; Win64; x64) AppleWebKit/537.36 (KHTML, like Gecko) Chrome/125.0.0.0 Safari/537.36"
157.173.106.108 - - [16/Sep/2026:09:32:43 -0400] "GET /twentytwenty/wp/vBXRan.php?p=twentytwenty%2Fwp-content%2Fthemes%2Ftwentytwenty%2Fwp©=includes%2Fwp%2FEkOSMNPh.php HTTP/1.1" 302 0 "https://avisosenacrilico.com.co/" "Mozilla/5.0 (Windows NT 10.0; Win64; x64) AppleWebKit/537.36 (KHTML, like Gecko) Chrome/122.0.0.0 Safari/537.36"
45.141.22.207 - - [16/Sep/2026:09:32:43 -0400] "GET /twentytwenty/wp/vBXRan.php?p=twentytwenty%2Fwp-content%2Fthemes%2Ftwentytwenty%2Fwp-content©=includes%2Fwp%2FEkOSMNPh.php HTTP/1.1" 302 0 "https://avisosenacrilico.com.co/" "Mozilla/5.0 (Macintosh; Intel Mac OS X 10_15_7) AppleWebKit/537.36 (KHTML, like Gecko) Chrome/124.0.0.0 Safari/537.36"
79.143.176.87 - - [16/Sep/2026:09:32:44 -0400] "GET /twentytwenty/wp/vBXRan.php?p=includes-20260916133125%2Fwp&del=EkOSMNPh.php HTTP/1.1" 302 0 "https://avisosenacrilico.com.co/" "Mozilla/5.0 (Macintosh; Intel Mac OS X 10_15_7) AppleWebKit/537.36 (KHTML, like Gecko) Chrome/124.0.0.0 Safari/537.36"
157.173.106.108 - - [16/Sep/2026:09:32:44 -0400] "GET /twentytwenty/wp/vBXRan.php?p=includes-20260916133125%2Fwp©=includes-20260916133125%2Fwp%2FEkOSMNPh.php HTTP/1.1" 302 0 "https://avisosenacrilico.com.co/" "Mozilla/5.0 (Macintosh; Intel Mac OS X 10_15_7) AppleWebKit/537.36 (KHTML, like Gecko) Chrome/123.0.0.0 Safari/537.36"
45.141.22.207 - - [16/Sep/2026:09:32:44 -0400] "GET /includes-20260916133125/wp/EkOSMNPh.php HTTP/1.1" 404 1251 "https://avisosenacrilico.com.co/" "Mozilla/5.0 (Windows NT 10.0; Win64; x64) AppleWebKit/537.36 (KHTML, like Gecko) Chrome/121.0.0.0 Safari/537.36"
79.143.176.87 - - [16/Sep/2026:09:32:44 -0400] "GET /twentytwenty/wp/vBXRan.php?p=twentytwenty%2Fwp-content%2Fthemes&edit=UhKgq.php HTTP/1.1" 302 0 "https://avisosenacrilico.com.co/" "Mozilla/5.0 (Macintosh; Intel Mac OS X 10_15_7) AppleWebKit/537.36 (KHTML, like Gecko) Chrome/124.0.0.0 Safari/537.36"
157.173.106.108 - - [16/Sep/2026:09:32:45 -0400] "GET /twentytwenty/wp/vBXRan.php?p=twentytwenty%2Fwp-content%2Fthemes&edit=UhKgq.php&env=ace HTTP/1.1" 302 0 "https://avisosenacrilico.com.co/" "Mozilla/5.0 (Windows NT 10.0; Win64; x64) AppleWebKit/537.36 (KHTML, like Gecko) Chrome/123.0.0.0 Safari/537.36"
45.141.22.207 - - [16/Sep/2026:09:32:45 -0400] "GET /twentytwenty/wp/vBXRan.php?p=includes-20260916133125%2Fwp&dl=EkOSMNPh.php HTTP/1.1" 302 0 "https://avisosenacrilico.com.co/" "Mozilla/5.0 (Windows NT 10.0; Win64; x64) AppleWebKit/537.36 (KHTML, like Gecko) Chrome/121.0.0.0 Safari/537.36"
79.143.176.87 - - [16/Sep/2026:09:32:45 -0400] "GET /twentytwenty/wp/vBXRan.php?p=widgets%2Fphp-compat©=includes%2Fwp%2FEkOSMNPh.php&finish=1&move=1 HTTP/1.1" 302 0 "https://avisosenacrilico.com.co/" "Mozilla/5.0 (Windows NT 10.0; Win64; x64) AppleWebKit/537.36 (KHTML, like Gecko) Chrome/124.0.0.0 Safari/537.36"
157.173.106.108 - - [16/Sep/2026:09:32:45 -0400] "GET /twentytwenty/wp/vBXRan.php?p=widgets%2Fphp-compat%2Fwp©=includes%2Fwp%2FEkOSMNPh.php HTTP/1.1" 200 9213 "https://avisosenacrilico.com.co/" "Mozilla/5.0 (Macintosh; Intel Mac OS X 10_15_7) AppleWebKit/537.36 (KHTML, like Gecko) Chrome/124.0.0.0 Safari/537.36"
45.141.22.207 - - [16/Sep/2026:09:32:45 -0400] "GET /twentytwenty/wp/vBXRan.php?p=twentytwenty%2Fwp-content%2Fthemes&view=EkOSMNPh.php HTTP/1.1" 200 9704 "https://avisosenacrilico.com.co/" "Mozilla/5.0 (Windows NT 10.0; Win64; x64) AppleWebKit/537.36 (KHTML, like Gecko) Chrome/122.0.0.0 Safari/537.36"
79.143.176.87 - - [16/Sep/2026:09:32:46 -0400] "GET /twentytwenty/wp/vBXRan.php?p=twentytwenty%2Fwp-content%2Fthemes&chmod=EkOSMNPh.php HTTP/1.1" 200 9390 "https://avisosenacrilico.com.co/" "Mozilla/5.0 (Windows NT 10.0; Win64; x64) AppleWebKit/537.36 (KHTML, like Gecko) Chrome/123.0.0.0 Safari/537.36"
157.173.106.108 - - [16/Sep/2026:09:32:46 -0400] "GET /twentytwenty/wp/vBXRan.php?p=twentytwenty%2Fwp-content%2Fthemes&view=EkOSMNPh.php&quickView=1 HTTP/1.1" 200 430 "https://avisosenacrilico.com.co/" "Mozilla/5.0 (Macintosh; Intel Mac OS X 10_15_7) AppleWebKit/537.36 (KHTML, like Gecko) Chrome/124.0.0.0 Safari/537.36"
45.141.22.207 - - [16/Sep/2026:09:32:46 -0400] "GET /twentytwenty/wp/vBXRan.php?p=twentytwenty%2Fwp-content%2Fthemes&del=EkOSMNPh.php HTTP/1.1" 302 0 "https://avisosenacrilico.com.co/" "Mozilla/5.0 (Macintosh; Intel Mac OS X 10_15_7) AppleWebKit/537.36 (KHTML, like Gecko) Chrome/124.0.0.0 Safari/537.36"
79.143.176.87 - - [16/Sep/2026:09:32:47 -0400] "GET /twentytwenty/wp/vBXRan.php?p=twentytwenty%2Fwp-content%2Fthemes©=twentytwenty%2Fwp-content%2Fthemes%2FEkOSMNPh.php HTTP/1.1" 302 0 "https://avisosenacrilico.com.co/" "Mozilla/5.0 (Macintosh; Intel Mac OS X 10_15_7) AppleWebKit/537.36 (KHTML, like Gecko) Chrome/123.0.0.0 Safari/537.36"
157.173.106.108 - - [16/Sep/2026:09:32:47 -0400] "GET /twentytwenty/wp-content/themes/EkOSMNPh.php HTTP/1.1" 404 1251 "https://avisosenacrilico.com.co/" "Mozilla/5.0 (Macintosh; Intel Mac OS X 10_15_7) AppleWebKit/537.36 (KHTML, like Gecko) Chrome/123.0.0.0 Safari/537.36"
45.141.22.207 - - [16/Sep/2026:09:32:47 -0400] "GET /twentytwenty/wp/vBXRan.php?p=twentytwenty%2Fwp-content%2Fthemes&dl=EkOSMNPh.php HTTP/1.1" 302 0 "https://avisosenacrilico.com.co/" "Mozilla/5.0 (Windows NT 10.0; Win64; x64) AppleWebKit/537.36 (KHTML, like Gecko) Chrome/121.0.0.0 Safari/537.36"
79.143.176.87 - - [16/Sep/2026:09:32:47 -0400] "GET /twentytwenty/wp/vBXRan.php?p=widgets%2Fwp HTTP/1.1" 200 10399 "https://avisosenacrilico.com.co/" "Mozilla/5.0 (Windows NT 10.0; Win64; x64) AppleWebKit/537.36 (KHTML, like Gecko) Chrome/121.0.0.0 Safari/537.36"
157.173.106.108 - - [16/Sep/2026:09:32:48 -0400] "GET /twentytwenty/wp/widgets/wp HTTP/1.1" 403 1242 "https://avisosenacrilico.com.co/" "Mozilla/5.0 (Windows NT 10.0; Win64; x64) AppleWebKit/537.36 (KHTML, like Gecko) Chrome/124.0.0.0 Safari/537.36"
45.141.22.207 - - [16/Sep/2026:09:32:48 -0400] "GET /twentytwenty/wp/vBXRan.php?p=widgets%2Fwp&upload HTTP/1.1" 200 9755 "https://avisosenacrilico.com.co/" "Mozilla/5.0 (Macintosh; Intel Mac OS X 10_15_7) AppleWebKit/537.36 (KHTML, like Gecko) Chrome/124.0.0.0 Safari/537.36"
79.143.176.87 - - [16/Sep/2026:09:32:48 -0400] "GET /twentytwenty/wp/vBXRan.php?p=widgets%2Fwp&settings=1 HTTP/1.1" 200 9524 "https://avisosenacrilico.com.co/" "Mozilla/5.0 (Windows NT 10.0; Win64; x64) AppleWebKit/537.36 (KHTML, like Gecko) Chrome/121.0.0.0 Safari/537.36"
157.173.106.108 - - [16/Sep/2026:09:32:48 -0400] "GET /twentytwenty/wp/vBXRan.php?p=widgets%2Fwp©=includes%2Fwp%2FEkOSMNPh.php&finish=1 HTTP/1.1" 302 0 "https://avisosenacrilico.com.co/" "Mozilla/5.0 (Windows NT 10.0; Win64; x64) AppleWebKit/537.36 (KHTML, like Gecko) Chrome/123.0.0.0 Safari/537.36"
45.141.22.207 - - [16/Sep/2026:09:32:49 -0400] "GET /twentytwenty/wp/vBXRan.php?p=widgets%2Fwp©=includes%2Fwp%2FEkOSMNPh.php&finish=1&move=1 HTTP/1.1" 302 0 "https://avisosenacrilico.com.co/" "Mozilla/5.0 (Windows NT 10.0; Win64; x64) AppleWebKit/537.36 (KHTML, like Gecko) Chrome/124.0.0.0 Safari/537.36"
79.143.176.87 - - [16/Sep/2026:09:32:49 -0400] "GET /twentytwenty/wp/vBXRan.php?p=wp%2Fwp HTTP/1.1" 200 10401 "https://avisosenacrilico.com.co/" "Mozilla/5.0 (Windows NT 10.0; Win64; x64) AppleWebKit/537.36 (KHTML, like Gecko) Chrome/123.0.0.0 Safari/537.36"
157.173.106.108 - - [16/Sep/2026:09:32:49 -0400] "GET /twentytwenty/wp/wp/wp HTTP/1.1" 404 1251 "https://avisosenacrilico.com.co/" "Mozilla/5.0 (Windows NT 10.0; Win64; x64) AppleWebKit/537.36 (KHTML, like Gecko) Chrome/125.0.0.0 Safari/537.36"
45.141.22.207 - - [16/Sep/2026:09:32:49 -0400] "GET /twentytwenty/wp/vBXRan.php?p=wp%2Fwp&upload HTTP/1.1" 200 9767 "https://avisosenacrilico.com.co/" "Mozilla/5.0 (Windows NT 10.0; Win64; x64) AppleWebKit/537.36 (KHTML, like Gecko) Chrome/123.0.0.0 Safari/537.36"
79.143.176.87 - - [16/Sep/2026:09:32:50 -0400] "GET /twentytwenty/wp/vBXRan.php?p=widgets%2Fphp-compat%2Fwp HTTP/1.1" 200 10423 "https://avisosenacrilico.com.co/" "Mozilla/5.0 (Windows NT 10.0; Win64; x64) AppleWebKit/537.36 (KHTML, like Gecko) Chrome/122.0.0.0 Safari/537.36"
157.173.106.108 - - [16/Sep/2026:09:32:50 -0400] "GET /twentytwenty/wp/vBXRan.php?p=twentytwenty%2Fwp-content%2Fthemes&edit=EkOSMNPh.php HTTP/1.1" 302 0 "https://avisosenacrilico.com.co/" "Mozilla/5.0 (Windows NT 10.0; Win64; x64) AppleWebKit/537.36 (KHTML, like Gecko) Chrome/123.0.0.0 Safari/537.36"
45.141.22.207 - - [16/Sep/2026:09:32:50 -0400] "GET /twentytwenty/wp/vBXRan.php?p=twentytwenty%2Fwp-content%2Fthemes&edit=EkOSMNPh.php&env=ace HTTP/1.1" 302 0 "https://avisosenacrilico.com.co/" "Mozilla/5.0 (Macintosh; Intel Mac OS X 10_15_7) AppleWebKit/537.36 (KHTML, like Gecko) Chrome/124.0.0.0 Safari/537.36"
79.143.176.87 - - [16/Sep/2026:09:32:50 -0400] "GET /twentytwenty/wp/widgets/php-compat/wp HTTP/1.1" 403 1242 "https://avisosenacrilico.com.co/" "Mozilla/5.0 (Macintosh; Intel Mac OS X 10_15_7) AppleWebKit/537.36 (KHTML, like Gecko) Chrome/124.0.0.0 Safari/537.36"
157.173.106.108 - - [16/Sep/2026:09:32:51 -0400] "GET /twentytwenty/wp/vBXRan.php?p=widgets%2Fphp-compat%2Fwp&upload HTTP/1.1" 200 9779 "https://avisosenacrilico.com.co/" "Mozilla/5.0 (Windows NT 10.0; Win64; x64) AppleWebKit/537.36 (KHTML, like Gecko) Chrome/122.0.0.0 Safari/537.36"
45.141.22.207 - - [16/Sep/2026:09:32:51 -0400] "GET /twentytwenty/wp/vBXRan.php?p=widgets%2Fphp-compat%2Fwp&settings=1 HTTP/1.1" 200 9569 "https://avisosenacrilico.com.co/" "Mozilla/5.0 (Windows NT 10.0; Win64; x64) AppleWebKit/537.36 (KHTML, like Gecko) Chrome/124.0.0.0 Safari/537.36"
79.143.176.87 - - [16/Sep/2026:09:32:51 -0400] "GET /twentytwenty/wp/vBXRan.php?p=widgets%2Fphp-compat%2Fwp©=includes%2Fwp%2FEkOSMNPh.php&finish=1 HTTP/1.1" 302 0 "https://avisosenacrilico.com.co/" "Mozilla/5.0 (Windows NT 10.0; Win64; x64) AppleWebKit/537.36 (KHTML, like Gecko) Chrome/125.0.0.0 Safari/537.36"
157.173.106.108 - - [16/Sep/2026:09:32:51 -0400] "GET /twentytwenty/wp/vBXRan.php?p=widgets%2Fphp-compat%2Fwp©=includes%2Fwp%2FEkOSMNPh.php&finish=1&move=1 HTTP/1.1" 302 0 "https://avisosenacrilico.com.co/" "Mozilla/5.0 (Macintosh; Intel Mac OS X 10_15_7) AppleWebKit/537.36 (KHTML, like Gecko) Chrome/123.0.0.0 Safari/537.36"
45.141.22.207 - - [16/Sep/2026:09:32:52 -0400] "GET /twentytwenty/wp/vBXRan.php?p=widgets%2Fwp&view=EkOSMNPh.php HTTP/1.1" 200 9706 "https://avisosenacrilico.com.co/" "Mozilla/5.0 (Windows NT 10.0; Win64; x64) AppleWebKit/537.36 (KHTML, like Gecko) Chrome/122.0.0.0 Safari/537.36"
79.143.176.87 - - [16/Sep/2026:09:32:52 -0400] "GET /twentytwenty/wp/vBXRan.php?p=widgets%2Fwp&chmod=EkOSMNPh.php HTTP/1.1" 200 9331 "https://avisosenacrilico.com.co/" "Mozilla/5.0 (Windows NT 10.0; Win64; x64) AppleWebKit/537.36 (KHTML, like Gecko) Chrome/121.0.0.0 Safari/537.36"
157.173.106.108 - - [16/Sep/2026:09:32:52 -0400] "GET /twentytwenty/wp/vBXRan.php?p=widgets%2Fwp&view=EkOSMNPh.php&quickView=1 HTTP/1.1" 200 430 "https://avisosenacrilico.com.co/" "Mozilla/5.0 (Macintosh; Intel Mac OS X 10_15_7) AppleWebKit/537.36 (KHTML, like Gecko) Chrome/124.0.0.0 Safari/537.36"
45.141.22.207 - - [16/Sep/2026:09:32:53 -0400] "GET /twentytwenty/wp/vBXRan.php?p=widgets%2Fwp&del=EkOSMNPh.php HTTP/1.1" 302 0 "https://avisosenacrilico.com.co/" "Mozilla/5.0 (Windows NT 10.0; Win64; x64) AppleWebKit/537.36 (KHTML, like Gecko) Chrome/124.0.0.0 Safari/537.36"
79.143.176.87 - - [16/Sep/2026:09:32:53 -0400] "GET /twentytwenty/wp/vBXRan.php?p=widgets%2Fwp©=widgets%2Fwp%2FEkOSMNPh.php HTTP/1.1" 302 0 "https://avisosenacrilico.com.co/" "Mozilla/5.0 (Macintosh; Intel Mac OS X 10_15_7) AppleWebKit/537.36 (KHTML, like Gecko) Chrome/124.0.0.0 Safari/537.36"
157.173.106.108 - - [16/Sep/2026:09:32:53 -0400] "GET /widgets/wp/EkOSMNPh.php HTTP/1.1" 404 1251 "https://avisosenacrilico.com.co/" "Mozilla/5.0 (Macintosh; Intel Mac OS X 10_15_7) AppleWebKit/537.36 (KHTML, like Gecko) Chrome/124.0.0.0 Safari/537.36"
45.141.22.207 - - [16/Sep/2026:09:32:53 -0400] "GET /twentytwenty/wp/vBXRan.php?p=widgets%2Fwp&dl=EkOSMNPh.php HTTP/1.1" 302 0 "https://avisosenacrilico.com.co/" "Mozilla/5.0 (Windows NT 10.0; Win64; x64) AppleWebKit/537.36 (KHTML, like Gecko) Chrome/122.0.0.0 Safari/537.36"
79.143.176.87 - - [16/Sep/2026:09:32:54 -0400] "GET /twentytwenty/wp/vBXRan.php?p=widgets/wp HTTP/1.1" 200 9757 "https://avisosenacrilico.com.co/" "Mozilla/5.0 (Windows NT 10.0; Win64; x64) AppleWebKit/537.36 (KHTML, like Gecko) Chrome/121.0.0.0 Safari/537.36"
157.173.106.108 - - [16/Sep/2026:09:32:54 -0400] "GET /twentytwenty/wp/vBXRan.php?p=wp%2Fwp&view=NcJvlntcI.php HTTP/1.1" 200 31435 "https://avisosenacrilico.com.co/" "Mozilla/5.0 (Windows NT 10.0; Win64; x64) AppleWebKit/537.36 (KHTML, like Gecko) Chrome/124.0.0.0 Safari/537.36"
45.141.22.207 - - [16/Sep/2026:09:32:54 -0400] "GET /twentytwenty/wp/vBXRan.php?p=widgets%2Fphp-compat%2Fwp&view=KBxvCah.php HTTP/1.1" 200 73345 "https://avisosenacrilico.com.co/" "Mozilla/5.0 (Windows NT 10.0; Win64; x64) AppleWebKit/537.36 (KHTML, like Gecko) Chrome/125.0.0.0 Safari/537.36"
79.143.176.87 - - [16/Sep/2026:09:32:54 -0400] "GET /twentytwenty/wp/vBXRan.php?p=widgets%2Fphp-compat%2Fwp&chmod=KBxvCah.php HTTP/1.1" 200 9374 "https://avisosenacrilico.com.co/" "Mozilla/5.0 (Windows NT 10.0; Win64; x64) AppleWebKit/537.36 (KHTML, like Gecko) Chrome/122.0.0.0 Safari/537.36"
157.173.106.108 - - [16/Sep/2026:09:32:55 -0400] "GET /twentytwenty/wp/vBXRan.php?p=widgets%2Fphp-compat%2Fwp&view=KBxvCah.php&quickView=1 HTTP/1.1" 200 63433 "https://avisosenacrilico.com.co/" "Mozilla/5.0 (Windows NT 10.0; Win64; x64) AppleWebKit/537.36 (KHTML, like Gecko) Chrome/122.0.0.0 Safari/537.36"
45.141.22.207 - - [16/Sep/2026:09:32:55 -0400] "GET /twentytwenty/wp/vBXRan.php?p=widgets%2Fphp-compat%2Fwp&del=KBxvCah.php HTTP/1.1" 302 0 "https://avisosenacrilico.com.co/" "Mozilla/5.0 (Windows NT 10.0; Win64; x64) AppleWebKit/537.36 (KHTML, like Gecko) Chrome/121.0.0.0 Safari/537.36"
79.143.176.87 - - [16/Sep/2026:09:32:56 -0400] "GET /twentytwenty/wp/vBXRan.php?p=widgets%2Fphp-compat%2Fwp©=widgets%2Fphp-compat%2Fwp%2FKBxvCah.php HTTP/1.1" 200 9232 "https://avisosenacrilico.com.co/" "Mozilla/5.0 (Windows NT 10.0; Win64; x64) AppleWebKit/537.36 (KHTML, like Gecko) Chrome/121.0.0.0 Safari/537.36"
157.173.106.108 - - [16/Sep/2026:09:32:56 -0400] "GET /widgets/php-compat/wp/KBxvCah.php HTTP/1.1" 403 1242 "https://avisosenacrilico.com.co/" "Mozilla/5.0 (Macintosh; Intel Mac OS X 10_15_7) AppleWebKit/537.36 (KHTML, like Gecko) Chrome/125.0.0.0 Safari/537.36"
79.143.176.87 - - [16/Sep/2026:09:32:56 -0400] "GET /twentytwenty/wp/vBXRan.php?p=widgets/php-compat/wp HTTP/1.1" 200 10439 "https://avisosenacrilico.com.co/" "Mozilla/5.0 (Macintosh; Intel Mac OS X 10_15_7) AppleWebKit/537.36 (KHTML, like Gecko) Chrome/123.0.0.0 Safari/537.36"
157.173.106.108 - - [16/Sep/2026:09:32:56 -0400] "GET /twentytwenty/wp/vBXRan.php?p=widgets%2Fwp&edit=EkOSMNPh.php HTTP/1.1" 302 0 "https://avisosenacrilico.com.co/" "Mozilla/5.0 (Windows NT 10.0; Win64; x64) AppleWebKit/537.36 (KHTML, like Gecko) Chrome/123.0.0.0 Safari/537.36"
79.143.176.87 - - [16/Sep/2026:09:32:57 -0400] "GET /twentytwenty/wp/vBXRan.php?p=widgets%2Fwp&edit=EkOSMNPh.php&env=ace HTTP/1.1" 302 0 "https://avisosenacrilico.com.co/" "Mozilla/5.0 (Macintosh; Intel Mac OS X 10_15_7) AppleWebKit/537.36 (KHTML, like Gecko) Chrome/124.0.0.0 Safari/537.36"
157.173.106.108 - - [16/Sep/2026:09:32:57 -0400] "GET /twentytwenty/wp/vBXRan.php?p=wp%2Fwp&chmod=NcJvlntcI.php HTTP/1.1" 200 9352 "https://avisosenacrilico.com.co/" "Mozilla/5.0 (Windows NT 10.0; Win64; x64) AppleWebKit/537.36 (KHTML, like Gecko) Chrome/125.0.0.0 Safari/537.36"
45.141.22.207 - - [16/Sep/2026:09:32:56 -0400] "GET /twentytwenty/wp/vBXRan.php?p=widgets%2Fphp-compat%2Fwp&dl=KBxvCah.php HTTP/1.1" 200 231944 "https://avisosenacrilico.com.co/" "Mozilla/5.0 (Macintosh; Intel Mac OS X 10_15_7) AppleWebKit/537.36 (KHTML, like Gecko) Chrome/124.0.0.0 Safari/537.36"
45.141.22.207 - - [16/Sep/2026:09:32:57 -0400] "GET /twentytwenty/wp/vBXRan.php?p=wp%2Fwp&view=NcJvlntcI.php&quickView=1 HTTP/1.1" 200 21703 "https://avisosenacrilico.com.co/" "Mozilla/5.0 (Windows NT 10.0; Win64; x64) AppleWebKit/537.36 (KHTML, like Gecko) Chrome/121.0.0.0 Safari/537.36"
79.143.176.87 - - [16/Sep/2026:09:32:57 -0400] "GET /twentytwenty/wp/vBXRan.php?p=wp%2Fwp&del=NcJvlntcI.php HTTP/1.1" 302 0 "https://avisosenacrilico.com.co/" "Mozilla/5.0 (Windows NT 10.0; Win64; x64) AppleWebKit/537.36 (KHTML, like Gecko) Chrome/123.0.0.0 Safari/537.36"
157.173.106.108 - - [16/Sep/2026:09:32:58 -0400] "GET /twentytwenty/wp/vBXRan.php?p=wp%2Fwp©=wp%2Fwp%2FNcJvlntcI.php HTTP/1.1" 302 0 "https://avisosenacrilico.com.co/" "Mozilla/5.0 (Macintosh; Intel Mac OS X 10_15_7) AppleWebKit/537.36 (KHTML, like Gecko) Chrome/125.0.0.0 Safari/537.36"
45.141.22.207 - - [16/Sep/2026:09:32:58 -0400] "GET /wp/wp/NcJvlntcI.php HTTP/1.1" 403 1242 "https://avisosenacrilico.com.co/" "Mozilla/5.0 (Macintosh; Intel Mac OS X 10_15_7) AppleWebKit/537.36 (KHTML, like Gecko) Chrome/123.0.0.0 Safari/537.36"
79.143.176.87 - - [16/Sep/2026:09:32:58 -0400] "GET /twentytwenty/wp/vBXRan.php?p=wp%2Fwp&dl=NcJvlntcI.php HTTP/1.1" 302 0 "https://avisosenacrilico.com.co/" "Mozilla/5.0 (Windows NT 10.0; Win64; x64) AppleWebKit/537.36 (KHTML, like Gecko) Chrome/124.0.0.0 Safari/537.36"
157.173.106.108 - - [16/Sep/2026:09:32:58 -0400] "GET /twentytwenty/wp/vBXRan.php?p=wp%2Fwp&edit=NcJvlntcI.php HTTP/1.1" 302 0 "https://avisosenacrilico.com.co/" "Mozilla/5.0 (Windows NT 10.0; Win64; x64) AppleWebKit/537.36 (KHTML, like Gecko) Chrome/122.0.0.0 Safari/537.36"
45.141.22.207 - - [16/Sep/2026:09:32:59 -0400] "GET /twentytwenty/wp/vBXRan.php?p=wp%2Fwp&edit=NcJvlntcI.php&env=ace HTTP/1.1" 302 0 "https://avisosenacrilico.com.co/" "Mozilla/5.0 (Windows NT 10.0; Win64; x64) AppleWebKit/537.36 (KHTML, like Gecko) Chrome/121.0.0.0 Safari/537.36"
79.143.176.87 - - [16/Sep/2026:09:32:59 -0400] "GET /twentytwenty/wp/vBXRan.php?p=widgets%2Fphp-compat%2Fwp&edit=KBxvCah.php HTTP/1.1" 200 73315 "https://avisosenacrilico.com.co/" "Mozilla/5.0 (Macintosh; Intel Mac OS X 10_15_7) AppleWebKit/537.36 (KHTML, like Gecko) Chrome/124.0.0.0 Safari/537.36"
157.173.106.108 - - [16/Sep/2026:09:32:59 -0400] "GET /twentytwenty/wp/vBXRan.php?p=widgets%2Fphp-compat%2Fwp&edit=KBxvCah.php&env=ace HTTP/1.1" 200 76599 "https://avisosenacrilico.com.co/" "Mozilla/5.0 (Macintosh; Intel Mac OS X 10_15_7) AppleWebKit/537.36 (KHTML, like Gecko) Chrome/124.0.0.0 Safari/537.36"
45.141.22.207 - - [16/Sep/2026:09:32:59 -0400] "GET /twentytwenty/wp/vBXRan.php?p=wp/wp HTTP/1.1" 200 9770 "https://avisosenacrilico.com.co/" "Mozilla/5.0 (Macintosh; Intel Mac OS X 10_15_7) AppleWebKit/537.36 (KHTML, like Gecko) Chrome/123.0.0.0 Safari/537.36"
79.143.176.87 - - [16/Sep/2026:09:33:00 -0400] "GET /twentytwenty/wp/vBXRan.php?p=widgets%2Fphp-compat%2Fwp©=widgets%2Fphp-compat%2Fwp%2FKBxvCah.php&finish=1 HTTP/1.1" 302 0 "https://avisosenacrilico.com.co/" "Mozilla/5.0 (Windows NT 10.0; Win64; x64) AppleWebKit/537.36 (KHTML, like Gecko) Chrome/125.0.0.0 Safari/537.36"
157.173.106.108 - - [16/Sep/2026:09:33:00 -0400] "GET /twentytwenty/wp/vBXRan.php?p=widgets%2Fphp-compat%2Fwp©=widgets%2Fphp-compat%2Fwp%2FKBxvCah.php&finish=1&move=1 HTTP/1.1" 302 0 "https://avisosenacrilico.com.co/" "Mozilla/5.0 (Macintosh; Intel Mac OS X 10_15_7) AppleWebKit/537.36 (KHTML, like Gecko) Chrome/123.0.0.0 Safari/537.36"
45.141.22.207 - - [16/Sep/2026:09:33:00 -0400] "GET /twentytwenty/wp/vBXRan.php?p=widgets%2Fphp-compat©=widgets%2Fphp-compat%2Fwp%2FKBxvCah.php HTTP/1.1" 200 9241 "https://avisosenacrilico.com.co/" "Mozilla/5.0 (Windows NT 10.0; Win64; x64) AppleWebKit/537.36 (KHTML, like Gecko) Chrome/122.0.0.0 Safari/537.36"
79.143.176.87 - - [16/Sep/2026:09:33:01 -0400] "GET /twentytwenty/wp/vBXRan.php?p=wp%2Fwp&settings=1 HTTP/1.1" 200 9561 "https://avisosenacrilico.com.co/" "Mozilla/5.0 (Windows NT 10.0; Win64; x64) AppleWebKit/537.36 (KHTML, like Gecko) Chrome/123.0.0.0 Safari/537.36"
157.173.106.108 - - [16/Sep/2026:09:33:01 -0400] "GET /twentytwenty/wp/vBXRan.php?p=wp%2Fwp©=includes%2Fwp%2FEkOSMNPh.php&finish=1 HTTP/1.1" 302 0 "https://avisosenacrilico.com.co/" "Mozilla/5.0 (Macintosh; Intel Mac OS X 10_15_7) AppleWebKit/537.36 (KHTML, like Gecko) Chrome/123.0.0.0 Safari/537.36"
45.141.22.207 - - [16/Sep/2026:09:33:01 -0400] "GET /twentytwenty/wp/vBXRan.php?p=wp%2Fwp©=includes%2Fwp%2FEkOSMNPh.php&finish=1&move=1 HTTP/1.1" 302 0 "https://avisosenacrilico.com.co/" "Mozilla/5.0 (Windows NT 10.0; Win64; x64) AppleWebKit/537.36 (KHTML, like Gecko) Chrome/123.0.0.0 Safari/537.36"
79.143.176.87 - - [16/Sep/2026:09:33:01 -0400] "GET /twentytwenty/wp/vBXRan.php?p=wp-admin-20260916052324©=includes%2Fwp%2FEkOSMNPh.php&finish=1 HTTP/1.1" 302 0 "https://avisosenacrilico.com.co/" "Mozilla/5.0 (Windows NT 10.0; Win64; x64) AppleWebKit/537.36 (KHTML, like Gecko) Chrome/123.0.0.0 Safari/537.36"
157.173.106.108 - - [16/Sep/2026:09:33:02 -0400] "GET /twentytwenty/wp/vBXRan.php?p=wp-admin-20260916052324©=includes%2Fwp%2FEkOSMNPh.php&finish=1&move=1 HTTP/1.1" 302 0 "https://avisosenacrilico.com.co/" "Mozilla/5.0 (Macintosh; Intel Mac OS X 10_15_7) AppleWebKit/537.36 (KHTML, like Gecko) Chrome/125.0.0.0 Safari/537.36"
45.141.22.207 - - [16/Sep/2026:09:33:02 -0400] "GET /twentytwenty/wp/vBXRan.php?p=wp-admin-20260916052324%2Fcertificates©=includes%2Fwp%2FEkOSMNPh.php HTTP/1.1" 200 9249 "https://avisosenacrilico.com.co/" "Mozilla/5.0 (Macintosh; Intel Mac OS X 10_15_7) AppleWebKit/537.36 (KHTML, like Gecko) Chrome/123.0.0.0 Safari/537.36"
79.143.176.87 - - [16/Sep/2026:09:33:02 -0400] "GET /twentytwenty/wp/vBXRan.php?p=wp-admin-20260916052324%2Fcss©=includes%2Fwp%2FEkOSMNPh.php HTTP/1.1" 200 9239 "https://avisosenacrilico.com.co/" "Mozilla/5.0 (Windows NT 10.0; Win64; x64) AppleWebKit/537.36 (KHTML, like Gecko) Chrome/122.0.0.0 Safari/537.36"
157.173.106.108 - - [16/Sep/2026:09:33:02 -0400] "GET /twentytwenty/wp/vBXRan.php?p=wp-admin-20260916052324%2FID3©=includes%2Fwp%2FEkOSMNPh.php HTTP/1.1" 200 9288 "https://avisosenacrilico.com.co/" "Mozilla/5.0 (Windows NT 10.0; Win64; x64) AppleWebKit/537.36 (KHTML, like Gecko) Chrome/122.0.0.0 Safari/537.36"
45.141.22.207 - - [16/Sep/2026:09:33:03 -0400] "GET /twentytwenty/wp/vBXRan.php?p=wp-admin-20260916052324%2Fimages©=includes%2Fwp%2FEkOSMNPh.php HTTP/1.1" 200 9267 "https://avisosenacrilico.com.co/" "Mozilla/5.0 (Windows NT 10.0; Win64; x64) AppleWebKit/537.36 (KHTML, like Gecko) Chrome/121.0.0.0 Safari/537.36"
79.143.176.87 - - [16/Sep/2026:09:33:03 -0400] "GET /twentytwenty/wp/vBXRan.php?p=wp-admin-20260916052324%2Fuser©=includes%2Fwp%2FEkOSMNPh.php HTTP/1.1" 200 9259 "https://avisosenacrilico.com.co/" "Mozilla/5.0 (Macintosh; Intel Mac OS X 10_15_7) AppleWebKit/537.36 (KHTML, like Gecko) Chrome/123.0.0.0 Safari/537.36"
157.173.106.108 - - [16/Sep/2026:09:33:03 -0400] "GET /twentytwenty/wp/vBXRan.php?p=wp-admin-20260916052324%2Fwp©=includes%2Fwp%2FEkOSMNPh.php HTTP/1.1" 200 9230 "https://avisosenacrilico.com.co/" "Mozilla/5.0 (Macintosh; Intel Mac OS X 10_15_7) AppleWebKit/537.36 (KHTML, like Gecko) Chrome/125.0.0.0 Safari/537.36"
45.141.22.207 - - [16/Sep/2026:09:33:03 -0400] "GET /twentytwenty/wp/vBXRan.php?p=wp-admin-20260916052324%2Fwp-content©=includes%2Fwp%2FEkOSMNPh.php HTTP/1.1" 200 9320 "https://avisosenacrilico.com.co/" "Mozilla/5.0 (Windows NT 10.0; Win64; x64) AppleWebKit/537.36 (KHTML, like Gecko) Chrome/121.0.0.0 Safari/537.36"
79.143.176.87 - - [16/Sep/2026:09:33:04 -0400] "GET /twentytwenty/wp/vBXRan.php?p=wp-includes©=includes%2Fwp%2FEkOSMNPh.php&finish=1 HTTP/1.1" 302 0 "https://avisosenacrilico.com.co/" "Mozilla/5.0 (Windows NT 10.0; Win64; x64) AppleWebKit/537.36 (KHTML, like Gecko) Chrome/123.0.0.0 Safari/537.36"
157.173.106.108 - - [16/Sep/2026:09:33:04 -0400] "GET /twentytwenty/wp/vBXRan.php?p=wp-includes©=includes%2Fwp%2FEkOSMNPh.php&finish=1&move=1 HTTP/1.1" 302 0 "https://avisosenacrilico.com.co/" "Mozilla/5.0 (Macintosh; Intel Mac OS X 10_15_7) AppleWebKit/537.36 (KHTML, like Gecko) Chrome/124.0.0.0 Safari/537.36"
45.141.22.207 - - [16/Sep/2026:09:33:04 -0400] "GET /twentytwenty/wp/vBXRan.php?p=wp-includes%2Fblocks©=includes%2Fwp%2FEkOSMNPh.php HTTP/1.1" 200 9244 "https://avisosenacrilico.com.co/" "Mozilla/5.0 (Windows NT 10.0; Win64; x64) AppleWebKit/537.36 (KHTML, like Gecko) Chrome/122.0.0.0 Safari/537.36"
79.143.176.87 - - [16/Sep/2026:09:33:04 -0400] "GET /twentytwenty/wp/vBXRan.php?p=wp-includes%2Fcss©=includes%2Fwp%2FEkOSMNPh.php HTTP/1.1" 200 9221 "https://avisosenacrilico.com.co/" "Mozilla/5.0 (Windows NT 10.0; Win64; x64) AppleWebKit/537.36 (KHTML, like Gecko) Chrome/124.0.0.0 Safari/537.36"
157.173.106.108 - - [16/Sep/2026:09:33:04 -0400] "GET /twentytwenty/wp/vBXRan.php?p=widgets%2Fphp-compat©=widgets%2Fphp-compat%2Fwp%2FKBxvCah.php&finish=1 HTTP/1.1" 302 0 "https://avisosenacrilico.com.co/" "Mozilla/5.0 (Windows NT 10.0; Win64; x64) AppleWebKit/537.36 (KHTML, like Gecko) Chrome/123.0.0.0 Safari/537.36"
45.141.22.207 - - [16/Sep/2026:09:33:05 -0400] "GET /twentytwenty/wp/vBXRan.php?p=widgets%2Fphp-compat©=widgets%2Fphp-compat%2Fwp%2FKBxvCah.php&finish=1&move=1 HTTP/1.1" 302 0 "https://avisosenacrilico.com.co/" "Mozilla/5.0 (Macintosh; Intel Mac OS X 10_15_7) AppleWebKit/537.36 (KHTML, like Gecko) Chrome/123.0.0.0 Safari/537.36"
79.143.176.87 - - [16/Sep/2026:09:33:05 -0400] "GET /twentytwenty/wp/vBXRan.php?p=widgets©=widgets%2Fphp-compat%2Fwp%2FKBxvCah.php HTTP/1.1" 200 9231 "https://avisosenacrilico.com.co/" "Mozilla/5.0 (Windows NT 10.0; Win64; x64) AppleWebKit/537.36 (KHTML, like Gecko) Chrome/124.0.0.0 Safari/537.36"
157.173.106.108 - - [16/Sep/2026:09:33:05 -0400] "GET /twentytwenty/wp/vBXRan.php?p=wp-includes%2Fimages©=includes%2Fwp%2FEkOSMNPh.php HTTP/1.1" 200 9221 "https://avisosenacrilico.com.co/" "Mozilla/5.0 (Macintosh; Intel Mac OS X 10_15_7) AppleWebKit/537.36 (KHTML, like Gecko) Chrome/123.0.0.0 Safari/537.36"
45.141.22.207 - - [16/Sep/2026:09:33:05 -0400] "GET /twentytwenty/wp/vBXRan.php?p=wp-includes%2Fjs©=includes%2Fwp%2FEkOSMNPh.php HTTP/1.1" 200 9277 "https://avisosenacrilico.com.co/" "Mozilla/5.0 (Windows NT 10.0; Win64; x64) AppleWebKit/537.36 (KHTML, like Gecko) Chrome/122.0.0.0 Safari/537.36"
79.143.176.87 - - [16/Sep/2026:09:33:06 -0400] "GET /twentytwenty/wp/vBXRan.php?p=wp-includes%2Flanguages©=includes%2Fwp%2FEkOSMNPh.php HTTP/1.1" 200 9236 "https://avisosenacrilico.com.co/" "Mozilla/5.0 (Windows NT 10.0; Win64; x64) AppleWebKit/537.36 (KHTML, like Gecko) Chrome/121.0.0.0 Safari/537.36"
157.173.106.108 - - [16/Sep/2026:09:33:06 -0400] "GET /twentytwenty/wp/vBXRan.php?p=wp-admin-20260916052324%2Fcertificates HTTP/1.1" 200 10988 "https://avisosenacrilico.com.co/" "Mozilla/5.0 (Windows NT 10.0; Win64; x64) AppleWebKit/537.36 (KHTML, like Gecko) Chrome/123.0.0.0 Safari/537.36"
45.141.22.207 - - [16/Sep/2026:09:33:06 -0400] "GET /twentytwenty/wp/vBXRan.php?p=wp-admin-20260916052324%2Fcertificates&upload HTTP/1.1" 200 9818 "https://avisosenacrilico.com.co/" "Mozilla/5.0 (Windows NT 10.0; Win64; x64) AppleWebKit/537.36 (KHTML, like Gecko) Chrome/125.0.0.0 Safari/537.36"
79.143.176.87 - - [16/Sep/2026:09:33:06 -0400] "GET /twentytwenty/wp/vBXRan.php?p=wp-admin-20260916052324%2Fcertificates&settings=1 HTTP/1.1" 200 9600 "https://avisosenacrilico.com.co/" "Mozilla/5.0 (Windows NT 10.0; Win64; x64) AppleWebKit/537.36 (KHTML, like Gecko) Chrome/124.0.0.0 Safari/537.36"
157.173.106.108 - - [16/Sep/2026:09:33:07 -0400] "GET /twentytwenty/wp/vBXRan.php?p=wp-admin-20260916052324%2Fcertificates©=includes%2Fwp%2FEkOSMNPh.php&finish=1 HTTP/1.1" 302 0 "https://avisosenacrilico.com.co/" "Mozilla/5.0 (Macintosh; Intel Mac OS X 10_15_7) AppleWebKit/537.36 (KHTML, like Gecko) Chrome/123.0.0.0 Safari/537.36"
45.141.22.207 - - [16/Sep/2026:09:33:07 -0400] "GET /twentytwenty/wp/vBXRan.php?p=wp-admin-20260916052324%2Fcertificates©=includes%2Fwp%2FEkOSMNPh.php&finish=1&move=1 HTTP/1.1" 302 0 "https://avisosenacrilico.com.co/" "Mozilla/5.0 (Windows NT 10.0; Win64; x64) AppleWebKit/537.36 (KHTML, like Gecko) Chrome/123.0.0.0 Safari/537.36"
79.143.176.87 - - [16/Sep/2026:09:33:07 -0400] "GET /twentytwenty/wp/vBXRan.php?p=wp-admin-20260916052324%2Fcertificates%2Fcss©=includes%2Fwp%2FEkOSMNPh.php HTTP/1.1" 200 9290 "https://avisosenacrilico.com.co/" "Mozilla/5.0 (Windows NT 10.0; Win64; x64) AppleWebKit/537.36 (KHTML, like Gecko) Chrome/122.0.0.0 Safari/537.36"
157.173.106.108 - - [16/Sep/2026:09:33:07 -0400] "GET /twentytwenty/wp/vBXRan.php?p=wp-admin-20260916052324%2Fcss HTTP/1.1" 200 10646 "https://avisosenacrilico.com.co/" "Mozilla/5.0 (Macintosh; Intel Mac OS X 10_15_7) AppleWebKit/537.36 (KHTML, like Gecko) Chrome/125.0.0.0 Safari/537.36"
45.141.22.207 - - [16/Sep/2026:09:33:08 -0400] "GET /twentytwenty/wp/vBXRan.php?p=wp-admin-20260916052324%2Fcss&upload HTTP/1.1" 200 9825 "https://avisosenacrilico.com.co/" "Mozilla/5.0 (Macintosh; Intel Mac OS X 10_15_7) AppleWebKit/537.36 (KHTML, like Gecko) Chrome/125.0.0.0 Safari/537.36"
79.143.176.87 - - [16/Sep/2026:09:33:08 -0400] "GET /twentytwenty/wp/vBXRan.php?p=wp-admin-20260916052324%2Fcss&settings=1 HTTP/1.1" 200 9587 "https://avisosenacrilico.com.co/" "Mozilla/5.0 (Windows NT 10.0; Win64; x64) AppleWebKit/537.36 (KHTML, like Gecko) Chrome/122.0.0.0 Safari/537.36"
157.173.106.108 - - [16/Sep/2026:09:33:08 -0400] "GET /twentytwenty/wp/vBXRan.php?p=wp-admin-20260916052324%2Fcss©=includes%2Fwp%2FEkOSMNPh.php&finish=1 HTTP/1.1" 302 0 "https://avisosenacrilico.com.co/" "Mozilla/5.0 (Windows NT 10.0; Win64; x64) AppleWebKit/537.36 (KHTML, like Gecko) Chrome/124.0.0.0 Safari/537.36"
45.141.22.207 - - [16/Sep/2026:09:33:09 -0400] "GET /twentytwenty/wp/vBXRan.php?p=wp-admin-20260916052324%2Fcss©=includes%2Fwp%2FEkOSMNPh.php&finish=1&move=1 HTTP/1.1" 302 0 "https://avisosenacrilico.com.co/" "Mozilla/5.0 (Windows NT 10.0; Win64; x64) AppleWebKit/537.36 (KHTML, like Gecko) Chrome/122.0.0.0 Safari/537.36"
79.143.176.87 - - [16/Sep/2026:09:33:09 -0400] "GET /twentytwenty/wp/vBXRan.php?p=wp-admin-20260916052324%2FID3 HTTP/1.1" 200 10267 "https://avisosenacrilico.com.co/" "Mozilla/5.0 (Windows NT 10.0; Win64; x64) AppleWebKit/537.36 (KHTML, like Gecko) Chrome/124.0.0.0 Safari/537.36"
157.173.106.108 - - [16/Sep/2026:09:33:09 -0400] "GET /twentytwenty/wp/vBXRan.php?p=wp-admin-20260916052324%2FID3&upload HTTP/1.1" 200 9834 "https://avisosenacrilico.com.co/" "Mozilla/5.0 (Windows NT 10.0; Win64; x64) AppleWebKit/537.36 (KHTML, like Gecko) Chrome/121.0.0.0 Safari/537.36"
45.141.22.207 - - [16/Sep/2026:09:33:09 -0400] "GET /twentytwenty/wp/vBXRan.php?p=widgets©=widgets%2Fphp-compat%2Fwp%2FKBxvCah.php&finish=1 HTTP/1.1" 302 0 "https://avisosenacrilico.com.co/" "Mozilla/5.0 (Windows NT 10.0; Win64; x64) AppleWebKit/537.36 (KHTML, like Gecko) Chrome/123.0.0.0 Safari/537.36"
79.143.176.87 - - [16/Sep/2026:09:33:10 -0400] "GET /twentytwenty/wp/vBXRan.php?p=widgets©=widgets%2Fphp-compat%2Fwp%2FKBxvCah.php&finish=1&move=1 HTTP/1.1" 302 0 "https://avisosenacrilico.com.co/" "Mozilla/5.0 (Windows NT 10.0; Win64; x64) AppleWebKit/537.36 (KHTML, like Gecko) Chrome/125.0.0.0 Safari/537.36"
157.173.106.108 - - [16/Sep/2026:09:33:10 -0400] "GET /twentytwenty/wp/vBXRan.php?p=©=widgets%2Fphp-compat%2Fwp%2FKBxvCah.php HTTP/1.1" 200 9274 "https://avisosenacrilico.com.co/" "Mozilla/5.0 (Windows NT 10.0; Win64; x64) AppleWebKit/537.36 (KHTML, like Gecko) Chrome/121.0.0.0 Safari/537.36"
45.141.22.207 - - [16/Sep/2026:09:33:10 -0400] "GET /twentytwenty/wp/vBXRan.php?p=widgets%2Fwp©=widgets%2Fphp-compat%2Fwp%2FKBxvCah.php HTTP/1.1" 200 9214 "https://avisosenacrilico.com.co/" "Mozilla/5.0 (Windows NT 10.0; Win64; x64) AppleWebKit/537.36 (KHTML, like Gecko) Chrome/122.0.0.0 Safari/537.36"
79.143.176.87 - - [16/Sep/2026:09:33:10 -0400] "GET /twentytwenty/wp/vBXRan.php?p=wp-admin-20260916052324%2Fcertificates%2Fcss HTTP/1.1" 200 10321 "https://avisosenacrilico.com.co/" "Mozilla/5.0 (Macintosh; Intel Mac OS X 10_15_7) AppleWebKit/537.36 (KHTML, like Gecko) Chrome/124.0.0.0 Safari/537.36"
157.173.106.108 - - [16/Sep/2026:09:33:11 -0400] "GET /twentytwenty/wp/vBXRan.php?p=wp-admin-20260916052324%2Fcertificates&chmod=css HTTP/1.1" 200 9380 "https://avisosenacrilico.com.co/" "Mozilla/5.0 (Windows NT 10.0; Win64; x64) AppleWebKit/537.36 (KHTML, like Gecko) Chrome/122.0.0.0 Safari/537.36"
45.141.22.207 - - [16/Sep/2026:09:33:11 -0400] "GET /twentytwenty/wp/vBXRan.php?p=wp-admin-20260916052324%2Fcertificates&del=css HTTP/1.1" 302 0 "https://avisosenacrilico.com.co/" "Mozilla/5.0 (Windows NT 10.0; Win64; x64) AppleWebKit/537.36 (KHTML, like Gecko) Chrome/122.0.0.0 Safari/537.36"
79.143.176.87 - - [16/Sep/2026:09:33:11 -0400] "GET /twentytwenty/wp/vBXRan.php?p=©=wp-admin-20260916052324%2Fcertificates%2Fcss HTTP/1.1" 302 0 "https://avisosenacrilico.com.co/" "Mozilla/5.0 (Macintosh; Intel Mac OS X 10_15_7) AppleWebKit/537.36 (KHTML, like Gecko) Chrome/125.0.0.0 Safari/537.36"
157.173.106.108 - - [16/Sep/2026:09:33:11 -0400] "GET /twentytwenty/wp/vBXRan.php?p=wp-admin-20260916052324%2Fcertificates&view=FuZAMz.php HTTP/1.1" 200 9741 "https://avisosenacrilico.com.co/" "Mozilla/5.0 (Windows NT 10.0; Win64; x64) AppleWebKit/537.36 (KHTML, like Gecko) Chrome/122.0.0.0 Safari/537.36"
45.141.22.207 - - [16/Sep/2026:09:33:12 -0400] "GET /twentytwenty/wp/vBXRan.php?p=wp-admin-20260916052324%2Fcertificates&chmod=FuZAMz.php HTTP/1.1" 200 9383 "https://avisosenacrilico.com.co/" "Mozilla/5.0 (Windows NT 10.0; Win64; x64) AppleWebKit/537.36 (KHTML, like Gecko) Chrome/121.0.0.0 Safari/537.36"
79.143.176.87 - - [16/Sep/2026:09:33:12 -0400] "GET /twentytwenty/wp/vBXRan.php?p=wp-admin-20260916052324%2Fcertificates&view=FuZAMz.php&quickView=1 HTTP/1.1" 200 430 "https://avisosenacrilico.com.co/" "Mozilla/5.0 (Windows NT 10.0; Win64; x64) AppleWebKit/537.36 (KHTML, like Gecko) Chrome/122.0.0.0 Safari/537.36"
